-- https://www.phpmyadmin.net/
--

START TRANSACTION;



--
-- Database: `gletra`
--

-- --------------------------------------------------------

--
-- Table structure for table `activity_logs`
--

CREATE TABLE `activity_logs` (
  `id` bigint(20) UNSIGNED NOT NULL,
  `user_id` bigint(20) UNSIGNED DEFAULT NULL,
  `action` varchar(255) NOT NULL,
  `model_type` varchar(255) DEFAULT NULL,
  `model_id` bigint(20) UNSIGNED DEFAULT NULL,
  `description` text DEFAULT NULL,
  `ip_address` varchar(45) DEFAULT NULL,
  `created_at` timestamp NULL DEFAULT NULL,
  `updated_at` timestamp NULL DEFAULT NULL
) ENGINE=InnoDB DEFAULT CHARSET=utf8mb4 COLLATE=utf8mb4_unicode_ci;

--
-- Dumping data for table `activity_logs`
--

INSERT INTO `activity_logs` (`id`, `user_id`, `action`, `model_type`, `model_id`, `description`, `ip_address`, `created_at`, `updated_at`) VALUES
(1, 3, 'order.placed', 'Order', 3, 'Order #ORD-OTPC5EWKHY placed via COD', '127.0.0.1', '2026-01-25 08:34:59', '2026-01-25 08:34:59'),
(2, 3, 'order.placed', 'Order', 4, 'Order #ORD-MR4IJOM4XY placed via COD', '127.0.0.1', '2026-01-26 13:57:58', '2026-01-26 13:57:58'),
(3, 3, 'order.placed', 'Order', 5, 'Order #ORD-K2XDKM5MPJ placed via COD', '127.0.0.1', '2026-01-31 10:19:47', '2026-01-31 10:19:47'),
(4, 6, 'order.placed', 'Order', 6, 'Order #ORD-MN8NW3EFBM placed via COD', '127.0.0.1', '2026-01-31 11:12:32', '2026-01-31 11:12:32'),
(5, 6, 'order.placed', 'Order', 7, 'Order #ORD-YOKUTU6RWT placed via COD', '127.0.0.1', '2026-01-31 11:27:45', '2026-01-31 11:27:45'),
(6, 6, 'order.placed', 'Order', 8, 'Order #ORD-EZCA1NEMRQ placed via COD', '127.0.0.1', '2026-01-31 19:29:01', '2026-01-31 19:29:01'),
(7, 6, 'order.placed', 'Order', 9, 'Order #ORD-I5OYROOMIL placed via COD', '127.0.0.1', '2026-01-31 21:30:20', '2026-01-31 21:30:20'),
(8, 3, 'order.placed', 'Order', 10, 'Order #ORD-UDNL27NXUO placed via COD', '127.0.0.1', '2026-02-02 04:59:38', '2026-02-02 04:59:38'),
(9, 3, 'order.placed', 'Order', 11, 'Order #ORD-UL0XYVQ09G placed via COD', '127.0.0.1', '2026-02-02 11:10:27', '2026-02-02 11:10:27'),
(10, 3, 'order.placed', 'Order', 12, 'Order #ORD-Z4OTGLIM5G placed via COD', '127.0.0.1', '2026-02-02 11:48:34', '2026-02-02 11:48:34'),
(11, 3, 'order.placed', 'Order', 13, 'Order #ORD-KRQWRXP98T placed via COD', '127.0.0.1', '2026-02-08 11:11:52', '2026-02-08 11:11:52'),
(12, 3, 'order.placed', 'Order', 14, 'Order #ORD-EWOBHGPKDZ placed via COD', '127.0.0.1', '2026-02-11 19:51:58', '2026-02-11 19:51:58'),
(13, 3, 'order.placed', 'Order', 15, 'Order #ORD-HR9PBXOSD8 placed via COD', '127.0.0.1', '2026-02-12 18:05:08', '2026-02-12 18:05:08');

-- --------------------------------------------------------

--
-- Table structure for table `backup_code_logs`
--

CREATE TABLE `backup_code_logs` (
  `id` bigint(20) UNSIGNED NOT NULL,
  `user_id` bigint(20) UNSIGNED NOT NULL,
  `action` varchar(255) NOT NULL,
  `ip_address` varchar(255) DEFAULT NULL,
  `created_at` timestamp NULL DEFAULT NULL,
  `updated_at` timestamp NULL DEFAULT NULL
) ENGINE=InnoDB DEFAULT CHARSET=utf8mb4 COLLATE=utf8mb4_unicode_ci;

--
-- Dumping data for table `backup_code_logs`
--

INSERT INTO `backup_code_logs` (`id`, `user_id`, `action`, `ip_address`, `created_at`, `updated_at`) VALUES
(1, 3, 'generated', '127.0.0.1', '2026-01-25 16:08:22', '2026-01-25 16:08:22'),
(2, 2, 'generated', '127.0.0.1', '2026-01-26 14:20:58', '2026-01-26 14:20:58');

-- --------------------------------------------------------

--
-- Table structure for table `banners`
--

CREATE TABLE `banners` (
  `id` bigint(20) UNSIGNED NOT NULL,
  `title` varchar(255) DEFAULT NULL,
  `image_path` varchar(255) NOT NULL,
  `link_url` varchar(255) DEFAULT NULL,
  `position` varchar(255) NOT NULL DEFAULT 'home_main',
  `status` tinyint(1) NOT NULL DEFAULT 1,
  `created_at` timestamp NULL DEFAULT NULL,
  `updated_at` timestamp NULL DEFAULT NULL
) ENGINE=InnoDB DEFAULT CHARSET=utf8mb4 COLLATE=utf8mb4_unicode_ci;

--
-- Dumping data for table `banners`
--

INSERT INTO `banners` (`id`, `title`, `image_path`, `link_url`, `position`, `status`, `created_at`, `updated_at`) VALUES
(1, NULL, 'uploads/banners/Tmt4eNeshTnYCFvbHu8ZEfFQkJtzhk2ZpWxU64I2.jpg', NULL, 'home_top', 1, '2026-02-05 21:30:12', '2026-02-05 21:30:12');

-- --------------------------------------------------------

--
-- Table structure for table `brands`
--

CREATE TABLE `brands` (
  `id` bigint(20) UNSIGNED NOT NULL,
  `name` varchar(150) DEFAULT NULL,
  `slug` varchar(150) DEFAULT NULL,
  `logo` varchar(255) DEFAULT NULL,
  `status` tinyint(4) NOT NULL DEFAULT 1,
  `created_at` timestamp NULL DEFAULT NULL,
  `updated_at` timestamp NULL DEFAULT NULL
) ENGINE=InnoDB DEFAULT CHARSET=utf8mb4 COLLATE=utf8mb4_unicode_ci;

--
-- Dumping data for table `brands`
--

INSERT INTO `brands` (`id`, `name`, `slug`, `logo`, `status`, `created_at`, `updated_at`) VALUES
(1, 'Gletra Premium', 'gletra-premium', NULL, 1, '2026-01-24 10:52:51', '2026-01-24 10:52:51'),
(2, 'Colors Queen', 'colors-queen', 'brands/U461pV3sdzKY6MiJy7l6p0iy0eeZfa7Xrwhp0G2B.png', 1, '2026-02-11 07:11:40', '2026-02-11 07:11:40');

-- --------------------------------------------------------

--
-- Table structure for table `calls`
--

CREATE TABLE `calls` (
  `id` bigint(20) UNSIGNED NOT NULL,
  `conversation_id` bigint(20) UNSIGNED NOT NULL,
  `caller_id` bigint(20) UNSIGNED NOT NULL,
  `receiver_id` bigint(20) UNSIGNED NOT NULL,
  `type` enum('audio','video') NOT NULL,
  `status` enum('ringing','accepted','rejected','ended') NOT NULL,
  `created_at` timestamp NULL DEFAULT NULL,
  `updated_at` timestamp NULL DEFAULT NULL
) ENGINE=InnoDB DEFAULT CHARSET=utf8mb4 COLLATE=utf8mb4_unicode_ci;

-- --------------------------------------------------------

--
-- Table structure for table `call_logs`
--

CREATE TABLE `call_logs` (
  `id` bigint(20) UNSIGNED NOT NULL,
  `caller_id` bigint(20) UNSIGNED NOT NULL,
  `receiver_id` bigint(20) UNSIGNED NOT NULL,
  `type` enum('audio','video') NOT NULL,
  `status` enum('initiated','accepted','rejected','missed','ended') NOT NULL,
  `started_at` timestamp NULL DEFAULT NULL,
  `ended_at` timestamp NULL DEFAULT NULL,
  `duration_seconds` int(11) NOT NULL DEFAULT 0,
  `created_at` timestamp NULL DEFAULT NULL,
  `updated_at` timestamp NULL DEFAULT NULL
) ENGINE=InnoDB DEFAULT CHARSET=utf8mb4 COLLATE=utf8mb4_unicode_ci;

-- --------------------------------------------------------

--
-- Table structure for table `carts`
--

CREATE TABLE `carts` (
  `id` bigint(20) UNSIGNED NOT NULL,
  `user_id` bigint(20) UNSIGNED DEFAULT NULL,
  `product_id` bigint(20) UNSIGNED DEFAULT NULL,
  `variant_id` bigint(20) UNSIGNED DEFAULT NULL,
  `quantity` int(11) DEFAULT NULL,
  `price` decimal(10,2) DEFAULT NULL,
  `created_at` timestamp NULL DEFAULT NULL
) ENGINE=InnoDB DEFAULT CHARSET=utf8mb4 COLLATE=utf8mb4_unicode_ci;

--
-- Dumping data for table `carts`
--

INSERT INTO `carts` (`id`, `user_id`, `product_id`, `variant_id`, `quantity`, `price`, `created_at`) VALUES
(13, 1, 6, NULL, 1, 140.00, '2026-02-03 10:17:31'),
(20, 2, 6, NULL, 1, 140.00, '2026-02-05 10:53:54'),
(21, 2, 17, NULL, 2, 159.00, '2026-02-05 10:54:15'),
(23, 13, 18, NULL, 1, 249.00, '2026-02-08 10:47:01'),
(24, 13, 17, NULL, 1, 159.00, '2026-02-08 10:47:36');

-- --------------------------------------------------------

--
-- Table structure for table `categories`
--

CREATE TABLE `categories` (
  `id` bigint(20) UNSIGNED NOT NULL,
  `parent_id` bigint(20) UNSIGNED DEFAULT NULL,
  `name` varchar(150) DEFAULT NULL,
  `slug` varchar(150) DEFAULT NULL,
  `image` varchar(255) DEFAULT NULL,
  `is_featured` tinyint(4) NOT NULL DEFAULT 0,
  `status` tinyint(4) NOT NULL DEFAULT 1,
  `created_at` timestamp NULL DEFAULT NULL,
  `updated_at` timestamp NULL DEFAULT NULL
) ENGINE=InnoDB DEFAULT CHARSET=utf8mb4 COLLATE=utf8mb4_unicode_ci;

--
-- Dumping data for table `categories`
--

INSERT INTO `categories` (`id`, `parent_id`, `name`, `slug`, `image`, `is_featured`, `status`, `created_at`, `updated_at`) VALUES
(1, NULL, 'Electronics', 'electronics', 'uploads/categories/electronics-nVRlJ86W.webp', 0, 1, '2026-01-24 10:52:51', '2026-02-05 09:46:51'),
(2, NULL, 'Fashion', 'fashion', 'uploads/categories/fashion-yJFKYdeE.webp', 0, 1, '2026-01-24 10:52:51', '2026-02-05 09:48:05'),
(3, NULL, 'Home & Garden', 'home-garden', 'uploads/categories/x3ESuw7yKD0ibfltkgscrefiD62YM1O78GlM8ClJ.webp', 0, 1, '2026-01-24 10:52:51', '2026-01-25 07:24:09'),
(4, NULL, 'Toys', 'toys', NULL, 0, 1, '2026-01-24 10:52:51', '2026-01-24 10:52:51'),
(5, NULL, 'Sports', 'sports', NULL, 0, 1, '2026-01-24 10:52:51', '2026-01-24 10:52:51'),
(7, NULL, 'jewellery', 'jewellery', 'uploads/categories/jewellery-hTmMnZjH.webp', 1, 1, '2026-01-25 06:59:50', '2026-02-05 09:47:13'),
(8, 2, 'Men Clothing', 'men-clothing', 'uploads/categories/04qg8EsRVD5r3YeXw12pYXq8TBELioC4ibRWVkGJ.webp', 0, 1, '2026-01-25 07:07:18', '2026-01-25 07:07:18'),
(9, 2, 'Women Clothing', 'women-clothing', NULL, 0, 1, '2026-01-25 07:07:34', '2026-01-25 07:07:34'),
(10, 2, 'Kids Wear', 'kids-wear', NULL, 0, 1, '2026-01-25 07:07:51', '2026-01-25 07:07:51'),
(11, 2, 'Footwear', 'footwear', NULL, 0, 1, '2026-01-25 07:08:06', '2026-01-25 07:08:06'),
(12, 2, 'Watches', 'watches', NULL, 0, 1, '2026-01-25 07:08:22', '2026-01-25 07:08:22'),
(13, NULL, 'Home & Kitchen', 'home-kitchen', NULL, 0, 1, '2026-01-25 07:08:38', '2026-01-25 07:08:38'),
(14, 3, 'Furniture', 'furniture', NULL, 0, 1, '2026-01-25 07:08:56', '2026-01-25 07:08:56'),
(15, 13, 'Kitchen Appliances', 'kitchen-appliances', NULL, 0, 1, '2026-01-25 07:09:13', '2026-01-25 07:09:13'),
(16, 13, 'Home Decor', 'home-decor', NULL, 0, 1, '2026-01-25 07:09:32', '2026-01-25 07:09:32'),
(17, 13, 'Lighting', 'lighting', NULL, 0, 1, '2026-01-25 07:09:55', '2026-01-25 07:09:55'),
(18, 13, 'Storage', 'storage', NULL, 0, 1, '2026-01-25 07:10:11', '2026-01-25 07:10:11'),
(19, NULL, 'Beauty', 'beauty', NULL, 0, 1, '2026-01-25 07:10:33', '2026-01-25 07:10:33'),
(20, 19, 'Makeup', 'makeup', NULL, 0, 1, '2026-01-25 07:10:49', '2026-01-25 07:10:49'),
(21, 19, 'Skincare', 'skincare', NULL, 0, 1, '2026-01-25 07:11:08', '2026-01-25 07:11:08'),
(22, 19, 'Hair Care', 'hair-care', NULL, 0, 1, '2026-01-25 07:11:24', '2026-01-25 07:11:24'),
(23, 19, 'Fragrances', 'fragrances', NULL, 0, 1, '2026-01-25 07:11:37', '2026-01-25 07:11:37'),
(24, NULL, 'Baby Care', 'baby-care', NULL, 0, 1, '2026-01-25 07:12:10', '2026-01-25 07:12:10'),
(25, NULL, 'Kids Accessories', 'kids-accessories', 'uploads/categories/kids-accessories-6picSsYo.webp', 0, 1, '2026-01-25 07:12:25', '2026-02-05 09:45:51'),
(26, NULL, 'Hair Accessories', 'hair-accessories', NULL, 0, 1, '2026-02-06 15:15:01', '2026-02-06 15:15:01'),
(28, 26, 'Kids Hair Accessories', 'kids-hair-accessories', NULL, 0, 1, '2026-02-06 15:22:15', '2026-02-06 15:22:15'),
(29, 25, 'Cartoon Hair Clips', 'cartoon-hair-clips', NULL, 0, 1, '2026-02-06 15:22:50', '2026-02-06 15:22:50'),
(30, 25, 'Kids Hair Bands', 'kids-hair-bands', NULL, 0, 1, '2026-02-06 15:23:33', '2026-02-06 15:23:33'),
(31, 25, 'Spiral Hair Clips', 'spiral-hair-clips', NULL, 0, 1, '2026-02-06 15:23:54', '2026-02-06 15:23:54'),
(32, 25, 'Baby Hair Clips', 'baby-hair-clips', NULL, 0, 1, '2026-02-06 15:24:13', '2026-02-06 15:24:13'),
(33, 25, 'Kids Scrunchies', 'kids-scrunchies', NULL, 0, 1, '2026-02-06 15:24:36', '2026-02-06 15:24:36'),
(34, 26, 'Hair Clips', 'hair-clips', NULL, 0, 1, '2026-02-06 15:25:57', '2026-02-06 15:25:57'),
(35, NULL, 'Popular', 'popular', NULL, 0, 1, '2026-02-10 01:46:36', '2026-02-10 01:47:26'),
(36, 35, 'All Popular', 'all-popular', NULL, 0, 1, '2026-02-10 01:46:37', '2026-02-10 01:47:26'),
(39, 36, 'Jewellery', 'jewellery-1', NULL, 0, 1, '2026-02-10 01:47:56', '2026-02-10 01:47:56'),
(40, 36, 'Men Fashion', 'men-fashion', NULL, 0, 1, '2026-02-10 01:47:56', '2026-02-10 01:47:56'),
(41, 36, 'Kids', 'kids', NULL, 0, 1, '2026-02-10 01:47:56', '2026-02-10 01:47:56'),
(42, 36, 'Footwear', 'footwear-1', NULL, 0, 1, '2026-02-10 01:47:56', '2026-02-10 01:47:56'),
(43, 35, 'Beauty & Personal Care', 'beauty-personal-care', NULL, 0, 1, '2026-02-10 01:47:56', '2026-02-10 01:47:56'),
(44, 35, 'Grocery', 'grocery', NULL, 0, 1, '2026-02-10 01:47:56', '2026-02-10 01:47:56'),
(45, 35, 'Electronics', 'electronics-1', NULL, 0, 1, '2026-02-10 01:47:56', '2026-02-10 01:47:56'),
(46, 35, 'More', 'more', NULL, 0, 1, '2026-02-10 01:47:56', '2026-02-10 01:47:56'),
(47, 46, 'Innerwear & Nightwear', 'innerwear-nightwear', NULL, 0, 1, '2026-02-10 01:47:56', '2026-02-10 01:47:56'),
(48, 46, 'Kitchen & Appliances', 'kitchen-appliances-1', NULL, 0, 1, '2026-02-10 01:47:56', '2026-02-10 01:47:56'),
(49, 46, 'Bags & Luggage', 'bags-luggage', NULL, 0, 1, '2026-02-10 01:47:56', '2026-02-10 01:47:56'),
(50, 46, 'Healthcare', 'healthcare', NULL, 0, 1, '2026-02-10 01:47:56', '2026-02-10 01:47:56'),
(51, 46, 'Furniture', 'furniture-1', NULL, 0, 1, '2026-02-10 01:47:56', '2026-02-10 01:47:56'),
(52, NULL, 'Kurti, Saree & Lehenga', 'kurti-saree-lehenga', NULL, 0, 1, '2026-02-10 01:47:56', '2026-02-10 01:47:56'),
(53, 52, 'Kurtis', 'kurtis', NULL, 0, 1, '2026-02-10 01:47:56', '2026-02-10 01:47:56'),
(54, 53, 'All Kurtis', 'all-kurtis', NULL, 0, 1, '2026-02-10 01:47:56', '2026-02-10 01:47:56'),
(55, 53, 'Anarkali Kurtis', 'anarkali-kurtis', NULL, 0, 1, '2026-02-10 01:47:56', '2026-02-10 01:47:56'),
(56, 53, 'Rayon Kurtis', 'rayon-kurtis', NULL, 0, 1, '2026-02-10 01:47:56', '2026-02-10 01:47:56'),
(57, 53, 'Cotton Kurtis', 'cotton-kurtis', NULL, 0, 1, '2026-02-10 01:47:56', '2026-02-10 01:47:56'),
(58, 52, 'Sarees', 'sarees', NULL, 0, 1, '2026-02-10 01:47:56', '2026-02-10 01:47:56'),
(59, 58, 'All Sarees', 'all-sarees', NULL, 0, 1, '2026-02-10 01:47:56', '2026-02-10 01:47:56'),
(60, 58, 'Silk Sarees', 'silk-sarees', NULL, 0, 1, '2026-02-10 01:47:56', '2026-02-10 01:47:56'),
(61, 58, 'Cotton Sarees', 'cotton-sarees', NULL, 0, 1, '2026-02-10 01:47:56', '2026-02-10 01:47:56'),
(62, 58, 'Chiffon Sarees', 'chiffon-sarees', NULL, 0, 1, '2026-02-10 01:47:56', '2026-02-10 01:47:56'),
(63, 52, 'Lehengas', 'lehengas', NULL, 0, 1, '2026-02-10 01:47:56', '2026-02-10 01:47:56'),
(64, 63, 'All Lehengas', 'all-lehengas', NULL, 0, 1, '2026-02-10 01:47:56', '2026-02-10 01:47:56'),
(65, 63, 'Net Lehengas', 'net-lehengas', NULL, 0, 1, '2026-02-10 01:47:56', '2026-02-10 01:47:56'),
(66, 63, 'Silk Lehengas', 'silk-lehengas', NULL, 0, 1, '2026-02-10 01:47:56', '2026-02-10 01:47:56'),
(67, NULL, 'Women Western', 'women-western', NULL, 0, 1, '2026-02-10 01:47:56', '2026-02-10 01:47:56'),
(68, 67, 'Topwear', 'topwear', NULL, 0, 1, '2026-02-10 01:47:56', '2026-02-10 01:47:56'),
(69, 68, 'All Topwear', 'all-topwear', NULL, 0, 1, '2026-02-10 01:47:56', '2026-02-10 01:47:56'),
(70, 68, 'Tops & Tunics', 'tops-tunics', NULL, 0, 1, '2026-02-10 01:47:56', '2026-02-10 01:47:56'),
(71, 68, 'Dresses', 'dresses', NULL, 0, 1, '2026-02-10 01:47:56', '2026-02-10 01:47:56'),
(72, 68, 'T-shirts', 't-shirts', NULL, 0, 1, '2026-02-10 01:47:56', '2026-02-10 01:47:56'),
(73, 68, 'Gowns', 'gowns', NULL, 0, 1, '2026-02-10 01:47:56', '2026-02-10 01:47:56'),
(74, 68, 'Tops & Bottom Sets', 'tops-bottom-sets', NULL, 0, 1, '2026-02-10 01:47:56', '2026-02-10 01:47:56'),
(75, 68, 'Shirts', 'shirts', NULL, 0, 1, '2026-02-10 01:47:56', '2026-02-10 01:47:56'),
(76, 68, 'Jumpsuits', 'jumpsuits', NULL, 0, 1, '2026-02-10 01:47:56', '2026-02-10 01:47:56'),
(77, 68, 'New Trends', 'new-trends', NULL, 0, 1, '2026-02-10 01:47:56', '2026-02-10 01:47:56'),
(78, 67, 'Bottom Wear', 'bottom-wear', NULL, 0, 1, '2026-02-10 01:47:56', '2026-02-10 01:47:56'),
(79, 78, 'All Bottomwear', 'all-bottomwear', NULL, 0, 1, '2026-02-10 01:47:56', '2026-02-10 01:47:56'),
(80, 78, 'Jeans & Jeggings', 'jeans-jeggings', NULL, 0, 1, '2026-02-10 01:47:56', '2026-02-10 01:47:56'),
(81, 78, 'Palazzos', 'palazzos', NULL, 0, 1, '2026-02-10 01:47:56', '2026-02-10 01:47:56'),
(82, 78, 'Trousers & Pants', 'trousers-pants', NULL, 0, 1, '2026-02-10 01:47:56', '2026-02-10 01:47:56'),
(83, 78, 'Leggings', 'leggings', NULL, 0, 1, '2026-02-10 01:47:56', '2026-02-10 01:47:56'),
(84, 78, 'Shorts & Skirts', 'shorts-skirts', NULL, 0, 1, '2026-02-10 01:47:56', '2026-02-10 01:47:56'),
(85, 67, 'Winterwear', 'winterwear', NULL, 0, 1, '2026-02-10 01:47:56', '2026-02-10 01:47:56'),
(86, 85, 'Jackets', 'jackets', NULL, 0, 1, '2026-02-10 01:47:56', '2026-02-10 01:47:56'),
(87, 85, 'Sweatshirts', 'sweatshirts', NULL, 0, 1, '2026-02-10 01:47:56', '2026-02-10 01:47:56'),
(88, 85, 'Sweaters', 'sweaters', NULL, 0, 1, '2026-02-10 01:47:56', '2026-02-10 01:47:56'),
(89, 85, 'Capes, Shrug & Ponchos', 'capes-shrug-ponchos', NULL, 0, 1, '2026-02-10 01:47:56', '2026-02-10 01:47:56'),
(90, 85, 'Coats', 'coats', NULL, 0, 1, '2026-02-10 01:47:56', '2026-02-10 01:47:56'),
(91, 85, 'Blazers & Waistcoats', 'blazers-waistcoats', NULL, 0, 1, '2026-02-10 01:47:56', '2026-02-10 01:47:56'),
(92, 67, 'Plus Size', 'plus-size', NULL, 0, 1, '2026-02-10 01:47:56', '2026-02-10 01:47:56'),
(93, 92, 'Plus Size - Dresses & Gowns', 'plus-size-dresses-gowns', NULL, 0, 1, '2026-02-10 01:47:56', '2026-02-10 01:47:56'),
(94, 92, 'Plus Size - Tops & Tees', 'plus-size-tops-tees', NULL, 0, 1, '2026-02-10 01:47:56', '2026-02-10 01:47:56'),
(95, 92, 'Plus size - Bottomwear', 'plus-size-bottomwear', NULL, 0, 1, '2026-02-10 01:47:56', '2026-02-10 01:47:56'),
(96, NULL, 'Lingerie', 'lingerie', NULL, 0, 1, '2026-02-10 01:47:56', '2026-02-10 01:47:56'),
(97, 96, 'Innerwear', 'innerwear', NULL, 0, 1, '2026-02-10 01:47:56', '2026-02-10 01:47:56'),
(98, 97, 'Women Bra', 'women-bra', NULL, 0, 1, '2026-02-10 01:47:56', '2026-02-10 01:47:56'),
(99, 97, 'Women Panties', 'women-panties', NULL, 0, 1, '2026-02-10 01:47:56', '2026-02-10 01:47:56'),
(100, 97, 'Other Innerwear', 'other-innerwear', NULL, 0, 1, '2026-02-10 01:47:56', '2026-02-10 01:47:56'),
(101, 96, 'Sleepwear', 'sleepwear', NULL, 0, 1, '2026-02-10 01:47:56', '2026-02-10 01:47:56'),
(102, 101, 'Women Nightsuits', 'women-nightsuits', NULL, 0, 1, '2026-02-10 01:47:56', '2026-02-10 01:47:56'),
(103, 101, 'Women Nightdress', 'women-nightdress', NULL, 0, 1, '2026-02-10 01:47:56', '2026-02-10 01:47:56'),
(104, 101, 'Other Sleepwear', 'other-sleepwear', NULL, 0, 1, '2026-02-10 01:47:56', '2026-02-10 01:47:56'),
(105, 96, 'Sports Wear', 'sports-wear', NULL, 0, 1, '2026-02-10 01:47:56', '2026-02-10 01:47:56'),
(106, 105, 'Sports Bottomwear', 'sports-bottomwear', NULL, 0, 1, '2026-02-10 01:47:56', '2026-02-10 01:47:56'),
(107, 105, 'Sports Bra', 'sports-bra', NULL, 0, 1, '2026-02-10 01:47:56', '2026-02-10 01:47:56'),
(108, 105, 'Top & Bottom Sets', 'top-bottom-sets', NULL, 0, 1, '2026-02-10 01:47:56', '2026-02-10 01:47:56'),
(109, 96, 'Maternity Wear', 'maternity-wear', NULL, 0, 1, '2026-02-10 01:47:56', '2026-02-10 01:47:56'),
(110, 109, 'Kurti & Topwear', 'kurti-topwear', NULL, 0, 1, '2026-02-10 01:47:56', '2026-02-10 01:47:56'),
(111, 109, 'Feeding Bras', 'feeding-bras', NULL, 0, 1, '2026-02-10 01:47:56', '2026-02-10 01:47:56'),
(112, 109, 'Briefs & Bottomwear', 'briefs-bottomwear', NULL, 0, 1, '2026-02-10 01:47:56', '2026-02-10 01:47:56'),
(113, NULL, 'Men', 'men', NULL, 0, 1, '2026-02-10 01:47:56', '2026-02-10 01:47:56'),
(114, 113, 'Top Wear', 'top-wear', NULL, 0, 1, '2026-02-10 01:47:56', '2026-02-10 01:47:56'),
(115, 114, 'Summer T-Shirts', 'summer-t-shirts', NULL, 0, 1, '2026-02-10 01:47:56', '2026-02-10 01:47:56'),
(116, 114, 'Shirts', 'shirts-1', NULL, 0, 1, '2026-02-10 01:47:56', '2026-02-10 01:47:56'),
(117, 114, 'T-Shirts Combos', 't-shirts-combos', NULL, 0, 1, '2026-02-10 01:47:56', '2026-02-10 01:47:56'),
(118, 113, 'Bottom Wear', 'bottom-wear-1', NULL, 0, 1, '2026-02-10 01:47:56', '2026-02-10 01:47:56'),
(119, 118, 'Jeans', 'jeans', NULL, 0, 1, '2026-02-10 01:47:56', '2026-02-10 01:47:56'),
(120, 118, 'Cargos/Trousers', 'cargostrousers', NULL, 0, 1, '2026-02-10 01:47:56', '2026-02-10 01:47:56'),
(121, 118, 'Dhotis/Lungis', 'dhotislungis', NULL, 0, 1, '2026-02-10 01:47:56', '2026-02-10 01:47:56'),
(122, 113, 'Ethnic Wear', 'ethnic-wear', NULL, 0, 1, '2026-02-10 01:47:56', '2026-02-10 01:47:56'),
(123, 122, 'Kurtas', 'kurtas', NULL, 0, 1, '2026-02-10 01:47:56', '2026-02-10 01:47:56'),
(124, 122, 'Kurta Sets', 'kurta-sets', NULL, 0, 1, '2026-02-10 01:47:56', '2026-02-10 01:47:56'),
(125, 122, 'Nehru Jacket', 'nehru-jacket', NULL, 0, 1, '2026-02-10 01:47:56', '2026-02-10 01:47:56'),
(126, 113, 'Innerwear', 'innerwear-1', NULL, 0, 1, '2026-02-10 01:47:56', '2026-02-10 01:47:56'),
(127, 126, 'Vests', 'vests', NULL, 0, 1, '2026-02-10 01:47:56', '2026-02-10 01:47:56'),
(128, 126, 'Briefs', 'briefs', NULL, 0, 1, '2026-02-10 01:47:56', '2026-02-10 01:47:56'),
(129, 126, 'Boxers', 'boxers', NULL, 0, 1, '2026-02-10 01:47:56', '2026-02-10 01:47:56'),
(130, 113, 'Sports Wear', 'sports-wear-1', NULL, 0, 1, '2026-02-10 01:47:56', '2026-02-10 01:47:56'),
(131, 130, 'Trackpants', 'trackpants', NULL, 0, 1, '2026-02-10 01:47:56', '2026-02-10 01:47:56'),
(132, 130, 'Tracksuits', 'tracksuits', NULL, 0, 1, '2026-02-10 01:47:56', '2026-02-10 01:47:56'),
(133, 130, 'Gym Tshirts', 'gym-tshirts', NULL, 0, 1, '2026-02-10 01:47:56', '2026-02-10 01:47:56'),
(134, 113, 'Night Wear', 'night-wear', NULL, 0, 1, '2026-02-10 01:47:56', '2026-02-10 01:47:56'),
(135, 134, 'Pyjamas', 'pyjamas', NULL, 0, 1, '2026-02-10 01:47:56', '2026-02-10 01:47:56'),
(136, 134, 'Night Shorts', 'night-shorts', NULL, 0, 1, '2026-02-10 01:47:56', '2026-02-10 01:47:56'),
(137, 134, 'Nightsuits', 'nightsuits', NULL, 0, 1, '2026-02-10 01:47:56', '2026-02-10 01:47:56'),
(138, 113, 'Winter Wear', 'winter-wear', NULL, 0, 1, '2026-02-10 01:47:56', '2026-02-10 01:47:56'),
(139, 138, 'Shrugs', 'shrugs', NULL, 0, 1, '2026-02-10 01:47:56', '2026-02-10 01:47:56'),
(140, 138, 'Jackets', 'jackets-1', NULL, 0, 1, '2026-02-10 01:47:56', '2026-02-10 01:47:56'),
(141, 138, 'Sweatshirts', 'sweatshirts-1', NULL, 0, 1, '2026-02-10 01:47:56', '2026-02-10 01:47:56'),
(142, 113, 'Combo Store', 'combo-store', NULL, 0, 1, '2026-02-10 01:47:56', '2026-02-10 01:47:56'),
(143, 142, 'Rakhi Specials', 'rakhi-specials', NULL, 0, 1, '2026-02-10 01:47:56', '2026-02-10 01:47:56'),
(144, 142, 'Shirts Combo', 'shirts-combo', NULL, 0, 1, '2026-02-10 01:47:56', '2026-02-10 01:47:56'),
(145, 142, 'Innerwear Combo', 'innerwear-combo', NULL, 0, 1, '2026-02-10 01:47:56', '2026-02-10 01:47:56'),
(146, 113, 'Accessories', 'accessories', NULL, 0, 1, '2026-02-10 01:47:56', '2026-02-10 01:47:56'),
(147, 146, 'All Accessories Men', 'all-accessories-men', NULL, 0, 1, '2026-02-10 01:47:56', '2026-02-10 01:47:56'),
(148, 146, 'Watches Men', 'watches-men', NULL, 0, 1, '2026-02-10 01:47:56', '2026-02-10 01:47:56'),
(149, 146, 'Wallets Men', 'wallets-men', NULL, 0, 1, '2026-02-10 01:47:56', '2026-02-10 01:47:56'),
(150, 146, 'Jewellery Men', 'jewellery-men', NULL, 0, 1, '2026-02-10 01:47:56', '2026-02-10 01:47:56'),
(151, 146, 'Sunglasses & Spectacle Frames Men', 'sunglasses-spectacle-frames-men', NULL, 0, 1, '2026-02-10 01:47:56', '2026-02-10 01:47:56'),
(152, 146, 'Belts Men', 'belts-men', NULL, 0, 1, '2026-02-10 01:47:56', '2026-02-10 01:47:56'),
(153, 113, 'Footwear', 'footwear-2', NULL, 0, 1, '2026-02-10 01:47:56', '2026-02-10 01:47:56'),
(154, 153, 'Men Footwear', 'men-footwear', NULL, 0, 1, '2026-02-10 01:47:56', '2026-02-10 01:47:56'),
(155, 153, 'Men Casual Shoes', 'men-casual-shoes', NULL, 0, 1, '2026-02-10 01:47:56', '2026-02-10 01:47:56'),
(156, 153, 'Men Sports Shoes', 'men-sports-shoes', NULL, 0, 1, '2026-02-10 01:47:56', '2026-02-10 01:47:56'),
(157, 153, 'Men Flip Flops and Sandals', 'men-flip-flops-and-sandals', NULL, 0, 1, '2026-02-10 01:47:56', '2026-02-10 01:47:56'),
(158, 153, 'Men Formal Shoes', 'men-formal-shoes', NULL, 0, 1, '2026-02-10 01:47:56', '2026-02-10 01:47:56'),
(159, 153, 'Loafers', 'loafers', NULL, 0, 1, '2026-02-10 01:47:56', '2026-02-10 01:47:56'),
(160, NULL, 'Kids & Toys', 'kids-toys', NULL, 0, 1, '2026-02-10 01:47:56', '2026-02-10 01:47:56'),
(161, 160, 'Kids Clothing', 'kids-clothing', NULL, 0, 1, '2026-02-10 01:47:56', '2026-02-10 01:47:56'),
(162, 161, 'Girls', 'girls', NULL, 0, 1, '2026-02-10 01:47:56', '2026-02-10 01:47:56'),
(163, 161, 'Boys', 'boys', NULL, 0, 1, '2026-02-10 01:47:56', '2026-02-10 01:47:56'),
(164, 161, 'Babies', 'babies', NULL, 0, 1, '2026-02-10 01:47:56', '2026-02-10 01:47:56'),
(165, 161, 'Clothing Sets', 'clothing-sets', NULL, 0, 1, '2026-02-10 01:47:56', '2026-02-10 01:47:56'),
(166, 161, 'Frocks & Dresses', 'frocks-dresses', NULL, 0, 1, '2026-02-10 01:47:56', '2026-02-10 01:47:56'),
(167, 161, 'T-Shirt & Polos', 't-shirt-polos', NULL, 0, 1, '2026-02-10 01:47:56', '2026-02-10 01:47:56'),
(168, 160, 'Kids Toys', 'kids-toys-1', NULL, 0, 1, '2026-02-10 01:47:56', '2026-02-10 01:47:56'),
(169, 168, 'Toys & Games', 'toys-games', NULL, 0, 1, '2026-02-10 01:47:56', '2026-02-10 01:47:56'),
(170, 168, 'Summer Picks', 'summer-picks', NULL, 0, 1, '2026-02-10 01:47:56', '2026-02-10 01:47:56'),
(171, 168, 'Best Sellers', 'best-sellers', NULL, 0, 1, '2026-02-10 01:47:56', '2026-02-10 01:47:56'),
(172, 168, 'Baby Gears', 'baby-gears', NULL, 0, 1, '2026-02-10 01:47:56', '2026-02-10 01:47:56'),
(173, 160, 'Kids Accessories', 'kids-accessories-1', NULL, 0, 1, '2026-02-10 01:47:56', '2026-02-10 01:47:56'),
(174, 173, 'Bags & Backpacks', 'bags-backpacks', NULL, 0, 1, '2026-02-10 01:47:56', '2026-02-10 01:47:56'),
(175, 173, 'Kids Accessories', 'kids-accessories-2', NULL, 0, 1, '2026-02-10 01:47:56', '2026-02-10 01:47:56'),
(176, 173, 'Party Items', 'party-items', NULL, 0, 1, '2026-02-10 01:47:56', '2026-02-10 01:47:56'),
(177, 160, 'Baby Care', 'baby-care-1', NULL, 0, 1, '2026-02-10 01:47:56', '2026-02-10 01:47:56'),
(178, 177, 'View All Baby', 'view-all-baby', NULL, 0, 1, '2026-02-10 01:47:56', '2026-02-10 01:47:56'),
(179, 177, 'Baby Bedding & Accessories', 'baby-bedding-accessories', NULL, 0, 1, '2026-02-10 01:47:56', '2026-02-10 01:47:56'),
(180, 177, 'Newborn Care', 'newborn-care', NULL, 0, 1, '2026-02-10 01:47:56', '2026-02-10 01:47:56'),
(181, 177, 'Diapers', 'diapers', NULL, 0, 1, '2026-02-10 01:47:56', '2026-02-10 01:47:56'),
(182, 177, 'Baby Mosquito nets', 'baby-mosquito-nets', NULL, 0, 1, '2026-02-10 01:47:56', '2026-02-10 01:47:56'),
(183, 177, 'Baby Dry Sheets', 'baby-dry-sheets', NULL, 0, 1, '2026-02-10 01:47:56', '2026-02-10 01:47:56'),
(184, 16, 'Showpieces', 'showpieces', NULL, 0, 1, '2026-02-10 01:47:56', '2026-02-10 01:47:56'),
(185, 16, 'Clocks', 'clocks', NULL, 0, 1, '2026-02-10 01:47:56', '2026-02-10 01:47:56'),
(186, 16, 'Vases', 'vases', NULL, 0, 1, '2026-02-10 01:47:56', '2026-02-10 01:47:56'),
(187, 16, 'Stickers', 'stickers', NULL, 0, 1, '2026-02-10 01:47:56', '2026-02-10 01:47:56'),
(188, 16, 'Frames', 'frames', NULL, 0, 1, '2026-02-10 01:47:56', '2026-02-10 01:47:56'),
(189, 16, 'Home Fragrances', 'home-fragrances', NULL, 0, 1, '2026-02-10 01:47:56', '2026-02-10 01:47:56'),
(190, 13, 'Kitchen & Appliances', 'kitchen-appliances-2', NULL, 0, 1, '2026-02-10 01:47:56', '2026-02-10 01:47:56'),
(191, 190, 'Cookware', 'cookware', NULL, 0, 1, '2026-02-10 01:47:56', '2026-02-10 01:47:56'),
(192, 190, 'Storage', 'storage-1', NULL, 0, 1, '2026-02-10 01:47:56', '2026-02-10 01:47:56'),
(193, 190, 'Small Appliances', 'small-appliances', NULL, 0, 1, '2026-02-10 01:47:56', '2026-02-10 01:47:56'),
(194, 190, 'Cutlery', 'cutlery', NULL, 0, 1, '2026-02-10 01:47:56', '2026-02-10 01:47:56'),
(195, 190, 'Ovens', 'ovens', NULL, 0, 1, '2026-02-10 01:47:56', '2026-02-10 01:47:56'),
(196, 13, 'Home Textiles', 'home-textiles', NULL, 0, 1, '2026-02-10 01:47:56', '2026-02-10 01:47:56'),
(197, 196, 'Bedsheets', 'bedsheets', NULL, 0, 1, '2026-02-10 01:47:56', '2026-02-10 01:47:56'),
(198, 196, 'Curtains', 'curtains', NULL, 0, 1, '2026-02-10 01:47:56', '2026-02-10 01:47:56'),
(199, 196, 'Carpets', 'carpets', NULL, 0, 1, '2026-02-10 01:47:56', '2026-02-10 01:47:56'),
(200, 196, 'Cushions', 'cushions', NULL, 0, 1, '2026-02-10 01:47:56', '2026-02-10 01:47:56'),
(201, 196, 'Blankets', 'blankets', NULL, 0, 1, '2026-02-10 01:47:56', '2026-02-10 01:47:56'),
(202, 13, 'Home Improvement', 'home-improvement', NULL, 0, 1, '2026-02-10 01:47:56', '2026-02-10 01:47:56'),
(203, 202, 'Tools', 'tools', NULL, 0, 1, '2026-02-10 01:47:56', '2026-02-10 01:47:56'),
(204, 202, 'Lightings', 'lightings', NULL, 0, 1, '2026-02-10 01:47:56', '2026-02-10 01:47:56'),
(205, 202, 'Bath Hardware', 'bath-hardware', NULL, 0, 1, '2026-02-10 01:47:56', '2026-02-10 01:47:56'),
(206, 202, 'Wall Paints', 'wall-paints', NULL, 0, 1, '2026-02-10 01:47:56', '2026-02-10 01:47:56'),
(207, 13, 'Furniture', 'furniture-2', NULL, 0, 1, '2026-02-10 01:47:56', '2026-02-10 01:47:56'),
(208, 207, 'Tables', 'tables', NULL, 0, 1, '2026-02-10 01:47:56', '2026-02-10 01:47:56'),
(209, 207, 'Chairs', 'chairs', NULL, 0, 1, '2026-02-10 01:47:56', '2026-02-10 01:47:56'),
(210, 207, 'Wardrobes', 'wardrobes', NULL, 0, 1, '2026-02-10 01:47:56', '2026-02-10 01:47:56'),
(211, 207, 'Beds', 'beds', NULL, 0, 1, '2026-02-10 01:47:56', '2026-02-10 01:47:56'),
(212, 207, 'Sofas', 'sofas', NULL, 0, 1, '2026-02-10 01:47:56', '2026-02-10 01:47:56'),
(213, NULL, 'Beauty & Health', 'beauty-health', NULL, 0, 1, '2026-02-10 01:47:56', '2026-02-10 01:47:56'),
(214, 213, 'Makeup', 'makeup-1', NULL, 0, 1, '2026-02-10 01:47:56', '2026-02-10 01:47:56'),
(215, 214, 'Face', 'face', NULL, 0, 1, '2026-02-10 01:47:56', '2026-02-10 01:47:56'),
(216, 214, 'Eyes', 'eyes', NULL, 0, 1, '2026-02-10 01:47:56', '2026-02-10 01:47:56'),
(217, 214, 'Lips', 'lips', NULL, 0, 1, '2026-02-10 01:47:56', '2026-02-10 01:47:56'),
(218, 214, 'Nails', 'nails', NULL, 0, 1, '2026-02-10 01:47:56', '2026-02-10 01:47:56'),
(219, 214, 'Kits', 'kits', NULL, 0, 1, '2026-02-10 01:47:56', '2026-02-10 01:47:56'),
(220, 214, 'Removers', 'removers', NULL, 0, 1, '2026-02-10 01:47:56', '2026-02-10 01:47:56'),
(221, 213, 'Personal Care', 'personal-care', NULL, 0, 1, '2026-02-10 01:47:56', '2026-02-10 01:47:56'),
(222, 221, 'Skin Care', 'skin-care', NULL, 0, 1, '2026-02-10 01:47:56', '2026-02-10 01:47:56'),
(223, 221, 'Hair Care', 'hair-care-1', NULL, 0, 1, '2026-02-10 01:47:56', '2026-02-10 01:47:56'),
(224, 221, 'Hand & Foot Care', 'hand-foot-care', NULL, 0, 1, '2026-02-10 01:47:56', '2026-02-10 01:47:56'),
(225, 221, 'Deodorants', 'deodorants', NULL, 0, 1, '2026-02-10 01:47:56', '2026-02-10 01:47:56'),
(226, 221, 'Fragrances', 'fragrances-1', NULL, 0, 1, '2026-02-10 01:47:56', '2026-02-10 01:47:56'),
(227, 213, 'Healthcare', 'healthcare-1', NULL, 0, 1, '2026-02-10 01:47:56', '2026-02-10 01:47:56'),
(228, 227, 'Oral Care', 'oral-care', NULL, 0, 1, '2026-02-10 01:47:56', '2026-02-10 01:47:56'),
(229, 227, 'Winter Healthcare', 'winter-healthcare', NULL, 0, 1, '2026-02-10 01:47:56', '2026-02-10 01:47:56'),
(230, 227, 'Ear Cleaner', 'ear-cleaner', NULL, 0, 1, '2026-02-10 01:47:56', '2026-02-10 01:47:56'),
(231, 227, 'Health Monitor & Massagers', 'health-monitor-massagers', NULL, 0, 1, '2026-02-10 01:47:56', '2026-02-10 01:47:56'),
(232, 227, 'Foot care', 'foot-care', NULL, 0, 1, '2026-02-10 01:47:56', '2026-02-10 01:47:56'),
(233, 227, 'Sexual Wellness', 'sexual-wellness', NULL, 0, 1, '2026-02-10 01:47:56', '2026-02-10 01:47:56'),
(234, 227, 'Ayurveda & Nutrition', 'ayurveda-nutrition', NULL, 0, 1, '2026-02-10 01:47:56', '2026-02-10 01:47:56'),
(235, 227, 'Sanitary Pads & More', 'sanitary-pads-more', NULL, 0, 1, '2026-02-10 01:47:56', '2026-02-10 01:47:56'),
(236, 213, 'Baby & Mom', 'baby-mom', NULL, 0, 1, '2026-02-10 01:47:56', '2026-02-10 01:47:56'),
(237, 236, 'Baby Care Essentials', 'baby-care-essentials', NULL, 0, 1, '2026-02-10 01:47:56', '2026-02-10 01:47:56'),
(238, 236, 'Mom Care', 'mom-care', NULL, 0, 1, '2026-02-10 01:47:56', '2026-02-10 01:47:56'),
(239, 213, 'Mens Care', 'mens-care', NULL, 0, 1, '2026-02-10 01:47:56', '2026-02-10 01:47:56'),
(240, 239, 'Trimmers', 'trimmers', NULL, 0, 1, '2026-02-10 01:47:56', '2026-02-10 01:47:56'),
(241, 239, 'Beard Oil', 'beard-oil', NULL, 0, 1, '2026-02-10 01:47:56', '2026-02-10 01:47:56'),
(242, 239, 'Men Perfumes & Deodorant', 'men-perfumes-deodorant', NULL, 0, 1, '2026-02-10 01:47:56', '2026-02-10 01:47:56'),
(243, 239, 'Hair Gels, Wax & Spray', 'hair-gels-wax-spray', NULL, 0, 1, '2026-02-10 01:47:56', '2026-02-10 01:47:56'),
(244, 239, 'Men\'s Face & Body Care', 'mens-face-body-care', NULL, 0, 1, '2026-02-10 01:47:56', '2026-02-10 01:47:56'),
(245, 239, 'Budget Grooming Kits', 'budget-grooming-kits', NULL, 0, 1, '2026-02-10 01:47:56', '2026-02-10 01:47:56'),
(246, NULL, 'Jewellery & Accessories', 'jewellery-accessories', NULL, 0, 1, '2026-02-10 01:47:56', '2026-02-10 01:47:56'),
(247, 246, 'Jewellery', 'jewellery-2', NULL, 0, 1, '2026-02-10 01:47:56', '2026-02-10 01:47:56'),
(248, 247, 'All Jewellery', 'all-jewellery', NULL, 0, 1, '2026-02-10 01:47:56', '2026-02-10 01:47:56'),
(249, 247, 'Jewellery Sets', 'jewellery-sets', NULL, 0, 1, '2026-02-10 01:47:56', '2026-02-10 01:47:56'),
(250, 247, 'Earrings', 'earrings', NULL, 0, 1, '2026-02-10 01:47:56', '2026-02-10 01:47:56'),
(251, 247, 'Mangalsutras', 'mangalsutras', NULL, 0, 1, '2026-02-10 01:47:56', '2026-02-10 01:47:56'),
(252, 247, 'Necklaces & Chains', 'necklaces-chains', NULL, 0, 1, '2026-02-10 01:47:56', '2026-02-10 01:47:56'),
(253, 247, 'Bangles & Bracelets', 'bangles-bracelets', NULL, 0, 1, '2026-02-10 01:47:56', '2026-02-10 01:47:56'),
(254, 247, 'Anklets & Nosepins', 'anklets-nosepins', NULL, 0, 1, '2026-02-10 01:47:56', '2026-02-10 01:47:56'),
(255, 247, 'Kamarbandh & Maangtika', 'kamarbandh-maangtika', NULL, 0, 1, '2026-02-10 01:47:56', '2026-02-10 01:47:56'),
(256, 246, 'Men Accessories', 'men-accessories', NULL, 0, 1, '2026-02-10 01:47:56', '2026-02-10 01:47:56'),
(257, 256, 'All Accessories', 'all-accessories', NULL, 0, 1, '2026-02-10 01:47:56', '2026-02-10 01:47:56'),
(258, 256, 'Men Watches', 'men-watches', NULL, 0, 1, '2026-02-10 01:47:56', '2026-02-10 01:47:56'),
(259, 256, 'Wallets', 'wallets', NULL, 0, 1, '2026-02-10 01:47:56', '2026-02-10 01:47:56'),
(260, 256, 'Men Jewellery', 'men-jewellery', NULL, 0, 1, '2026-02-10 01:47:56', '2026-02-10 01:47:56'),
(261, 256, 'Sunglasses & Spectacle Frames', 'sunglasses-spectacle-frames', NULL, 0, 1, '2026-02-10 01:47:56', '2026-02-10 01:47:56'),
(262, 256, 'Belts', 'belts', NULL, 0, 1, '2026-02-10 01:47:56', '2026-02-10 01:47:56'),
(263, NULL, 'Bags & Footwear', 'bags-footwear', NULL, 0, 1, '2026-02-10 01:47:56', '2026-02-10 01:47:56'),
(264, 263, 'Women Footwear', 'women-footwear', NULL, 0, 1, '2026-02-10 01:47:56', '2026-02-10 01:47:56'),
(265, 264, 'Heels and Sandals', 'heels-and-sandals', NULL, 0, 1, '2026-02-10 01:47:56', '2026-02-10 01:47:56'),
(266, 264, 'Flats', 'flats', NULL, 0, 1, '2026-02-10 01:47:56', '2026-02-10 01:47:56'),
(267, 264, 'Boots', 'boots', NULL, 0, 1, '2026-02-10 01:47:56', '2026-02-10 01:47:56'),
(268, 264, 'Flipflops & Slippers', 'flipflops-slippers', NULL, 0, 1, '2026-02-10 01:47:56', '2026-02-10 01:47:56'),
(269, 264, 'Bellies and Ballerinas', 'bellies-and-ballerinas', NULL, 0, 1, '2026-02-10 01:47:56', '2026-02-10 01:47:56'),
(270, 263, 'Men Footwear', 'men-footwear-1', NULL, 0, 1, '2026-02-10 01:47:56', '2026-02-10 01:47:56'),
(271, 270, 'Men Casual Shoes', 'men-casual-shoes-1', NULL, 0, 1, '2026-02-10 01:47:56', '2026-02-10 01:47:56'),
(272, 270, 'Men Sports Shoes', 'men-sports-shoes-1', NULL, 0, 1, '2026-02-10 01:47:56', '2026-02-10 01:47:56'),
(273, 270, 'Men Flip Flops and Sandals', 'men-flip-flops-and-sandals-1', NULL, 0, 1, '2026-02-10 01:47:56', '2026-02-10 01:47:56'),
(274, 270, 'Men Formal Shoes', 'men-formal-shoes-1', NULL, 0, 1, '2026-02-10 01:47:56', '2026-02-10 01:47:56'),
(275, 270, 'Loafers', 'loafers-1', NULL, 0, 1, '2026-02-10 01:47:56', '2026-02-10 01:47:56'),
(276, 263, 'Kids Footwear', 'kids-footwear', NULL, 0, 1, '2026-02-10 01:47:56', '2026-02-10 01:47:56'),
(277, 276, 'Boys Shoes', 'boys-shoes', NULL, 0, 1, '2026-02-10 01:47:56', '2026-02-10 01:47:56'),
(278, 276, 'Girls Shoes', 'girls-shoes', NULL, 0, 1, '2026-02-10 01:47:56', '2026-02-10 01:47:56'),
(279, 276, 'Casual Shoes', 'casual-shoes', NULL, 0, 1, '2026-02-10 01:47:56', '2026-02-10 01:47:56'),
(280, 276, 'Flipflops & Slippers', 'flipflops-slippers-1', NULL, 0, 1, '2026-02-10 01:47:56', '2026-02-10 01:47:56'),
(281, 276, 'Sandals', 'sandals', NULL, 0, 1, '2026-02-10 01:47:56', '2026-02-10 01:47:56'),
(282, 263, 'Women Bags', 'women-bags', NULL, 0, 1, '2026-02-10 01:47:56', '2026-02-10 01:47:56'),
(283, 282, 'Backpacks', 'backpacks', NULL, 0, 1, '2026-02-10 01:47:57', '2026-02-10 01:47:57'),
(284, 282, 'Handbags', 'handbags', NULL, 0, 1, '2026-02-10 01:47:57', '2026-02-10 01:47:57'),
(285, 282, 'Slingbags', 'slingbags', NULL, 0, 1, '2026-02-10 01:47:57', '2026-02-10 01:47:57'),
(286, 282, 'Wallets', 'wallets-1', NULL, 0, 1, '2026-02-10 01:47:57', '2026-02-10 01:47:57'),
(287, 282, 'Clutches', 'clutches', NULL, 0, 1, '2026-02-10 01:47:57', '2026-02-10 01:47:57'),
(288, 113, 'Men Bags', 'men-bags', NULL, 0, 1, '2026-02-10 01:47:57', '2026-02-10 04:05:38'),
(289, 288, 'Backpacks', 'backpacks-1', NULL, 0, 1, '2026-02-10 01:47:57', '2026-02-10 01:47:57'),
(290, 288, 'Waist Bags', 'waist-bags', NULL, 0, 1, '2026-02-10 01:47:57', '2026-02-10 01:47:57'),
(291, 288, 'Crossbody Bags & Sling Bags', 'crossbody-bags-sling-bags', NULL, 0, 1, '2026-02-10 01:47:57', '2026-02-10 01:47:57'),
(292, 263, 'Travel Bags & Luggage', 'travel-bags-luggage', NULL, 0, 1, '2026-02-10 01:47:57', '2026-02-10 01:47:57'),
(293, 292, 'Duffel & Trolley Bags', 'duffel-trolley-bags', NULL, 0, 1, '2026-02-10 01:47:57', '2026-02-10 01:47:57'),
(294, 292, 'Laptop & Messenger Bags', 'laptop-messenger-bags', NULL, 0, 1, '2026-02-10 01:47:57', '2026-02-10 01:47:57'),
(295, 1, 'Audio & Mobiles', 'audio-mobiles', NULL, 0, 1, '2026-02-10 01:47:57', '2026-02-10 01:47:57'),
(296, 295, 'Neckband', 'neckband', NULL, 0, 1, '2026-02-10 01:47:57', '2026-02-10 01:47:57'),
(297, 295, 'Speakers', 'speakers', NULL, 0, 1, '2026-02-10 01:47:57', '2026-02-10 01:47:57'),
(298, 295, 'Cases & Covers', 'cases-covers', NULL, 0, 1, '2026-02-10 01:47:57', '2026-02-10 01:47:57'),
(299, 295, 'Bluetooth Earbuds', 'bluetooth-earbuds', NULL, 0, 1, '2026-02-10 01:47:57', '2026-02-10 01:47:57'),
(300, 295, 'Wired Earphone', 'wired-earphone', NULL, 0, 1, '2026-02-10 01:47:57', '2026-02-10 01:47:57'),
(301, 1, 'Accessories', 'accessories-1', NULL, 0, 1, '2026-02-10 01:47:57', '2026-02-10 01:47:57'),
(302, 301, 'Mobile Holders', 'mobile-holders', NULL, 0, 1, '2026-02-10 01:47:57', '2026-02-10 01:47:57'),
(303, 301, 'Mobile Chargers & Cables', 'mobile-chargers-cables', NULL, 0, 1, '2026-02-10 01:47:57', '2026-02-10 01:47:57'),
(304, 301, 'Power Banks', 'power-banks', NULL, 0, 1, '2026-02-10 01:47:57', '2026-02-10 01:47:57'),
(305, 301, 'Microphone', 'microphone', NULL, 0, 1, '2026-02-10 01:47:57', '2026-02-10 01:47:57'),
(306, 301, 'Selfie Stick & Ringlight', 'selfie-stick-ringlight', NULL, 0, 1, '2026-02-10 01:47:57', '2026-02-10 01:47:57'),
(307, 301, 'Tripod & Monopod', 'tripod-monopod', NULL, 0, 1, '2026-02-10 01:47:57', '2026-02-10 01:47:57'),
(308, 301, 'Extension Cord', 'extension-cord', NULL, 0, 1, '2026-02-10 01:47:57', '2026-02-10 01:47:57'),
(309, 301, 'Screen Expanders & Magnifiers', 'screen-expanders-magnifiers', NULL, 0, 1, '2026-02-10 01:47:57', '2026-02-10 01:47:57'),
(310, NULL, 'Watches', 'watches-1', NULL, 0, 1, '2026-02-10 01:47:57', '2026-02-10 01:47:57'),
(311, NULL, 'Sports & Fitness', 'sports-fitness', NULL, 0, 1, '2026-02-10 01:47:57', '2026-02-10 01:47:57'),
(312, NULL, 'Car & Motorbike', 'car-motorbike', NULL, 0, 1, '2026-02-10 01:47:57', '2026-02-10 01:47:57'),
(313, NULL, 'Office Supplies', 'office-supplies', NULL, 0, 1, '2026-02-10 01:47:57', '2026-02-10 01:47:57'),
(314, 25, 'Kids  Smmer Cap , Hats', 'kids-smmer-cap-hats', 'uploads/categories/kids-smmer-cap-OT4XNCCs.webp', 0, 1, '2026-02-10 04:26:49', '2026-02-10 04:28:42'),
(315, 7, 'Earing', 'earing', 'uploads/categories/earing-XbH28H7M.webp', 1, 1, '2026-02-10 06:01:44', '2026-02-10 06:01:44'),
(316, 19, 'Lipstick', 'lipstick', 'uploads/categories/lipstick-Rs4eAcf5.webp', 1, 1, '2026-02-11 07:16:13', '2026-02-11 07:16:13');

-- --------------------------------------------------------

--
-- Table structure for table `chat_audit_logs`
--

CREATE TABLE `chat_audit_logs` (
  `id` bigint(20) UNSIGNED NOT NULL,
  `admin_id` bigint(20) UNSIGNED DEFAULT NULL,
  `action` varchar(255) NOT NULL,
  `target_user_id` bigint(20) UNSIGNED DEFAULT NULL,
  `details` text DEFAULT NULL,
  `ip_address` varchar(255) DEFAULT NULL,
  `created_at` timestamp NULL DEFAULT NULL,
  `updated_at` timestamp NULL DEFAULT NULL
) ENGINE=InnoDB DEFAULT CHARSET=utf8mb4 COLLATE=utf8mb4_unicode_ci;

--
-- Dumping data for table `chat_audit_logs`
--

INSERT INTO `chat_audit_logs` (`id`, `admin_id`, `action`, `target_user_id`, `details`, `ip_address`, `created_at`, `updated_at`) VALUES
(1, 1, 'toggle_access', 1, '{\"type\":\"call\",\"status\":1}', '127.0.0.1', '2026-01-25 15:50:32', '2026-01-25 15:50:32'),
(2, 1, 'toggle_access', 1, '{\"type\":\"call\",\"status\":0}', '127.0.0.1', '2026-01-25 15:50:33', '2026-01-25 15:50:33'),
(3, 1, 'toggle_access', 1, '{\"type\":\"chat\",\"status\":1}', '127.0.0.1', '2026-01-25 15:50:34', '2026-01-25 15:50:34'),
(4, 1, 'toggle_access', 1, '{\"type\":\"chat\",\"status\":0}', '127.0.0.1', '2026-01-25 15:50:34', '2026-01-25 15:50:34'),
(5, 1, 'toggle_access', 2, '{\"type\":\"chat\",\"status\":1}', '127.0.0.1', '2026-01-25 15:50:35', '2026-01-25 15:50:35'),
(6, 1, 'toggle_access', 2, '{\"type\":\"chat\",\"status\":0}', '127.0.0.1', '2026-01-25 15:50:35', '2026-01-25 15:50:35'),
(7, 1, 'toggle_access', 2, '{\"type\":\"call\",\"status\":1}', '127.0.0.1', '2026-01-25 15:50:36', '2026-01-25 15:50:36'),
(8, 1, 'toggle_access', 2, '{\"type\":\"call\",\"status\":0}', '127.0.0.1', '2026-01-25 15:50:37', '2026-01-25 15:50:37'),
(9, 1, 'toggle_access', 1, '{\"type\":\"chat\",\"status\":1}', '127.0.0.1', '2026-01-25 15:53:50', '2026-01-25 15:53:50'),
(10, 1, 'toggle_access', 1, '{\"type\":\"chat\",\"status\":0}', '127.0.0.1', '2026-01-25 15:53:51', '2026-01-25 15:53:51'),
(11, 1, 'toggle_access', 1, '{\"type\":\"call\",\"status\":1}', '127.0.0.1', '2026-01-25 15:53:52', '2026-01-25 15:53:52'),
(12, 1, 'toggle_access', 1, '{\"type\":\"call\",\"status\":0}', '127.0.0.1', '2026-01-25 15:53:53', '2026-01-25 15:53:53'),
(13, 1, 'toggle_access', 3, '{\"type\":\"chat\",\"status\":1}', '127.0.0.1', '2026-01-25 15:55:17', '2026-01-25 15:55:17'),
(14, 1, 'toggle_access', 2, '{\"type\":\"chat\",\"status\":1}', '127.0.0.1', '2026-01-25 15:57:24', '2026-01-25 15:57:24'),
(15, 1, 'toggle_access', 2, '{\"type\":\"call\",\"status\":1}', '127.0.0.1', '2026-01-25 15:57:26', '2026-01-25 15:57:26'),
(16, 1, 'toggle_access', 3, '{\"type\":\"call\",\"status\":1}', '127.0.0.1', '2026-01-25 15:57:27', '2026-01-25 15:57:27'),
(17, 1, 'toggle_access', 13, '{\"type\":\"chat\",\"status\":1}', '127.0.0.1', '2026-02-04 10:07:43', '2026-02-04 10:07:43'),
(18, 1, 'toggle_access', 13, '{\"type\":\"call\",\"status\":1}', '127.0.0.1', '2026-02-04 10:07:44', '2026-02-04 10:07:44'),
(19, 1, 'toggle_access', 12, '{\"type\":\"chat\",\"status\":1}', '127.0.0.1', '2026-02-04 10:07:45', '2026-02-04 10:07:45'),
(20, 1, 'toggle_access', 12, '{\"type\":\"call\",\"status\":1}', '127.0.0.1', '2026-02-04 10:07:47', '2026-02-04 10:07:47'),
(21, 1, 'toggle_access', 11, '{\"type\":\"chat\",\"status\":1}', '127.0.0.1', '2026-02-04 10:07:47', '2026-02-04 10:07:47'),
(22, 1, 'toggle_access', 11, '{\"type\":\"call\",\"status\":1}', '127.0.0.1', '2026-02-04 10:07:49', '2026-02-04 10:07:49'),
(23, 1, 'toggle_access', 10, '{\"type\":\"chat\",\"status\":1}', '127.0.0.1', '2026-02-04 10:07:49', '2026-02-04 10:07:49'),
(24, 1, 'toggle_access', 10, '{\"type\":\"call\",\"status\":1}', '127.0.0.1', '2026-02-04 10:07:51', '2026-02-04 10:07:51'),
(25, 1, 'toggle_access', 9, '{\"type\":\"call\",\"status\":1}', '127.0.0.1', '2026-02-04 10:07:52', '2026-02-04 10:07:52'),
(26, 1, 'toggle_access', 9, '{\"type\":\"chat\",\"status\":1}', '127.0.0.1', '2026-02-04 10:07:53', '2026-02-04 10:07:53'),
(27, 1, 'toggle_access', 7, '{\"type\":\"chat\",\"status\":1}', '127.0.0.1', '2026-02-04 10:07:55', '2026-02-04 10:07:55'),
(28, 1, 'toggle_access', 7, '{\"type\":\"call\",\"status\":1}', '127.0.0.1', '2026-02-04 10:07:55', '2026-02-04 10:07:55'),
(29, 1, 'toggle_access', 8, '{\"type\":\"chat\",\"status\":1}', '127.0.0.1', '2026-02-04 10:07:56', '2026-02-04 10:07:56'),
(30, 1, 'toggle_access', 8, '{\"type\":\"call\",\"status\":1}', '127.0.0.1', '2026-02-04 10:07:57', '2026-02-04 10:07:57'),
(31, 1, 'toggle_access', 6, '{\"type\":\"chat\",\"status\":1}', '127.0.0.1', '2026-02-04 10:07:58', '2026-02-04 10:07:58'),
(32, 1, 'toggle_access', 6, '{\"type\":\"call\",\"status\":1}', '127.0.0.1', '2026-02-04 10:07:59', '2026-02-04 10:07:59'),
(33, 1, 'toggle_access', 5, '{\"type\":\"chat\",\"status\":1}', '127.0.0.1', '2026-02-04 10:08:00', '2026-02-04 10:08:00'),
(34, 1, 'toggle_access', 5, '{\"type\":\"call\",\"status\":1}', '127.0.0.1', '2026-02-04 10:08:01', '2026-02-04 10:08:01'),
(35, 1, 'toggle_access', 4, '{\"type\":\"chat\",\"status\":1}', '127.0.0.1', '2026-02-04 10:08:02', '2026-02-04 10:08:02'),
(36, 1, 'toggle_access', 4, '{\"type\":\"call\",\"status\":1}', '127.0.0.1', '2026-02-04 10:08:02', '2026-02-04 10:08:02'),
(37, 1, 'toggle_access', 1, '{\"type\":\"chat\",\"status\":1}', '127.0.0.1', '2026-02-04 10:08:03', '2026-02-04 10:08:03'),
(38, 1, 'toggle_access', 1, '{\"type\":\"call\",\"status\":1}', '127.0.0.1', '2026-02-04 10:08:04', '2026-02-04 10:08:04'),
(39, 2, 'toggle_access', 14, '{\"type\":\"call\",\"status\":1}', '127.0.0.1', '2026-02-08 11:43:12', '2026-02-08 11:43:12'),
(40, 2, 'toggle_access', 14, '{\"type\":\"call\",\"status\":0}', '127.0.0.1', '2026-02-08 11:43:13', '2026-02-08 11:43:13'),
(41, 2, 'toggle_access', 14, '{\"type\":\"chat\",\"status\":1}', '127.0.0.1', '2026-02-08 11:43:13', '2026-02-08 11:43:13'),
(42, 2, 'toggle_access', 14, '{\"type\":\"chat\",\"status\":0}', '127.0.0.1', '2026-02-08 11:43:14', '2026-02-08 11:43:14'),
(43, 2, 'toggle_access', 6, '{\"type\":\"chat\",\"status\":0}', '127.0.0.1', '2026-02-08 11:43:16', '2026-02-08 11:43:16'),
(44, 2, 'toggle_access', 6, '{\"type\":\"chat\",\"status\":1}', '127.0.0.1', '2026-02-08 11:43:17', '2026-02-08 11:43:17'),
(45, 2, 'toggle_access', 14, '{\"type\":\"chat\",\"status\":1}', '127.0.0.1', '2026-02-08 11:43:24', '2026-02-08 11:43:24'),
(46, 2, 'toggle_access', 14, '{\"type\":\"call\",\"status\":1}', '127.0.0.1', '2026-02-08 11:43:25', '2026-02-08 11:43:25'),
(47, 1, 'toggle_access', 18, '{\"type\":\"chat\",\"status\":1}', '127.0.0.1', '2026-02-12 05:46:11', '2026-02-12 05:46:11'),
(48, 1, 'toggle_access', 16, '{\"type\":\"chat\",\"status\":1}', '127.0.0.1', '2026-02-12 05:46:12', '2026-02-12 05:46:12'),
(49, 1, 'toggle_access', 17, '{\"type\":\"chat\",\"status\":1}', '127.0.0.1', '2026-02-12 05:46:13', '2026-02-12 05:46:13'),
(50, 1, 'toggle_access', 15, '{\"type\":\"chat\",\"status\":1}', '127.0.0.1', '2026-02-12 05:46:13', '2026-02-12 05:46:13'),
(51, 1, 'toggle_access', 15, '{\"type\":\"call\",\"status\":1}', '127.0.0.1', '2026-02-12 05:46:14', '2026-02-12 05:46:14'),
(52, 1, 'toggle_access', 17, '{\"type\":\"call\",\"status\":1}', '127.0.0.1', '2026-02-12 05:46:15', '2026-02-12 05:46:15'),
(53, 1, 'toggle_access', 16, '{\"type\":\"call\",\"status\":1}', '127.0.0.1', '2026-02-12 05:46:16', '2026-02-12 05:46:16'),
(54, 1, 'toggle_access', 18, '{\"type\":\"call\",\"status\":1}', '127.0.0.1', '2026-02-12 05:46:17', '2026-02-12 05:46:17'),
(55, 1, 'toggle_access', 18, '{\"type\":\"chat\",\"status\":0}', '127.0.0.1', '2026-02-12 12:03:13', '2026-02-12 12:03:13'),
(56, 1, 'toggle_access', 18, '{\"type\":\"chat\",\"status\":1}', '127.0.0.1', '2026-02-12 12:03:13', '2026-02-12 12:03:13');

-- --------------------------------------------------------

--
-- Table structure for table `chat_conversations`
--

CREATE TABLE `chat_conversations` (
  `id` bigint(20) UNSIGNED NOT NULL,
  `user_one_id` bigint(20) UNSIGNED NOT NULL,
  `user_two_id` bigint(20) UNSIGNED NOT NULL,
  `created_at` timestamp NULL DEFAULT NULL,
  `updated_at` timestamp NULL DEFAULT NULL
) ENGINE=InnoDB DEFAULT CHARSET=utf8mb4 COLLATE=utf8mb4_unicode_ci;

--
-- Dumping data for table `chat_conversations`
--

INSERT INTO `chat_conversations` (`id`, `user_one_id`, `user_two_id`, `created_at`, `updated_at`) VALUES
(1, 3, 2, '2026-01-26 13:59:16', '2026-01-26 13:59:16'),
(2, 1, 2, '2026-02-03 12:07:02', '2026-02-03 12:07:02');

-- --------------------------------------------------------

--
-- Table structure for table `chat_messages`
--

CREATE TABLE `chat_messages` (
  `id` bigint(20) UNSIGNED NOT NULL,
  `conversation_id` bigint(20) UNSIGNED NOT NULL,
  `sender_id` bigint(20) UNSIGNED NOT NULL,
  `type` enum('text','image','file','audio','video_call','audio_call') NOT NULL DEFAULT 'text',
  `message` text DEFAULT NULL,
  `file_path` varchar(255) DEFAULT NULL,
  `file_name` varchar(255) DEFAULT NULL,
  `file_size` varchar(255) DEFAULT NULL,
  `is_seen` tinyint(1) NOT NULL DEFAULT 0,
  `seen_at` timestamp NULL DEFAULT NULL,
  `deleted_by_sender` tinyint(1) NOT NULL DEFAULT 0,
  `deleted_by_receiver` tinyint(1) NOT NULL DEFAULT 0,
  `deleted_by_admin` tinyint(1) NOT NULL DEFAULT 0,
  `created_at` timestamp NULL DEFAULT NULL,
  `updated_at` timestamp NULL DEFAULT NULL
) ENGINE=InnoDB DEFAULT CHARSET=utf8mb4 COLLATE=utf8mb4_unicode_ci;

--
-- Dumping data for table `chat_messages`
--

INSERT INTO `chat_messages` (`id`, `conversation_id`, `sender_id`, `type`, `message`, `file_path`, `file_name`, `file_size`, `is_seen`, `seen_at`, `deleted_by_sender`, `deleted_by_receiver`, `deleted_by_admin`, `created_at`, `updated_at`) VALUES
(1, 1, 3, 'text', 'hi', NULL, NULL, NULL, 0, NULL, 0, 0, 0, '2026-01-26 13:59:16', '2026-01-26 13:59:16'),
(2, 1, 3, 'image', NULL, '/storage/chat_files/ZwTxEKakQ8h20vo2znZpnyKFFdSmZfVYXNX4Z6HL.png', 'Screenshot 2026-01-27 003903.png', '642852', 0, NULL, 0, 0, 0, '2026-01-26 13:59:44', '2026-01-26 13:59:44'),
(3, 1, 1, 'text', 'Test', NULL, NULL, NULL, 0, NULL, 0, 0, 0, '2026-02-03 12:06:40', '2026-02-03 12:06:40'),
(4, 1, 1, 'text', 'Test', NULL, NULL, NULL, 0, NULL, 0, 0, 0, '2026-02-03 12:06:50', '2026-02-03 12:06:50');

-- --------------------------------------------------------

--
-- Table structure for table `chat_password_requests`
--

CREATE TABLE `chat_password_requests` (
  `id` bigint(20) UNSIGNED NOT NULL,
  `user_id` bigint(20) UNSIGNED NOT NULL,
  `status` enum('pending','approved','rejected') NOT NULL DEFAULT 'pending',
  `requested_at` timestamp NOT NULL DEFAULT current_timestamp(),
  `handled_by_admin` bigint(20) UNSIGNED DEFAULT NULL,
  `admin_note` text DEFAULT NULL,
  `created_at` timestamp NULL DEFAULT NULL,
  `updated_at` timestamp NULL DEFAULT NULL
) ENGINE=InnoDB DEFAULT CHARSET=utf8mb4 COLLATE=utf8mb4_unicode_ci;

-- --------------------------------------------------------

--
-- Table structure for table `coupons`
--

CREATE TABLE `coupons` (
  `id` bigint(20) UNSIGNED NOT NULL,
  `vendor_id` bigint(20) UNSIGNED DEFAULT NULL,
  `code` varchar(50) DEFAULT NULL,
  `type` enum('fixed','percent') DEFAULT NULL,
  `value` decimal(10,2) DEFAULT NULL,
  `min_cart_value` decimal(10,2) DEFAULT NULL,
  `expiry_date` date DEFAULT NULL,
  `max_uses` int(11) NOT NULL DEFAULT 100,
  `uses_count` int(11) NOT NULL DEFAULT 0,
  `status` tinyint(4) NOT NULL DEFAULT 1,
  `created_at` timestamp NULL DEFAULT NULL,
  `updated_at` timestamp NULL DEFAULT NULL
) ENGINE=InnoDB DEFAULT CHARSET=utf8mb4 COLLATE=utf8mb4_unicode_ci;

--
-- Dumping data for table `coupons`
--

INSERT INTO `coupons` (`id`, `vendor_id`, `code`, `type`, `value`, `min_cart_value`, `expiry_date`, `max_uses`, `uses_count`, `status`, `created_at`, `updated_at`) VALUES
(1, NULL, 'WELCOME20', 'percent', 20.00, 50.00, '2027-01-24', 1000, 0, 1, NULL, NULL),
(2, NULL, 'FLAT50', 'fixed', 50.00, 200.00, '2026-02-24', 100, 0, 1, NULL, NULL),
(3, 1, '35325', 'percent', 1.00, 5.00, '2026-02-28', 2, 0, 1, '2026-02-09 13:06:44', '2026-02-09 13:06:44');

-- --------------------------------------------------------

--
-- Table structure for table `gc_calls`
--

CREATE TABLE `gc_calls` (
  `id` bigint(20) UNSIGNED NOT NULL,
  `caller_id` bigint(20) UNSIGNED NOT NULL,
  `receiver_id` bigint(20) UNSIGNED NOT NULL,
  `type` varchar(255) NOT NULL,
  `status` varchar(255) NOT NULL DEFAULT 'ringing',
  `created_at` timestamp NULL DEFAULT NULL,
  `updated_at` timestamp NULL DEFAULT NULL
) ENGINE=InnoDB DEFAULT CHARSET=utf8mb4 COLLATE=utf8mb4_unicode_ci;

--
-- Dumping data for table `gc_calls`
--

INSERT INTO `gc_calls` (`id`, `caller_id`, `receiver_id`, `type`, `status`, `created_at`, `updated_at`) VALUES
(1, 3, 1, 'audio', 'accepted', '2026-02-12 13:30:05', '2026-02-12 13:30:10'),
(2, 3, 1, 'audio', 'ended', '2026-02-12 13:30:17', '2026-02-12 13:31:18'),
(3, 1, 2, 'audio', 'accepted', '2026-02-12 13:30:52', '2026-02-12 13:30:57'),
(4, 1, 2, 'video', 'ended', '2026-02-12 13:31:04', '2026-02-12 13:31:10'),
(5, 3, 1, 'audio', 'accepted', '2026-02-12 13:42:50', '2026-02-12 13:42:55'),
(6, 3, 1, 'video', 'accepted', '2026-02-12 13:43:02', '2026-02-12 13:43:05');

-- --------------------------------------------------------

--
-- Table structure for table `gc_chats`
--

CREATE TABLE `gc_chats` (
  `id` bigint(20) UNSIGNED NOT NULL,
  `user_one` bigint(20) UNSIGNED NOT NULL,
  `user_two` bigint(20) UNSIGNED NOT NULL,
  `is_approved` tinyint(1) NOT NULL DEFAULT 0,
  `approved_by` bigint(20) UNSIGNED DEFAULT NULL,
  `created_at` timestamp NULL DEFAULT NULL,
  `updated_at` timestamp NULL DEFAULT NULL
) ENGINE=InnoDB DEFAULT CHARSET=utf8mb4 COLLATE=utf8mb4_unicode_ci;

--
-- Dumping data for table `gc_chats`
--

INSERT INTO `gc_chats` (`id`, `user_one`, `user_two`, `is_approved`, `approved_by`, `created_at`, `updated_at`) VALUES
(2, 2, 3, 1, 1, '2026-02-12 13:02:21', '2026-02-12 13:05:23'),
(3, 1, 2, 1, NULL, '2026-02-12 13:03:21', '2026-02-12 13:03:21'),
(4, 3, 1, 1, 1, '2026-02-12 17:41:36', '2026-02-12 17:43:01');

-- --------------------------------------------------------

--
-- Table structure for table `gc_messages`
--

CREATE TABLE `gc_messages` (
  `id` bigint(20) UNSIGNED NOT NULL,
  `chat_id` bigint(20) UNSIGNED NOT NULL,
  `sender_id` bigint(20) UNSIGNED NOT NULL,
  `message` text DEFAULT NULL,
  `type` varchar(255) NOT NULL DEFAULT 'text',
  `file` varchar(255) DEFAULT NULL,
  `reply_to` bigint(20) UNSIGNED DEFAULT NULL,
  `is_seen` tinyint(1) NOT NULL DEFAULT 0,
  `is_edited` tinyint(1) NOT NULL DEFAULT 0,
  `is_deleted` tinyint(1) NOT NULL DEFAULT 0,
  `created_at` timestamp NULL DEFAULT NULL,
  `updated_at` timestamp NULL DEFAULT NULL
) ENGINE=InnoDB DEFAULT CHARSET=utf8mb4 COLLATE=utf8mb4_unicode_ci;

--
-- Dumping data for table `gc_messages`
--

INSERT INTO `gc_messages` (`id`, `chat_id`, `sender_id`, `message`, `type`, `file`, `reply_to`, `is_seen`, `is_edited`, `is_deleted`, `created_at`, `updated_at`) VALUES
(1, 3, 1, 'hi vendor', 'text', NULL, NULL, 1, 0, 0, '2026-02-12 13:03:35', '2026-02-12 13:07:58'),
(6, 3, 2, 'ji sir', 'text', NULL, NULL, 1, 0, 0, '2026-02-12 13:08:05', '2026-02-12 13:08:06'),
(8, 4, 3, 'http://127.0.0.1:8000/product/stone-latkan-chada-2-pc-UXgCn', 'text', NULL, NULL, 1, 0, 0, '2026-02-12 17:43:20', '2026-02-12 17:43:54'),
(9, 4, 3, NULL, 'text', NULL, NULL, 1, 0, 0, '2026-02-12 17:43:25', '2026-02-12 17:43:54'),
(10, 4, 1, NULL, 'image', '/storage/gc_chat/4GOSMPIaH2dwXnUAAzofNw3xAnuCjJ14ipdzSEn2.jpg', NULL, 1, 0, 0, '2026-02-12 17:45:05', '2026-02-12 17:45:50');

-- --------------------------------------------------------

--
-- Table structure for table `gc_user_status`
--

CREATE TABLE `gc_user_status` (
  `id` bigint(20) UNSIGNED NOT NULL,
  `user_id` bigint(20) UNSIGNED NOT NULL,
  `is_online` tinyint(1) NOT NULL DEFAULT 0,
  `last_seen` timestamp NULL DEFAULT NULL
) ENGINE=InnoDB DEFAULT CHARSET=utf8mb4 COLLATE=utf8mb4_unicode_ci;

--
-- Dumping data for table `gc_user_status`
--

INSERT INTO `gc_user_status` (`id`, `user_id`, `is_online`, `last_seen`) VALUES
(1, 3, 1, '2026-02-12 20:05:04'),
(2, 2, 1, '2026-02-12 18:09:10'),
(3, 1, 1, '2026-02-12 18:13:38');

-- --------------------------------------------------------

--
-- Table structure for table `messages`
--

CREATE TABLE `messages` (
  `id` bigint(20) UNSIGNED NOT NULL,
  `conversation_id` bigint(20) UNSIGNED NOT NULL,
  `sender_id` bigint(20) UNSIGNED NOT NULL,
  `type` enum('text','image','file','voice') NOT NULL,
  `message` text DEFAULT NULL,
  `file_path` varchar(255) DEFAULT NULL,
  `file_name` varchar(255) DEFAULT NULL,
  `is_seen` tinyint(1) NOT NULL DEFAULT 0,
  `seen_at` timestamp NULL DEFAULT NULL,
  `created_at` timestamp NULL DEFAULT NULL,
  `updated_at` timestamp NULL DEFAULT NULL
) ENGINE=InnoDB DEFAULT CHARSET=utf8mb4 COLLATE=utf8mb4_unicode_ci;

-- --------------------------------------------------------

--
-- Table structure for table `migrations`
--

CREATE TABLE `migrations` (
  `id` int(10) UNSIGNED NOT NULL,
  `migration` varchar(255) NOT NULL,
  `batch` int(11) NOT NULL
) ENGINE=InnoDB DEFAULT CHARSET=utf8mb4 COLLATE=utf8mb4_unicode_ci;

--
-- Dumping data for table `migrations`
--

INSERT INTO `migrations` (`id`, `migration`, `batch`) VALUES
(1, '2019_12_14_000001_create_personal_access_tokens_table', 1),
(2, '2024_01_01_000001_create_users_table', 1),
(3, '2024_01_01_000002_create_vendors_table', 1),
(4, '2024_01_01_000003_create_categories_table', 1),
(5, '2024_01_01_000004_create_brands_table', 1),
(6, '2024_01_01_000005_create_products_table', 1),
(7, '2024_01_01_000006_create_product_images_table', 1),
(8, '2024_01_01_000007_create_carts_table', 1),
(9, '2024_01_01_000008_create_orders_table', 1),
(10, '2024_01_01_000009_create_order_items_table', 1),
(11, '2024_01_01_000010_create_payments_table', 1),
(12, '2024_01_01_000011_create_shippings_table', 1),
(13, '2024_01_01_000012_create_reviews_table', 1),
(14, '2024_01_01_000013_create_coupons_table', 1),
(15, '2024_01_01_000014_create_wallets_table', 1),
(16, '2024_01_01_000015_create_payouts_table', 1),
(17, '2024_01_01_000016_create_user_addresses_table', 1),
(18, '2024_01_01_000017_add_address_to_orders_table', 1),
(19, '2024_01_01_000018_update_coupons_table', 1),
(20, '2024_01_01_000019_create_settings_table', 1),
(21, '2024_01_01_000020_create_product_variants_table', 1),
(22, '2024_01_01_000021_add_variant_to_order_items', 1),
(23, '2024_01_01_000022_add_variant_to_carts', 1),
(24, '2026_01_24_171627_create_permission_tables', 2),
(25, '2024_01_01_000023_create_advanced_tables', 3),
(26, '2026_01_24_172253_add_vendor_id_to_users_table', 4),
(27, '2026_01_24_172424_add_weight_to_products_table', 5),
(28, '2026_01_25_015257_add_gst_to_products_table', 6),
(29, '2026_01_25_015335_add_tax_breakdown_to_order_items', 7),
(30, '2026_01_25_015411_add_state_to_vendors_table', 8),
(31, '2026_01_25_015557_add_marketing_to_products_table', 9),
(32, '2026_01_25_015629_create_sliders_table', 10),
(33, '2026_01_25_040700_add_group_to_settings_table', 11),
(34, '2026_01_25_041921_create_banners_table', 12),
(35, '2026_01_25_043728_create_support_tickets_table', 13),
(36, '2026_01_25_045622_update_product_status_enum', 14),
(37, '2026_01_25_045708_update_user_role_enum', 15),
(38, '2026_01_25_054349_add_reply_fields_to_reviews_table', 16),
(39, '2026_01_25_054548_add_vendor_id_to_coupons_table', 17),
(40, '2026_01_25_064900_create_recently_vieweds_table', 18),
(41, '2026_01_25_145119_create_support_replies_table', 19),
(42, '2026_01_25_162545_add_vendor_fulfillment_to_orders_table', 20),
(43, '2026_01_25_170155_add_shiprocket_fields_to_orders_table', 21),
(44, '2026_01_25_170206_create_order_trackings_table', 21),
(45, '2026_01_25_170214_add_shipping_details_to_products_table', 21),
(46, '2026_01_25_171322_create_sku_counters_table', 22),
(47, '2026_01_25_171622_add_hash_to_product_images_table', 23),
(48, '2026_01_25_172328_add_timestamps_to_coupons_table', 24),
(49, '2026_01_25_174910_create_sessions_table', 25),
(50, '2026_01_25_175435_create_wallet_transactions_table', 26),
(51, '2026_01_25_181852_setup_referral_system', 27),
(52, '2026_01_25_183032_add_shipped_at_to_orders_table', 28),
(53, '2026_01_25_205424_create_live_chat_tables', 29),
(54, '2026_01_25_210516_add_chat_password_to_users_table', 30),
(55, '2026_01_25_210517_create_chat_password_requests_table', 30),
(56, '2026_01_25_211315_add_chat_backup_code_to_users_table', 31),
(57, '2026_01_25_211316_create_backup_code_logs_table', 31),
(58, '2026_01_27_173655_create_theme_settings_table', 32),
(59, '2026_01_27_173655_create_ui_settings_table', 32),
(60, '2026_01_27_173656_create_layout_settings_table', 32),
(61, '2026_01_27_173657_create_section_settings_table', 32),
(62, '2026_01_27_183850_create_seo_metas_table', 33),
(63, '2026_01_27_184403_add_designer_to_user_roles', 34),
(64, '2026_01_31_220000_add_title_and_full_address_to_user_addresses_table', 35),
(65, '2026_02_01_021857_add_google_id_and_mobile_to_users_table', 36),
(66, '2026_02_01_021857_create_otps_table', 36),
(67, '2026_02_01_023009_add_avatar_to_users_table', 37),
(68, '2026_02_01_024721_create_notifications_table', 38),
(69, '2026_02_01_024920_create_wishlists_table', 39),
(70, '2026_02_01_232004_create_product_updates_table', 40),
(71, '2026_02_01_232006_add_overlay_number_to_product_images', 40),
(72, '2026_02_01_234352_create_site_settings_table', 41),
(73, '2026_02_02_004902_add_phone_to_users_table', 41),
(74, '2026_02_02_072433_update_products_for_vendor_system', 42),
(75, '2026_02_02_103053_add_primary_image_to_products_table', 43),
(76, '2026_02_02_103057_create_product_galleries_table', 43),
(77, '2026_02_02_105533_add_print_sku_on_image_to_products_table', 44),
(78, '2026_02_02_140318_create_vendor_sliders_table', 45),
(79, '2026_02_02_170519_add_rto_fields_to_orders_table', 46),
(80, '2026_02_04_074305_create_gletra_chat_tables', 47),
(81, '2026_02_04_074727_add_seen_status_to_messages_table', 48),
(82, '2026_02_04_074908_add_media_to_messages_table', 49),
(83, '2026_02_04_181624_add_last_seen_to_users_table', 50),
(84, '2026_02_07_153812_add_extra_profile_fields_to_users_table', 51),
(85, '2026_02_07_162331_add_security_fields_to_users_table', 52),
(86, '2026_02_08_161248_align_orders_with_master_structure', 53),
(87, '2026_02_08_161650_finalize_order_structure', 54),
(88, '2026_02_08_164035_fix_order_status_columns', 55),
(89, '2026_02_08_170854_update_user_role_enum_add_support_editor', 56),
(90, '2026_02_10_160000_add_product_snapshot_to_order_items', 57),
(91, '2026_02_11_180951_update_payments_table_for_phonepe', 58),
(92, '2026_02_12_034530_upgrade_chat_system', 59),
(93, '2026_02_12_093019_align_user_table_structure', 60),
(94, '2026_02_12_093303_align_wallet_transactions_structure', 61),
(95, '2026_02_12_161000_fix_chat_system_tables', 62),
(96, '2026_02_12_171000_create_gletra_chat_box_tables', 63);

-- --------------------------------------------------------

--
-- Table structure for table `model_has_permissions`
--

CREATE TABLE `model_has_permissions` (
  `permission_id` bigint(20) UNSIGNED NOT NULL,
  `model_type` varchar(255) NOT NULL,
  `model_id` bigint(20) UNSIGNED NOT NULL
) ENGINE=InnoDB DEFAULT CHARSET=utf8mb4 COLLATE=utf8mb4_unicode_ci;

-- --------------------------------------------------------

--
-- Table structure for table `model_has_roles`
--

CREATE TABLE `model_has_roles` (
  `role_id` bigint(20) UNSIGNED NOT NULL,
  `model_type` varchar(255) NOT NULL,
  `model_id` bigint(20) UNSIGNED NOT NULL
) ENGINE=InnoDB DEFAULT CHARSET=utf8mb4 COLLATE=utf8mb4_unicode_ci;

--
-- Dumping data for table `model_has_roles`
--

INSERT INTO `model_has_roles` (`role_id`, `model_type`, `model_id`) VALUES
(1, 'App\\Models\\User', 1),
(3, 'App\\Models\\User', 2),
(4, 'App\\Models\\User', 15),
(4, 'App\\Models\\User', 18),
(5, 'App\\Models\\User', 3),
(7, 'App\\Models\\User', 5),
(9, 'App\\Models\\User', 1),
(9, 'App\\Models\\User', 16),
(10, 'App\\Models\\User', 17);

-- --------------------------------------------------------

--
-- Table structure for table `notifications`
--

CREATE TABLE `notifications` (
  `id` char(36) NOT NULL,
  `type` varchar(255) NOT NULL,
  `notifiable_type` varchar(255) NOT NULL,
  `notifiable_id` bigint(20) UNSIGNED NOT NULL,
  `data` text NOT NULL,
  `read_at` timestamp NULL DEFAULT NULL,
  `created_at` timestamp NULL DEFAULT NULL,
  `updated_at` timestamp NULL DEFAULT NULL
) ENGINE=InnoDB DEFAULT CHARSET=utf8mb4 COLLATE=utf8mb4_unicode_ci;

--
-- Dumping data for table `notifications`
--

INSERT INTO `notifications` (`id`, `type`, `notifiable_type`, `notifiable_id`, `data`, `read_at`, `created_at`, `updated_at`) VALUES
('08e405bf-f218-412a-a1f2-880aa3cdf53d', 'App\\Notifications\\ProductUpdateRequested', 'App\\Models\\User', 1, '{\"type\":\"product_update_requested\",\"title\":\"Product Update Requested\",\"message\":\"New update request for \'Ultra Slim Smartphone (UPGRADED VERSION)\' from Test Store\",\"product_id\":1,\"product_name\":\"Ultra Slim Smartphone (UPGRADED VERSION)\",\"vendor_name\":\"Test Store\",\"update_id\":2,\"action_url\":\"http:\\/\\/127.0.0.1:8000\\/admin\\/products\\/updates\\/2\",\"icon\":\"bi-pencil-square\"}', '2026-02-01 22:59:49', '2026-02-01 22:57:20', '2026-02-01 22:59:49'),
('0900b644-6431-420e-8d70-1a9fc7580d89', 'App\\Notifications\\ProductUpdateProcessed', 'App\\Models\\User', 2, '{\"type\":\"product_update_processed\",\"title\":\"Product Update Approved\",\"message\":\"Your product update for \'Tamanna\' has been approved.\",\"product_id\":8,\"product_name\":\"Tamanna\",\"update_id\":3,\"status\":\"approved\",\"remark\":null,\"action_url\":\"http:\\/\\/127.0.0.1:8000\\/vendor\\/products\\/8\\/edit\",\"icon\":\"bi-check-all\"}', '2026-02-05 10:57:16', '2026-02-02 04:47:12', '2026-02-05 10:57:16'),
('111d0e02-8907-4827-a5b6-665d3ca593fe', 'App\\Notifications\\NewOrderNotification', 'App\\Models\\User', 1, '{\"type\":\"new_order\",\"title\":\"New Order Received\",\"message\":\"Order #ORD-Z4OTGLIM5G has been placed for \\u20b90.00\",\"action_url\":\"http:\\/\\/127.0.0.1:8000\\/admin\\/orders\\/12\",\"order_id\":12,\"icon\":\"bi-bag-check-fill\"}', '2026-02-05 08:46:26', '2026-02-02 11:48:34', '2026-02-05 08:46:26'),
('18d085a4-e012-47e0-ae04-e31972114f8d', 'App\\Notifications\\NewOrderNotification', 'App\\Models\\User', 2, '{\"type\":\"new_order\",\"title\":\"New Order Received\",\"message\":\"Order #ORD-UL0XYVQ09G has been placed for \\u20b90.00\",\"action_url\":\"http:\\/\\/127.0.0.1:8000\\/vendor\\/orders\\/11\",\"order_id\":11,\"icon\":\"bi-bag-check-fill\"}', '2026-02-05 10:57:16', '2026-02-02 11:10:29', '2026-02-05 10:57:16'),
('2af4b7c5-fa1b-4b5a-aee2-33c0d17a0ec7', 'App\\Notifications\\OrderPlaced', 'App\\Models\\User', 3, '{\"title\":\"Order Placed\",\"message\":\"Your order #ORD-HR9PBXOSD8 placed successfully\",\"icon\":\"bi-bag-check-fill\"}', NULL, '2026-02-12 18:05:09', '2026-02-12 18:05:09'),
('2d743842-3839-4f0d-987c-ced1506f1719', 'App\\Notifications\\OrderStatusNotification', 'App\\Models\\User', 6, '{\"type\":\"order_status\",\"title\":\"Order Confirmed\",\"message\":\"Good news! Your order #ORD-EZCA1NEMRQ has been confirmed.\",\"action_url\":\"http:\\/\\/127.0.0.1:8000\\/user\\/orders\\/8\",\"order_id\":8,\"status\":\"confirmed\",\"icon\":\"bi-check-circle-fill\"}', '2026-02-03 08:42:43', '2026-02-01 19:47:33', '2026-02-03 08:42:43'),
('33da4f4f-c7b9-455c-b5bc-cd89e1012a81', 'App\\Notifications\\SupportTicketNotification', 'App\\Models\\User', 3, '{\"type\":\"support_ticket\",\"title\":\"New Ticket Reply\",\"message\":\"You have a new reply on ticket #\",\"action_url\":\"http:\\/\\/127.0.0.1:8000\\/user\\/support\\/tickets\\/4\",\"ticket_id\":4,\"icon\":\"bi-headset\"}', NULL, '2026-02-12 11:05:45', '2026-02-12 11:05:45'),
('366684fb-ad13-4ae5-84fe-d8d839aebce1', 'App\\Notifications\\OrderStatusNotification', 'App\\Models\\User', 3, '{\"type\":\"order_status\",\"title\":\"Order Confirmed\",\"message\":\"Good news! Your order #ORD-UDNL27NXUO has been confirmed.\",\"action_url\":\"http:\\/\\/127.0.0.1:8000\\/user\\/orders\\/10\",\"order_id\":10,\"status\":\"confirmed\",\"icon\":\"bi-check-circle-fill\"}', NULL, '2026-02-02 05:40:17', '2026-02-02 05:40:17'),
('38d87f33-6547-416b-bc5b-89bb29f04cbf', 'App\\Notifications\\NewOrderNotification', 'App\\Models\\User', 7, '{\"type\":\"new_order\",\"title\":\"New Order Received\",\"message\":\"Order #ORD-UDNL27NXUO has been placed for \\u20b90.00\",\"action_url\":\"http:\\/\\/127.0.0.1:8000\\/admin\\/orders\\/10\",\"order_id\":10,\"icon\":\"bi-bag-check-fill\"}', NULL, '2026-02-02 04:59:38', '2026-02-02 04:59:38'),
('3ae51b64-d8c1-4b5f-a62f-05b645b7bbb7', 'App\\Notifications\\NewOrderNotification', 'App\\Models\\User', 1, '{\"type\":\"new_order\",\"title\":\"New Order Received\",\"message\":\"Order #ORD-UL0XYVQ09G has been placed for \\u20b90.00\",\"action_url\":\"http:\\/\\/127.0.0.1:8000\\/admin\\/orders\\/11\",\"order_id\":11,\"icon\":\"bi-bag-check-fill\"}', NULL, '2026-02-02 11:10:30', '2026-02-02 11:10:30'),
('3f3ff358-9809-46fd-b5b6-1569e3296c1e', 'App\\Notifications\\OrderStatusNotification', 'App\\Models\\User', 3, '{\"type\":\"order_status\",\"title\":\"Order Confirmed\",\"message\":\"Good news! Your order #ORD-HR9PBXOSD8 has been confirmed.\",\"action_url\":\"http:\\/\\/127.0.0.1:8000\\/user\\/orders\\/15\",\"order_id\":15,\"status\":\"confirmed\",\"icon\":\"bi-check-circle-fill\"}', NULL, '2026-02-12 18:07:14', '2026-02-12 18:07:14'),
('3fd2c92e-64e3-4758-9beb-208777911f35', 'App\\Notifications\\NewOrderNotification', 'App\\Models\\User', 1, '{\"type\":\"new_order\",\"title\":\"New Order Received\",\"message\":\"Order #ORD-KRQWRXP98T has been placed for \\u20b9233.64\",\"action_url\":\"http:\\/\\/127.0.0.1:8000\\/admin\\/orders\\/13\",\"order_id\":13,\"icon\":\"bi-bag-check-fill\"}', NULL, '2026-02-08 11:11:55', '2026-02-08 11:11:55'),
('442cbd75-adbe-4934-9e34-2388c3359b7e', 'App\\Notifications\\ProductUpdateProcessed', 'App\\Models\\User', 2, '{\"type\":\"product_update_processed\",\"title\":\"Product Update Approved\",\"message\":\"Your product update for \'Ultra Slim Smartphone (UPGRADED VERSION)\' has been approved.\",\"product_id\":1,\"product_name\":\"Ultra Slim Smartphone (UPGRADED VERSION)\",\"update_id\":1,\"status\":\"approved\",\"remark\":null,\"action_url\":\"http:\\/\\/127.0.0.1:8000\\/vendor\\/products\\/1\\/edit\",\"icon\":\"bi-check-all\"}', '2026-02-01 22:55:13', '2026-02-01 22:41:31', '2026-02-01 22:55:13'),
('5181c30b-6a6d-4e05-8219-9c03328b8e08', 'App\\Notifications\\NewOrderNotification', 'App\\Models\\User', 2, '{\"type\":\"new_order\",\"title\":\"New Order Received\",\"message\":\"Order #ORD-HR9PBXOSD8 has been placed for \\u20b957.82\",\"action_url\":\"http:\\/\\/127.0.0.1:8000\\/vendor\\/orders\\/15\",\"order_id\":15,\"icon\":\"bi-bag-check-fill\"}', NULL, '2026-02-12 18:05:09', '2026-02-12 18:05:09'),
('5af664b7-68d0-463c-ad9d-9b90df63d0e7', 'App\\Notifications\\OrderStatusNotification', 'App\\Models\\User', 6, '{\"type\":\"order_status\",\"title\":\"Order Confirmed\",\"message\":\"Good news! Your order #ORD-I5OYROOMIL has been confirmed.\",\"action_url\":\"http:\\/\\/127.0.0.1:8000\\/user\\/orders\\/9\",\"order_id\":9,\"status\":\"confirmed\",\"icon\":\"bi-check-circle-fill\"}', NULL, '2026-02-01 19:27:15', '2026-02-01 19:27:15'),
('64835abe-90eb-4f7e-80d9-51e52fa7ca33', 'App\\Notifications\\ProductUpdateRequested', 'App\\Models\\User', 1, '{\"type\":\"product_update_requested\",\"title\":\"Product Update Requested\",\"message\":\"New update request for \'Ultra Slim Smartphone (UPGRADED VERSION)\' from Test Store\",\"product_id\":1,\"product_name\":\"Ultra Slim Smartphone (UPGRADED VERSION)\",\"vendor_name\":\"Test Store\",\"update_id\":2,\"action_url\":\"http:\\/\\/127.0.0.1:8000\\/admin\\/products\\/updates\\/2\",\"icon\":\"bi-pencil-square\"}', NULL, '2026-02-01 22:57:15', '2026-02-01 22:57:15'),
('671ca32b-0407-4127-80c0-ff5756381e55', 'App\\Notifications\\OrderStatusNotification', 'App\\Models\\User', 3, '{\"type\":\"order_status\",\"title\":\"Order Confirmed\",\"message\":\"Good news! Your order #ORD-EWOBHGPKDZ has been confirmed.\",\"action_url\":\"http:\\/\\/127.0.0.1:8000\\/user\\/orders\\/14\",\"order_id\":14,\"status\":\"confirmed\",\"icon\":\"bi-check-circle-fill\"}', NULL, '2026-02-12 18:07:08', '2026-02-12 18:07:08'),
('67d58fab-3aec-4159-b2d8-a496ebb4e624', 'App\\Notifications\\ProductNotification', 'App\\Models\\User', 1, '{\"title\":\"Approved\",\"msg\":\"Your product is live\",\"url\":\"\\/products\"}', NULL, '2026-02-02 02:17:35', '2026-02-02 02:17:35'),
('6e0ed2c0-a53c-4791-b2d9-5a4161854c18', 'App\\Notifications\\ProductNotification', 'App\\Models\\User', 7, '{\"title\":\"New Product\",\"msg\":\"Vendor uploaded product\",\"url\":\"\\/products\\/9\"}', NULL, '2026-02-02 02:15:55', '2026-02-02 02:15:55'),
('78fde4e1-7b67-4926-a8e0-3eb8b2f230c5', 'App\\Notifications\\OrderStatusNotification', 'App\\Models\\User', 6, '{\"type\":\"order_status\",\"title\":\"Order Confirmed\",\"message\":\"Good news! Your order #ORD-MN8NW3EFBM has been confirmed.\",\"action_url\":\"http:\\/\\/127.0.0.1:8000\\/user\\/orders\\/6\",\"order_id\":6,\"status\":\"confirmed\",\"icon\":\"bi-check-circle-fill\"}', NULL, '2026-02-09 12:59:45', '2026-02-09 12:59:45'),
('80a06542-5b44-4b86-9d50-9366ed121e62', 'App\\Notifications\\ProductUpdateProcessed', 'App\\Models\\User', 2, '{\"type\":\"product_update_processed\",\"title\":\"Product Update Approved\",\"message\":\"Your product update for \'Ultra Slim Smartphone (UPGRADED VERSION)\' has been approved.\",\"product_id\":1,\"product_name\":\"Ultra Slim Smartphone (UPGRADED VERSION)\",\"update_id\":2,\"status\":\"approved\",\"remark\":null,\"action_url\":\"http:\\/\\/127.0.0.1:8000\\/vendor\\/products\\/1\\/edit\",\"icon\":\"bi-check-all\"}', '2026-02-02 04:57:22', '2026-02-01 22:59:53', '2026-02-02 04:57:22'),
('80cb98dd-5f8b-4302-ae9f-61ebe2089efa', 'App\\Notifications\\NewOrderNotification', 'App\\Models\\User', 7, '{\"type\":\"new_order\",\"title\":\"New Order Received\",\"message\":\"Order #ORD-KRQWRXP98T has been placed for \\u20b9233.64\",\"action_url\":\"http:\\/\\/127.0.0.1:8000\\/admin\\/orders\\/13\",\"order_id\":13,\"icon\":\"bi-bag-check-fill\"}', NULL, '2026-02-08 11:11:55', '2026-02-08 11:11:55'),
('8106d2c8-0fb0-4db7-9053-719ab607299b', 'App\\Notifications\\NewOrderNotification', 'App\\Models\\User', 1, '{\"type\":\"new_order\",\"title\":\"New Order Received\",\"message\":\"Order #ORD-EWOBHGPKDZ has been placed for \\u20b988.50\",\"action_url\":\"http:\\/\\/127.0.0.1:8000\\/admin\\/orders\\/14\",\"order_id\":14,\"icon\":\"bi-bag-check-fill\"}', NULL, '2026-02-11 19:52:02', '2026-02-11 19:52:02'),
('8c123e11-2ecf-4c78-bd6b-5baa34693088', 'App\\Notifications\\OrderStatusNotification', 'App\\Models\\User', 6, '{\"type\":\"order_status\",\"title\":\"Order Confirmed\",\"message\":\"Good news! Your order #ORD-YOKUTU6RWT has been confirmed.\",\"action_url\":\"http:\\/\\/127.0.0.1:8000\\/user\\/orders\\/7\",\"order_id\":7,\"status\":\"confirmed\",\"icon\":\"bi-check-circle-fill\"}', NULL, '2026-02-09 10:22:38', '2026-02-09 10:22:38'),
('8f854006-061b-47e2-800f-497e5d6a174e', 'App\\Notifications\\ProductUpdateRequested', 'App\\Models\\User', 7, '{\"type\":\"product_update_requested\",\"title\":\"Product Update Requested\",\"message\":\"New update request for \'Tamanna\' from Test Store\",\"product_id\":8,\"product_name\":\"Tamanna\",\"vendor_name\":\"Test Store\",\"update_id\":3,\"action_url\":\"http:\\/\\/127.0.0.1:8000\\/admin\\/products\\/updates\\/3\",\"icon\":\"bi-pencil-square\"}', NULL, '2026-02-02 04:18:45', '2026-02-02 04:18:45'),
('9ea273df-0482-4621-9bc3-3025e405244a', 'App\\Notifications\\NewOrderNotification', 'App\\Models\\User', 2, '{\"type\":\"new_order\",\"title\":\"New Order Received\",\"message\":\"Order #ORD-UDNL27NXUO has been placed for \\u20b90.00\",\"action_url\":\"http:\\/\\/127.0.0.1:8000\\/vendor\\/orders\\/10\",\"order_id\":10,\"icon\":\"bi-bag-check-fill\"}', '2026-02-02 05:37:31', '2026-02-02 04:59:38', '2026-02-02 05:37:31'),
('a36ad405-9afc-4ce4-a751-31561667bdb1', 'App\\Notifications\\NewOrderNotification', 'App\\Models\\User', 1, '{\"type\":\"new_order\",\"title\":\"New Order Received\",\"message\":\"Order #ORD-UDNL27NXUO has been placed for \\u20b90.00\",\"action_url\":\"http:\\/\\/127.0.0.1:8000\\/admin\\/orders\\/10\",\"order_id\":10,\"icon\":\"bi-bag-check-fill\"}', '2026-02-02 05:36:36', '2026-02-02 04:59:38', '2026-02-02 05:36:36'),
('ab13ecc4-5aa7-445d-a42d-7577263fe102', 'App\\Notifications\\ProductNotification', 'App\\Models\\User', 1, '{\"title\":\"New Product\",\"msg\":\"Vendor uploaded product\",\"url\":\"\\/products\\/9\"}', NULL, '2026-02-02 02:15:55', '2026-02-02 02:15:55'),
('b331e6cd-e28f-4f79-a2a3-5b729677d93d', 'App\\Notifications\\NewOrderNotification', 'App\\Models\\User', 7, '{\"type\":\"new_order\",\"title\":\"New Order Received\",\"message\":\"Order #ORD-Z4OTGLIM5G has been placed for \\u20b90.00\",\"action_url\":\"http:\\/\\/127.0.0.1:8000\\/admin\\/orders\\/12\",\"order_id\":12,\"icon\":\"bi-bag-check-fill\"}', NULL, '2026-02-02 11:48:34', '2026-02-02 11:48:34'),
('b46f01e8-fc4f-49a0-a7d1-a2b8dd130675', 'App\\Notifications\\NewOrderNotification', 'App\\Models\\User', 7, '{\"type\":\"new_order\",\"title\":\"New Order Received\",\"message\":\"Order #ORD-UL0XYVQ09G has been placed for \\u20b90.00\",\"action_url\":\"http:\\/\\/127.0.0.1:8000\\/admin\\/orders\\/11\",\"order_id\":11,\"icon\":\"bi-bag-check-fill\"}', NULL, '2026-02-02 11:10:30', '2026-02-02 11:10:30'),
('b9a7cb5c-0898-42cd-9b10-aaa8920823a4', 'App\\Notifications\\NewOrderNotification', 'App\\Models\\User', 1, '{\"type\":\"new_order\",\"title\":\"New Order Received\",\"message\":\"Order #ORD-HR9PBXOSD8 has been placed for \\u20b957.82\",\"action_url\":\"http:\\/\\/127.0.0.1:8000\\/admin\\/orders\\/15\",\"order_id\":15,\"icon\":\"bi-bag-check-fill\"}', NULL, '2026-02-12 18:05:09', '2026-02-12 18:05:09'),
('ba3bf0b9-1b3e-49f9-a714-87fe8cc1d78e', 'App\\Notifications\\ProductUpdateProcessed', 'App\\Models\\User', 2, '{\"type\":\"product_update_processed\",\"title\":\"Product Update Approved\",\"message\":\"Your product update for \'Ultra Slim Smartphone (UPGRADED VERSION)\' has been approved.\",\"product_id\":1,\"product_name\":\"Ultra Slim Smartphone (UPGRADED VERSION)\",\"update_id\":2,\"status\":\"approved\",\"remark\":null,\"action_url\":\"http:\\/\\/127.0.0.1:8000\\/vendor\\/products\\/1\\/edit\",\"icon\":\"bi-check-all\"}', '2026-02-05 10:57:16', '2026-02-01 22:59:41', '2026-02-05 10:57:16'),
('ba798032-5771-4caa-9a7e-7bd6c2be9137', 'App\\Notifications\\OrderStatusNotification', 'App\\Models\\User', 3, '{\"type\":\"order_status\",\"title\":\"Order Confirmed\",\"message\":\"Good news! Your order #ORD-KRQWRXP98T has been confirmed.\",\"action_url\":\"http:\\/\\/127.0.0.1:8000\\/user\\/orders\\/13\",\"order_id\":13,\"status\":\"confirmed\",\"icon\":\"bi-check-circle-fill\"}', NULL, '2026-02-08 11:28:57', '2026-02-08 11:28:57'),
('cd0f492d-b79f-498b-9efe-6798c0c089da', 'App\\Notifications\\OrderStatusNotification', 'App\\Models\\User', 3, '{\"type\":\"order_status\",\"title\":\"Order Confirmed\",\"message\":\"Good news! Your order #ORD-Z4OTGLIM5G has been confirmed.\",\"action_url\":\"http:\\/\\/127.0.0.1:8000\\/user\\/orders\\/12\",\"order_id\":12,\"status\":\"confirmed\",\"icon\":\"bi-check-circle-fill\"}', NULL, '2026-02-03 12:04:09', '2026-02-03 12:04:09'),
('d3ff03bf-683e-44df-8e1a-7ebae5a77b4f', 'App\\Notifications\\OrderStatusNotification', 'App\\Models\\User', 3, '{\"type\":\"order_status\",\"title\":\"Order Update\",\"message\":\"Order #ORD-UDNL27NXUO status updated to pending.\",\"action_url\":\"http:\\/\\/127.0.0.1:8000\\/user\\/orders\\/10\",\"order_id\":10,\"status\":\"pending\",\"icon\":\"bi-bag\"}', NULL, '2026-02-02 05:39:44', '2026-02-02 05:39:44'),
('d64f864b-7d8c-477e-9767-4983e58fe52f', 'App\\Notifications\\OrderStatusNotification', 'App\\Models\\User', 3, '{\"type\":\"order_status\",\"title\":\"Order Confirmed\",\"message\":\"Good news! Your order #ORD-UDNL27NXUO has been confirmed.\",\"action_url\":\"http:\\/\\/127.0.0.1:8000\\/user\\/orders\\/10\",\"order_id\":10,\"status\":\"confirmed\",\"icon\":\"bi-check-circle-fill\"}', NULL, '2026-02-02 05:37:36', '2026-02-02 05:37:36'),
('da56b7f6-ff6d-4230-a337-994dcd302bc9', 'App\\Notifications\\NewOrderNotification', 'App\\Models\\User', 2, '{\"type\":\"new_order\",\"title\":\"New Order Received\",\"message\":\"Order #ORD-EWOBHGPKDZ has been placed for \\u20b988.50\",\"action_url\":\"http:\\/\\/127.0.0.1:8000\\/vendor\\/orders\\/14\",\"order_id\":14,\"icon\":\"bi-bag-check-fill\"}', NULL, '2026-02-11 19:52:00', '2026-02-11 19:52:00'),
('dd6eed16-6900-4346-90eb-15dda1596c43', 'App\\Notifications\\OrderStatusNotification', 'App\\Models\\User', 3, '{\"type\":\"order_status\",\"title\":\"Order Cancelled\",\"message\":\"Your order #ORD-UDNL27NXUO has been cancelled.\",\"action_url\":\"http:\\/\\/127.0.0.1:8000\\/user\\/orders\\/10\",\"order_id\":10,\"status\":\"cancelled\",\"icon\":\"bi-x-octagon-fill\"}', NULL, '2026-02-02 05:38:42', '2026-02-02 05:38:42'),
('e301c1bb-daea-4d49-b694-8ec506c5d83f', 'App\\Notifications\\NewOrderNotification', 'App\\Models\\User', 2, '{\"type\":\"new_order\",\"title\":\"New Order Received\",\"message\":\"Order #ORD-KRQWRXP98T has been placed for \\u20b9233.64\",\"action_url\":\"http:\\/\\/127.0.0.1:8000\\/vendor\\/orders\\/13\",\"order_id\":13,\"icon\":\"bi-bag-check-fill\"}', '2026-02-08 11:42:41', '2026-02-08 11:11:55', '2026-02-08 11:42:41'),
('e7f39c0b-f543-4113-95f3-c1b845174436', 'App\\Notifications\\OrderStatusNotification', 'App\\Models\\User', 3, '{\"type\":\"order_status\",\"title\":\"Order Confirmed\",\"message\":\"Good news! Your order #ORD-UL0XYVQ09G has been confirmed.\",\"action_url\":\"http:\\/\\/127.0.0.1:8000\\/user\\/orders\\/11\",\"order_id\":11,\"status\":\"confirmed\",\"icon\":\"bi-check-circle-fill\"}', NULL, '2026-02-09 09:26:41', '2026-02-09 09:26:41'),
('ef31c7b9-ea3e-4bb0-94e2-ef6d37bb2fd4', 'App\\Notifications\\NewOrderNotification', 'App\\Models\\User', 2, '{\"type\":\"new_order\",\"title\":\"New Order Received\",\"message\":\"Order #ORD-Z4OTGLIM5G has been placed for \\u20b90.00\",\"action_url\":\"http:\\/\\/127.0.0.1:8000\\/vendor\\/orders\\/12\",\"order_id\":12,\"icon\":\"bi-bag-check-fill\"}', '2026-02-03 12:04:04', '2026-02-02 11:48:34', '2026-02-03 12:04:04'),
('fc99c974-7e4c-4439-acc6-aea56a81ed7f', 'App\\Notifications\\ProductUpdateRequested', 'App\\Models\\User', 1, '{\"type\":\"product_update_requested\",\"title\":\"Product Update Requested\",\"message\":\"New update request for \'Tamanna\' from Test Store\",\"product_id\":8,\"product_name\":\"Tamanna\",\"vendor_name\":\"Test Store\",\"update_id\":3,\"action_url\":\"http:\\/\\/127.0.0.1:8000\\/admin\\/products\\/updates\\/3\",\"icon\":\"bi-pencil-square\"}', NULL, '2026-02-02 04:18:45', '2026-02-02 04:18:45');

-- --------------------------------------------------------

--
-- Table structure for table `orders`
--

CREATE TABLE `orders` (
  `id` bigint(20) UNSIGNED NOT NULL,
  `user_id` bigint(20) UNSIGNED DEFAULT NULL,
  `vendor_id` bigint(20) UNSIGNED DEFAULT NULL,
  `order_number` varchar(100) DEFAULT NULL,
  `subtotal` decimal(10,2) DEFAULT NULL,
  `tax` decimal(10,2) DEFAULT NULL,
  `shipping_cost` decimal(10,2) DEFAULT NULL,
  `discount` decimal(10,2) DEFAULT NULL,
  `total` decimal(10,2) DEFAULT NULL,
  `total_amount` decimal(10,2) NOT NULL DEFAULT 0.00,
  `commission_amount` decimal(10,2) NOT NULL DEFAULT 0.00,
  `vendor_amount` decimal(10,2) NOT NULL DEFAULT 0.00,
  `payment_status` varchar(255) DEFAULT NULL,
  `order_status` varchar(255) DEFAULT NULL,
  `shiprocket_order_id` varchar(255) DEFAULT NULL,
  `shipment_id` varchar(255) DEFAULT NULL,
  `awb_code` varchar(255) DEFAULT NULL,
  `label_url` varchar(255) DEFAULT NULL,
  `courier_name` varchar(255) DEFAULT NULL,
  `shipping_status` varchar(255) DEFAULT NULL,
  `payment_method` enum('cod','prepaid') NOT NULL DEFAULT 'cod',
  `vendor_status` varchar(255) DEFAULT NULL,
  `ready_to_ship` tinyint(1) NOT NULL DEFAULT 0,
  `shipped_at` timestamp NULL DEFAULT NULL,
  `shipping_provider` varchar(255) DEFAULT 'manual',
  `address` text DEFAULT NULL,
  `created_at` timestamp NULL DEFAULT NULL,
  `updated_at` timestamp NULL DEFAULT NULL,
  `is_rto` tinyint(1) NOT NULL DEFAULT 0
) ENGINE=InnoDB DEFAULT CHARSET=utf8mb4 COLLATE=utf8mb4_unicode_ci;

--
-- Dumping data for table `orders`
--

INSERT INTO `orders` (`id`, `user_id`, `vendor_id`, `order_number`, `subtotal`, `tax`, `shipping_cost`, `discount`, `total`, `total_amount`, `commission_amount`, `vendor_amount`, `payment_status`, `order_status`, `shiprocket_order_id`, `shipment_id`, `awb_code`, `label_url`, `courier_name`, `shipping_status`, `payment_method`, `vendor_status`, `ready_to_ship`, `shipped_at`, `shipping_provider`, `address`, `created_at`, `updated_at`, `is_rto`) VALUES
(1, 3, NULL, 'ORD-IDQNIK015C', 1024.98, 102.50, 10.00, 0.00, 1137.48, 0.00, 0.00, 0.00, 'pending', 'delivered', NULL, NULL, NULL, NULL, NULL, 'pending', 'cod', 'pending', 0, NULL, 'manual', NULL, '2026-01-24 10:52:51', '2026-01-25 11:02:18', 0),
(3, 3, 1, 'ORD-OTPC5EWKHY', 0.00, 0.00, 0.00, 0.00, 0.00, 0.00, 0.00, 0.00, 'pending', 'shipped', NULL, NULL, NULL, NULL, NULL, 'pending', 'cod', 'accepted', 1, NULL, 'manual', '{\"id\":1,\"user_id\":3,\"name\":\"hun\",\"email\":\"customer@gletra.com\",\"phone\":\"987654321\",\"country\":\"in\",\"state\":\"pun\",\"city\":\"bnl\",\"zip_code\":\"148107\",\"address\":\"hntftv\",\"is_default\":1,\"created_at\":\"2026-01-25T13:55:56.000000Z\",\"updated_at\":\"2026-01-25T13:55:56.000000Z\"}', '2026-01-25 08:34:59', '2026-01-26 12:40:38', 0),
(4, 3, 1, 'ORD-MR4IJOM4XY', 0.00, 0.00, 0.00, 0.00, 0.00, 0.00, 0.00, 0.00, 'pending', 'pending', NULL, NULL, NULL, NULL, NULL, 'pending', 'cod', 'accepted', 1, NULL, 'manual', '{\"id\":1,\"user_id\":3,\"name\":\"hun\",\"email\":\"customer@gletra.com\",\"phone\":\"987654321\",\"country\":\"in\",\"state\":\"pun\",\"city\":\"bnl\",\"zip_code\":\"148107\",\"address\":\"hntftv\",\"is_default\":1,\"created_at\":\"2026-01-25T13:55:56.000000Z\",\"updated_at\":\"2026-01-25T13:55:56.000000Z\"}', '2026-01-26 13:57:58', '2026-01-26 14:11:38', 0),
(5, 3, 1, 'ORD-K2XDKM5MPJ', 0.00, 0.00, 0.00, 0.00, 0.00, 0.00, 0.00, 0.00, 'pending', 'on_hold', NULL, NULL, NULL, NULL, NULL, 'pending', 'cod', 'hold', 0, NULL, 'manual', '{\"id\":1,\"user_id\":3,\"name\":\"hun\",\"email\":\"customer@gletra.com\",\"phone\":\"987654321\",\"country\":\"in\",\"state\":\"pun\",\"city\":\"bnl\",\"zip_code\":\"148107\",\"address\":\"hntftv\",\"is_default\":1,\"created_at\":\"2026-01-25T13:55:56.000000Z\",\"updated_at\":\"2026-01-25T13:55:56.000000Z\"}', '2026-01-31 10:19:47', '2026-02-09 13:02:46', 0),
(6, 6, 1, 'ORD-MN8NW3EFBM', 0.00, 0.00, 0.00, 0.00, 0.00, 0.00, 0.00, 0.00, 'pending', 'processing', NULL, NULL, NULL, NULL, NULL, 'created', 'cod', 'accepted', 0, NULL, 'manual', '{\"id\":2,\"user_id\":6,\"title\":\"New Punjabi Dhaba  Back Side Alipur Town\",\"name\":\"Tamanna\",\"email\":\"dakshchoudhary689@gmail.com\",\"phone\":\"09992545508\",\"country\":\"India\",\"state\":\"Haryana\",\"city\":\"Panchkula\",\"zip_code\":\"134118\",\"address\":\"New Punjabi Dhaba  Back Side Alipur Town\",\"full_address\":\"New Punjabi Dhaba  Back Side Alipur Town\",\"is_default\":1,\"created_at\":\"2026-01-31T16:39:55.000000Z\",\"updated_at\":\"2026-01-31T16:40:40.000000Z\"}', '2026-01-31 11:12:32', '2026-02-09 12:59:41', 0),
(7, 6, 1, 'ORD-YOKUTU6RWT', 0.00, 0.00, 0.00, 0.00, 0.00, 0.00, 0.00, 0.00, 'pending', 'processing', NULL, NULL, NULL, NULL, NULL, 'created', 'cod', 'accepted', 0, NULL, 'manual', '{\"id\":2,\"user_id\":6,\"title\":\"New Punjabi Dhaba  Back Side Alipur Town\",\"name\":\"Tamanna\",\"email\":\"dakshchoudhary689@gmail.com\",\"phone\":\"09992545508\",\"country\":\"India\",\"state\":\"Haryana\",\"city\":\"Panchkula\",\"zip_code\":\"134118\",\"address\":\"New Punjabi Dhaba  Back Side Alipur Town\",\"full_address\":\"New Punjabi Dhaba  Back Side Alipur Town\",\"is_default\":1,\"created_at\":\"2026-01-31T16:39:55.000000Z\",\"updated_at\":\"2026-01-31T16:40:40.000000Z\"}', '2026-01-31 11:27:45', '2026-02-09 10:22:35', 0),
(8, 6, 1, 'ORD-EZCA1NEMRQ', 0.00, 0.00, 0.00, 0.00, 0.00, 0.00, 0.00, 0.00, 'pending', 'pending', NULL, NULL, NULL, NULL, NULL, 'pending', 'cod', 'accepted', 1, NULL, 'manual', '{\"id\":2,\"user_id\":6,\"title\":\"New Punjabi Dhaba  Back Side Alipur Town\",\"name\":\"Tamanna\",\"email\":\"dakshchoudhary689@gmail.com\",\"phone\":\"09992545508\",\"country\":\"India\",\"state\":\"Haryana\",\"city\":\"Panchkula\",\"zip_code\":\"134118\",\"address\":\"New Punjabi Dhaba  Back Side Alipur Town\",\"full_address\":\"New Punjabi Dhaba  Back Side Alipur Town\",\"is_default\":1,\"created_at\":\"2026-01-31T16:39:55.000000Z\",\"updated_at\":\"2026-01-31T16:40:40.000000Z\"}', '2026-01-31 19:29:01', '2026-02-01 19:47:33', 0),
(9, 6, 1, 'ORD-I5OYROOMIL', 0.00, 0.00, 0.00, 0.00, 0.00, 0.00, 0.00, 0.00, 'pending', 'pending', NULL, NULL, NULL, NULL, NULL, 'pending', 'cod', 'accepted', 1, NULL, 'manual', '{\"id\":3,\"user_id\":6,\"title\":\"Baba Jiwan Singh Nagar\",\"name\":\"Tamanna\",\"email\":\"dakshchoudhary689@gmail.com\",\"phone\":\"09041823725\",\"country\":\"India\",\"state\":\"PUNJAB\",\"city\":\"Handiaya\",\"zip_code\":\"148107\",\"address\":\"Baba Jiwan Singh Nagar\\r\\nDhonola Khurd Road\",\"full_address\":\"Baba Jiwan Singh Nagar\\r\\nDhonola Khurd Road\",\"is_default\":0,\"created_at\":\"2026-01-31T16:40:15.000000Z\",\"updated_at\":\"2026-01-31T16:40:40.000000Z\"}', '2026-01-31 21:30:19', '2026-02-01 19:27:15', 0),
(10, 3, 1, 'ORD-UDNL27NXUO', 0.00, 0.00, 0.00, 0.00, 0.00, 0.00, 0.00, 0.00, 'pending', 'confirmed', NULL, NULL, NULL, NULL, NULL, 'pending', 'cod', 'accepted', 1, NULL, 'manual', '{\"id\":1,\"user_id\":3,\"title\":null,\"name\":\"hun\",\"email\":\"customer@gletra.com\",\"phone\":\"987654321\",\"country\":\"in\",\"state\":\"pun\",\"city\":\"bnl\",\"zip_code\":\"148107\",\"address\":\"hntftv\",\"full_address\":null,\"is_default\":1,\"created_at\":\"2026-01-25T13:55:56.000000Z\",\"updated_at\":\"2026-01-25T13:55:56.000000Z\"}', '2026-02-02 04:59:38', '2026-02-02 05:40:17', 0),
(11, 3, 1, 'ORD-UL0XYVQ09G', 0.00, 0.00, 0.00, 0.00, 0.00, 0.00, 0.00, 0.00, 'pending', 'pending', NULL, NULL, NULL, NULL, NULL, 'pending', 'cod', 'accepted', 1, NULL, 'manual', '{\"id\":1,\"user_id\":3,\"title\":null,\"name\":\"hun\",\"email\":\"customer@gletra.com\",\"phone\":\"987654321\",\"country\":\"in\",\"state\":\"pun\",\"city\":\"bnl\",\"zip_code\":\"148107\",\"address\":\"hntftv\",\"full_address\":null,\"is_default\":1,\"created_at\":\"2026-01-25T13:55:56.000000Z\",\"updated_at\":\"2026-01-25T13:55:56.000000Z\"}', '2026-02-02 11:10:27', '2026-02-09 09:26:38', 0),
(12, 3, 1, 'ORD-Z4OTGLIM5G', 0.00, 0.00, 0.00, 0.00, 0.00, 0.00, 0.00, 0.00, 'pending', 'pending', NULL, NULL, NULL, NULL, NULL, 'pending', 'cod', 'accepted', 1, NULL, 'manual', '{\"id\":1,\"user_id\":3,\"title\":null,\"name\":\"hun\",\"email\":\"customer@gletra.com\",\"phone\":\"987654321\",\"country\":\"in\",\"state\":\"pun\",\"city\":\"bnl\",\"zip_code\":\"148107\",\"address\":\"hntftv\",\"full_address\":null,\"is_default\":1,\"created_at\":\"2026-01-25T13:55:56.000000Z\",\"updated_at\":\"2026-01-25T13:55:56.000000Z\"}', '2026-02-02 11:48:34', '2026-02-03 12:04:07', 0),
(13, 3, 1, 'ORD-KRQWRXP98T', 198.00, 35.64, 0.00, 0.00, 233.64, 233.64, 23.36, 210.28, 'pending', 'pending', NULL, NULL, NULL, NULL, NULL, 'not_created', 'cod', 'accepted', 1, NULL, 'manual', '{\"id\":1,\"user_id\":3,\"title\":null,\"name\":\"hun\",\"email\":\"customer@gletra.com\",\"phone\":\"987654321\",\"country\":\"in\",\"state\":\"pun\",\"city\":\"bnl\",\"zip_code\":\"148107\",\"address\":\"hntftv\",\"full_address\":null,\"is_default\":1,\"created_at\":\"2026-01-25T13:55:56.000000Z\",\"updated_at\":\"2026-01-25T13:55:56.000000Z\"}', '2026-02-08 11:11:52', '2026-02-08 11:28:57', 0),
(14, 3, 1, 'ORD-EWOBHGPKDZ', 75.00, 13.50, 0.00, 0.00, 88.50, 88.50, 8.85, 79.65, 'pending', 'processing', NULL, NULL, NULL, NULL, NULL, 'created', 'cod', 'accepted', 0, NULL, 'manual', '{\"id\":1,\"user_id\":3,\"title\":null,\"name\":\"hun\",\"email\":\"customer@gletra.com\",\"phone\":\"987654321\",\"country\":\"in\",\"state\":\"pun\",\"city\":\"bnl\",\"zip_code\":\"148107\",\"address\":\"hntftv\",\"full_address\":null,\"is_default\":1,\"created_at\":\"2026-01-25T13:55:56.000000Z\",\"updated_at\":\"2026-01-25T13:55:56.000000Z\"}', '2026-02-11 19:51:57', '2026-02-12 18:07:05', 0),
(15, 3, 1, 'ORD-HR9PBXOSD8', 49.00, 8.82, 0.00, 0.00, 57.82, 57.82, 5.78, 52.04, 'pending', 'processing', NULL, NULL, NULL, NULL, NULL, 'created', 'cod', 'accepted', 0, NULL, 'manual', '{\"id\":1,\"user_id\":3,\"title\":null,\"name\":\"hun\",\"email\":\"customer@gletra.com\",\"phone\":\"987654321\",\"country\":\"in\",\"state\":\"pun\",\"city\":\"bnl\",\"zip_code\":\"148107\",\"address\":\"hntftv\",\"full_address\":null,\"is_default\":1,\"created_at\":\"2026-01-25T13:55:56.000000Z\",\"updated_at\":\"2026-01-25T13:55:56.000000Z\"}', '2026-02-12 18:05:08', '2026-02-12 18:07:13', 0);

-- --------------------------------------------------------

--
-- Table structure for table `order_items`
--

CREATE TABLE `order_items` (
  `id` bigint(20) UNSIGNED NOT NULL,
  `order_id` bigint(20) UNSIGNED DEFAULT NULL,
  `product_id` bigint(20) UNSIGNED DEFAULT NULL,
  `product_name` varchar(255) DEFAULT NULL,
  `product_image` varchar(255) DEFAULT NULL,
  `variant_name` varchar(255) DEFAULT NULL,
  `vendor_id` bigint(20) UNSIGNED DEFAULT NULL,
  `price` decimal(10,2) DEFAULT NULL,
  `cgst` decimal(15,2) NOT NULL DEFAULT 0.00,
  `sgst` decimal(15,2) NOT NULL DEFAULT 0.00,
  `igst` decimal(15,2) NOT NULL DEFAULT 0.00,
  `quantity` int(11) DEFAULT NULL,
  `status` varchar(50) DEFAULT NULL
) ENGINE=InnoDB DEFAULT CHARSET=utf8mb4 COLLATE=utf8mb4_unicode_ci;

--
-- Dumping data for table `order_items`
--

INSERT INTO `order_items` (`id`, `order_id`, `product_id`, `product_name`, `product_image`, `variant_name`, `vendor_id`, `price`, `cgst`, `sgst`, `igst`, `quantity`, `status`) VALUES
(12, 10, 6, 'brass-base-metal-kum-kum-bangles-set-for-women red', NULL, NULL, 1, 140.00, 0.00, 0.00, 0.00, NULL, 'processing'),
(13, 11, 6, 'brass-base-metal-kum-kum-bangles-set-for-women red', NULL, NULL, 1, 140.00, 0.00, 0.00, 0.00, NULL, 'processing'),
(14, 12, 6, 'brass-base-metal-kum-kum-bangles-set-for-women red', NULL, NULL, 1, 140.00, 0.00, 0.00, 0.00, NULL, 'cancelled'),
(15, 13, 15, 'Aroma mix fruit 5in1 facial kit', 'uploads/vendors/products/1/primary/1770302613_uFpiop.webp', NULL, 1, 99.00, 8.91, 8.91, 0.00, 1, 'processing'),
(16, 13, 14, 'Aroma goldish facial kit1', 'uploads/vendors/products/1/primary/1770302537_wgYMNa.webp', NULL, 1, 99.00, 8.91, 8.91, 0.00, 1, 'processing'),
(17, 14, 19, 'Cute Kitty Girl Cartoon Hair Clips (Pair)', 'vendors/products/1/primary/1770410833_BvghYf.webp', NULL, 1, 75.00, 6.75, 6.75, 0.00, 1, 'pending'),
(18, 15, 26, 'Round Earing mehroon', 'vendors/products/1/primary/1770938586_HkbNiy.webp', NULL, 1, 49.00, 4.41, 4.41, 0.00, 1, 'pending');

-- --------------------------------------------------------

--
-- Table structure for table `order_trackings`
--

CREATE TABLE `order_trackings` (
  `id` bigint(20) UNSIGNED NOT NULL,
  `order_id` bigint(20) UNSIGNED NOT NULL,
  `status` varchar(255) NOT NULL,
  `message` varchar(255) DEFAULT NULL,
  `location` varchar(255) DEFAULT NULL,
  `created_at` timestamp NULL DEFAULT NULL,
  `updated_at` timestamp NULL DEFAULT NULL
) ENGINE=InnoDB DEFAULT CHARSET=utf8mb4 COLLATE=utf8mb4_unicode_ci;

-- --------------------------------------------------------

--
-- Table structure for table `payments`
--

CREATE TABLE `payments` (
  `id` bigint(20) UNSIGNED NOT NULL,
  `order_id` bigint(20) UNSIGNED DEFAULT NULL,
  `payment_method` varchar(50) DEFAULT NULL,
  `transaction_id` varchar(255) DEFAULT NULL,
  `amount` decimal(10,2) DEFAULT NULL,
  `method` varchar(255) DEFAULT NULL,
  `status` varchar(255) DEFAULT 'pending',
  `expires_at` timestamp NULL DEFAULT NULL,
  `response` longtext DEFAULT NULL,
  `created_at` timestamp NULL DEFAULT NULL,
  `updated_at` timestamp NULL DEFAULT NULL
) ENGINE=InnoDB DEFAULT CHARSET=utf8mb4 COLLATE=utf8mb4_unicode_ci;

-- --------------------------------------------------------

--
-- Table structure for table `payouts`
--

CREATE TABLE `payouts` (
  `id` bigint(20) UNSIGNED NOT NULL,
  `vendor_id` bigint(20) UNSIGNED DEFAULT NULL,
  `amount` decimal(10,2) DEFAULT NULL,
  `status` enum('pending','paid') DEFAULT NULL,
  `created_at` timestamp NULL DEFAULT NULL
) ENGINE=InnoDB DEFAULT CHARSET=utf8mb4 COLLATE=utf8mb4_unicode_ci;

-- --------------------------------------------------------

--
-- Table structure for table `permissions`
--

CREATE TABLE `permissions` (
  `id` bigint(20) UNSIGNED NOT NULL,
  `name` varchar(255) NOT NULL,
  `guard_name` varchar(255) NOT NULL,
  `created_at` timestamp NULL DEFAULT NULL,
  `updated_at` timestamp NULL DEFAULT NULL
) ENGINE=InnoDB DEFAULT CHARSET=utf8mb4 COLLATE=utf8mb4_unicode_ci;

--
-- Dumping data for table `permissions`
--

INSERT INTO `permissions` (`id`, `name`, `guard_name`, `created_at`, `updated_at`) VALUES
(1, 'dashboard.view', 'web', '2026-01-24 11:47:10', '2026-01-24 11:47:10'),
(2, 'users.manage', 'web', '2026-01-24 11:47:10', '2026-01-24 11:47:10'),
(3, 'vendors.manage', 'web', '2026-01-24 11:47:10', '2026-01-24 11:47:10'),
(4, 'products.manage', 'web', '2026-01-24 11:47:10', '2026-01-24 11:47:10'),
(5, 'categories.manage', 'web', '2026-01-24 11:47:10', '2026-01-24 11:47:10'),
(6, 'orders.manage', 'web', '2026-01-24 11:47:10', '2026-01-24 11:47:10'),
(7, 'payments.manage', 'web', '2026-01-24 11:47:10', '2026-01-24 11:47:10'),
(8, 'shipping.manage', 'web', '2026-01-24 11:47:10', '2026-01-24 11:47:10'),
(9, 'tax.manage', 'web', '2026-01-24 11:47:10', '2026-01-24 11:47:10'),
(10, 'refunds.manage', 'web', '2026-01-24 11:47:10', '2026-01-24 11:47:10'),
(11, 'wallet.manage', 'web', '2026-01-24 11:47:10', '2026-01-24 11:47:10'),
(12, 'cms.manage', 'web', '2026-01-24 11:47:10', '2026-01-24 11:47:10'),
(13, 'ads.manage', 'web', '2026-01-24 11:47:10', '2026-01-24 11:47:10'),
(14, 'reports.view', 'web', '2026-01-24 11:47:10', '2026-01-24 11:47:10'),
(15, 'settings.manage', 'web', '2026-01-24 11:47:10', '2026-01-24 11:47:10'),
(16, 'logs.view', 'web', '2026-01-24 11:47:10', '2026-01-24 11:47:10'),
(17, 'security.manage', 'web', '2026-01-24 11:47:10', '2026-01-24 11:47:10'),
(18, 'ui.view', 'web', '2026-01-27 12:07:59', '2026-01-27 12:07:59'),
(19, 'ui.edit', 'web', '2026-01-27 12:07:59', '2026-01-27 12:07:59'),
(20, 'ui.theme.manage', 'web', '2026-01-27 12:07:59', '2026-01-27 12:07:59'),
(21, 'ui.header.manage', 'web', '2026-01-27 12:07:59', '2026-01-27 12:07:59'),
(22, 'ui.navbar.manage', 'web', '2026-01-27 12:07:59', '2026-01-27 12:07:59'),
(23, 'ui.megamenu.manage', 'web', '2026-01-27 12:07:59', '2026-01-27 12:07:59'),
(24, 'ui.sidebar.manage', 'web', '2026-01-27 12:07:59', '2026-01-27 12:07:59'),
(25, 'ui.footer.manage', 'web', '2026-01-27 12:07:59', '2026-01-27 12:07:59'),
(26, 'ui.slider.manage', 'web', '2026-01-27 12:07:59', '2026-01-27 12:07:59'),
(27, 'ui.banner.manage', 'web', '2026-01-27 12:07:59', '2026-01-27 12:07:59'),
(28, 'ui.scroll.manage', 'web', '2026-01-27 12:07:59', '2026-01-27 12:07:59'),
(29, 'ui.category.layout', 'web', '2026-01-27 12:07:59', '2026-01-27 12:07:59'),
(30, 'ui.product.layout', 'web', '2026-01-27 12:07:59', '2026-01-27 12:07:59'),
(31, 'ui.page.design', 'web', '2026-01-27 12:07:59', '2026-01-27 12:07:59'),
(32, 'ui.css.manage', 'web', '2026-01-27 12:07:59', '2026-01-27 12:07:59');

-- --------------------------------------------------------

--
-- Table structure for table `products`
--

CREATE TABLE `products` (
  `id` bigint(20) UNSIGNED NOT NULL,
  `vendor_id` bigint(20) UNSIGNED DEFAULT NULL,
  `category_id` bigint(20) UNSIGNED DEFAULT NULL,
  `brand_id` bigint(20) UNSIGNED DEFAULT NULL,
  `name` varchar(200) DEFAULT NULL,
  `primary_image` varchar(255) DEFAULT NULL,
  `slug` varchar(200) DEFAULT NULL,
  `description` text DEFAULT NULL,
  `price` decimal(10,2) DEFAULT NULL,
  `weight` decimal(8,2) NOT NULL DEFAULT 0.50,
  `sale_price` decimal(10,2) DEFAULT NULL,
  `sku` varchar(100) DEFAULT NULL,
  `print_sku_on_image` tinyint(1) NOT NULL DEFAULT 1,
  `hsn_code` varchar(20) DEFAULT NULL,
  `gst_rate` decimal(5,2) NOT NULL DEFAULT 18.00,
  `stock_qty` int(11) NOT NULL DEFAULT 0,
  `product_type` enum('simple','variable','digital') DEFAULT NULL,
  `status` varchar(50) DEFAULT 'pending',
  `is_live` tinyint(1) NOT NULL DEFAULT 0,
  `approved_at` timestamp NULL DEFAULT NULL,
  `is_cod_available` tinyint(1) NOT NULL DEFAULT 1,
  `is_prepaid_available` tinyint(1) NOT NULL DEFAULT 1,
  `length` decimal(8,2) DEFAULT NULL,
  `width` decimal(8,2) DEFAULT NULL,
  `height` decimal(8,2) DEFAULT NULL,
  `is_featured` tinyint(4) NOT NULL DEFAULT 0,
  `is_flash_sale` tinyint(1) NOT NULL DEFAULT 0,
  `flash_sale_price` decimal(15,2) DEFAULT NULL,
  `is_deal_of_the_day` tinyint(1) NOT NULL DEFAULT 0,
  `created_at` timestamp NULL DEFAULT NULL,
  `updated_at` timestamp NULL DEFAULT NULL
) ENGINE=InnoDB DEFAULT CHARSET=utf8mb4 COLLATE=utf8mb4_unicode_ci;

--
-- Dumping data for table `products`
--

INSERT INTO `products` (`id`, `vendor_id`, `category_id`, `brand_id`, `name`, `primary_image`, `slug`, `description`, `price`, `weight`, `sale_price`, `sku`, `print_sku_on_image`, `hsn_code`, `gst_rate`, `stock_qty`, `product_type`, `status`, `is_live`, `approved_at`, `is_cod_available`, `is_prepaid_available`, `length`, `width`, `height`, `is_featured`, `is_flash_sale`, `flash_sale_price`, `is_deal_of_the_day`, `created_at`, `updated_at`) VALUES
(6, 1, 7, NULL, 'brass-base-metal-kum-kum-bangles-set-for-women red', NULL, 'brass-base-metal-kum-kum-bangles-set-for-women-red-8WTus', 'tesrt', 240.00, 0.50, 140.00, 'IPWXEK8T', 1, NULL, 18.00, 10, 'simple', 'active', 0, NULL, 1, 1, NULL, NULL, NULL, 0, 0, NULL, 0, '2026-02-01 23:59:49', '2026-02-02 11:48:34'),
(14, 1, 4, 1, 'Aroma goldish facial kit1', 'vendors/products/1/primary/1770302537_wgYMNa.webp', 'aroma-goldish-facial-kit1-TUp2j', 'Aroma goldish facial kit1', 210.00, 0.50, 99.00, 'G-498487157', 1, NULL, 18.00, 9, 'simple', 'active', 0, NULL, 1, 1, 10.00, 10.00, 10.00, 1, 0, NULL, 0, '2026-02-05 09:12:18', '2026-02-11 07:56:27'),
(15, 1, 2, 1, 'Aroma mix fruit 5in1 facial kit', 'vendors/products/1/primary/1770302613_uFpiop.webp', 'aroma-mix-fruit-5in1-facial-kit-y2u1m', 'Aroma mix fruit 5in1 facial kit', 149.00, 0.50, 99.00, 'G-175071244', 1, NULL, 18.00, 9, 'simple', 'active', 0, NULL, 1, 1, 10.00, 10.00, 10.00, 0, 0, NULL, 0, '2026-02-05 09:13:33', '2026-02-11 07:56:27'),
(16, 1, 2, NULL, 'Magal suter Women Round bol', 'vendors/products/1/primary/1770303533_5PbG9L.webp', 'magal-suter-women-round-bol-NKX27', 'Magal suter Women Round bol', 249.00, 0.50, 149.00, 'G-481376156', 1, NULL, 18.00, 10, 'simple', 'active', 0, NULL, 1, 1, 10.00, 10.00, 10.00, 1, 0, NULL, 0, '2026-02-05 09:28:53', '2026-02-11 07:56:27'),
(17, 1, 2, NULL, 'Magal suter Women', 'vendors/products/1/primary/1770303584_QowgSK.webp', 'magal-suter-women-RkQO8', 'Magal suter Women', 220.00, 0.50, 159.00, 'G-174833490', 1, NULL, 18.00, 10, 'simple', 'active', 0, NULL, 1, 1, 10.00, 10.00, 10.00, 0, 0, NULL, 0, '2026-02-05 09:29:44', '2026-02-11 07:56:27'),
(18, 1, 11, NULL, 'Stone Latkan Chada 2 pc', 'vendors/products/1/primary/1770303903_L7Lrc8.webp', 'stone-latkan-chada-2-pc-UXgCn', 'Stone Latkan Chada 2 pc', 350.00, 0.50, 249.00, 'G-745908809', 1, NULL, 18.00, 10, 'simple', 'active', 0, NULL, 1, 1, 10.00, 10.00, 10.00, 0, 0, NULL, 0, '2026-02-05 09:35:04', '2026-02-11 07:56:27'),
(19, 1, 26, NULL, 'Cute Kitty Girl Cartoon Hair Clips (Pair)', 'vendors/products/1/primary/1770410833_BvghYf.webp', 'cute-kitty-girl-cartoon-hair-clips-pair-sspql', 'Product Type: Kids Hair Clips / Hair Accessories\r\n\r\nDesign: Cute cartoon girl with kitty ear headphone\r\n\r\nColor: Pink theme with multicolor spiral grip\r\n\r\nMaterial: Soft rubber + plastic (skin-friendly)\r\n\r\nQuantity: 2 Hair Clips (1 Pair)\r\n\r\nGrip Type: Spiral elastic grip – strong hold, no hair damage\r\n\r\nIdeal For: Baby girls, kids & toddlers\r\n\r\nOccasion: Daily wear, party, school, birthday gift\r\n\r\nStyle: Cute, trendy & attractive', 149.00, 0.50, 75.00, 'G-652434134', 1, NULL, 18.00, 9, 'simple', 'active', 0, NULL, 1, 1, 10.00, 10.00, 10.00, 0, 0, NULL, 0, '2026-02-06 15:17:15', '2026-02-11 19:51:57'),
(20, 1, 4, NULL, 'Pure Roots Herbals Gold Creme Bleach', 'vendors/products/1/primary/1770662521_kaI1Fc.webp', 'pure-roots-herbals-gold-creme-bleach-sQLNC', 'Pure Roots Herbals Gold Creme Bleach', 99.00, 0.50, 75.00, 'G-945956828', 1, NULL, 18.00, 10, 'simple', 'active', 0, NULL, 1, 1, 10.00, 10.00, 10.00, 0, 0, NULL, 0, '2026-02-09 13:12:02', '2026-02-11 07:56:27'),
(21, 1, 4, NULL, 'Fair & Lovely Advanced Multi Vitamin', 'vendors/products/1/primary/1770662599_E0sqhP.webp', 'fair-lovely-advanced-multi-vitamin-HkAsv', 'Fair & Lovely Advanced Multi Vitamin', 99.00, 0.50, 65.00, 'G-668067390', 1, NULL, 18.00, 10, 'simple', 'active', 0, NULL, 1, 1, 10.00, 10.00, 10.00, 0, 0, NULL, 0, '2026-02-09 13:13:20', '2026-02-11 07:56:27'),
(22, 1, 4, NULL, 'Pure Roots Herbals Fruit Creme Bleach', 'vendors/products/1/primary/1770662667_jOaoQv.webp', 'pure-roots-herbals-fruit-creme-bleach-zU6Ct', 'Pure Roots Herbals Fruit Creme Bleach', 99.00, 0.50, 78.00, 'G-328124615', 1, NULL, 18.00, 10, 'simple', 'active', 0, NULL, 1, 1, 10.00, 10.00, 10.00, 0, 0, NULL, 0, '2026-02-09 13:14:27', '2026-02-11 07:56:27'),
(24, 1, 315, NULL, 'Round Earing Purple', 'vendors/products/1/primary/1770723261_suzMPn.webp', 'round-earing-purple-Y7WR4', 'Round Earing Purple', 99.00, 0.50, 49.00, 'G-989258752', 1, NULL, 18.00, 10, 'simple', 'pending', 0, NULL, 1, 1, 10.00, 10.00, 10.00, 0, 0, NULL, 0, '2026-02-10 06:04:21', '2026-02-11 07:56:27'),
(25, 1, 315, NULL, 'Brass Golden,big Stone Round Jumka Earring Red', 'vendors/products/1/primary/1770723545_YbxzUJ.webp', 'brass-goldenbig-stone-round-jumka-earring-red-DT4hc', 'Brass Golden,big Stone Round Jumka Earring Red', 100.00, 0.50, 49.00, 'G-253700318', 1, NULL, 18.00, 10, 'simple', 'active', 0, NULL, 1, 1, NULL, NULL, NULL, 1, 0, NULL, 0, '2026-02-10 06:09:05', '2026-02-11 07:56:27'),
(26, 1, 250, NULL, 'Round Earing mehroon', 'vendors/products/1/primary/1770938586_HkbNiy.webp', 'round-earing-mehroon-CFHYU', 'Round Earing mehroon', 99.00, 0.50, 49.00, 'G-322628514', 1, NULL, 18.00, 9, 'simple', 'active', 0, NULL, 1, 1, 10.00, 10.00, 10.00, 0, 0, NULL, 0, '2026-02-12 17:53:07', '2026-02-12 18:05:08');

-- --------------------------------------------------------

--
-- Table structure for table `product_galleries`
--

CREATE TABLE `product_galleries` (
  `id` bigint(20) UNSIGNED NOT NULL,
  `product_id` bigint(20) UNSIGNED NOT NULL,
  `image` varchar(255) NOT NULL,
  `created_at` timestamp NULL DEFAULT NULL,
  `updated_at` timestamp NULL DEFAULT NULL
) ENGINE=InnoDB DEFAULT CHARSET=utf8mb4 COLLATE=utf8mb4_unicode_ci;

--
-- Dumping data for table `product_galleries`
--

INSERT INTO `product_galleries` (`id`, `product_id`, `image`, `created_at`, `updated_at`) VALUES
(7, 14, 'vendors/products/1/gallery/1770302538_K6tV3q.webp', '2026-02-05 09:12:18', '2026-02-11 07:56:27'),
(8, 14, 'vendors/products/1/gallery/1770302538_9a9YlD.webp', '2026-02-05 09:12:18', '2026-02-11 07:56:27'),
(9, 15, 'vendors/products/1/gallery/1770302613_Pg16Rq.webp', '2026-02-05 09:13:34', '2026-02-11 07:56:27'),
(10, 19, 'vendors/products/1/gallery/1770410835_BhBxUz.webp', '2026-02-06 15:17:15', '2026-02-11 07:56:27'),
(11, 19, 'vendors/products/1/gallery/1770410835_YjiOCW.webp', '2026-02-06 15:17:15', '2026-02-11 07:56:27'),
(12, 19, 'vendors/products/1/gallery/1770410835_qUyd2B.webp', '2026-02-06 15:17:16', '2026-02-11 07:56:27'),
(13, 20, 'vendors/products/1/gallery/1770662522_a8edzF.webp', '2026-02-09 13:12:02', '2026-02-11 07:56:27'),
(14, 20, 'vendors/products/1/gallery/1770662522_cpB51p.webp', '2026-02-09 13:12:03', '2026-02-11 07:56:27'),
(15, 20, 'vendors/products/1/gallery/1770662523_0cVdlq.webp', '2026-02-09 13:12:03', '2026-02-11 07:56:27'),
(16, 21, 'vendors/products/1/gallery/1770662600_tHE4xk.webp', '2026-02-09 13:13:20', '2026-02-11 07:56:27'),
(17, 22, 'vendors/products/1/gallery/1770662667_lv5q7L.webp', '2026-02-09 13:14:27', '2026-02-11 07:56:27'),
(18, 22, 'vendors/products/1/gallery/1770662667_aze3Nd.webp', '2026-02-09 13:14:28', '2026-02-11 07:56:27'),
(25, 24, 'vendors/products/1/gallery/1770723261_f78F3D.webp', '2026-02-10 06:04:22', '2026-02-11 07:56:27'),
(26, 24, 'vendors/products/1/gallery/1770723262_wpRJgy.webp', '2026-02-10 06:04:22', '2026-02-11 07:56:27'),
(27, 24, 'vendors/products/1/gallery/1770723262_36njwm.webp', '2026-02-10 06:04:22', '2026-02-11 07:56:27'),
(28, 24, 'vendors/products/1/gallery/1770723262_R1V2M7.webp', '2026-02-10 06:04:22', '2026-02-11 07:56:27'),
(29, 24, 'vendors/products/1/gallery/1770723262_XF8uYN.webp', '2026-02-10 06:04:22', '2026-02-11 07:56:27'),
(30, 25, 'vendors/products/1/gallery/1770723545_61a2hv.webp', '2026-02-10 06:09:05', '2026-02-11 07:56:27'),
(31, 25, 'vendors/products/1/gallery/1770723545_526bIP.webp', '2026-02-10 06:09:05', '2026-02-11 07:56:27'),
(32, 25, 'vendors/products/1/gallery/1770723545_H0sy9z.webp', '2026-02-10 06:09:05', '2026-02-11 07:56:27'),
(33, 25, 'vendors/products/1/gallery/1770723545_7dzFmj.webp', '2026-02-10 06:09:05', '2026-02-11 07:56:27'),
(34, 25, 'vendors/products/1/gallery/1770723545_KxOa9Q.webp', '2026-02-10 06:09:05', '2026-02-11 07:56:27'),
(35, 26, 'vendors/products/1/gallery/1770938587_IAYKL5.webp', '2026-02-12 17:53:07', '2026-02-12 17:53:07'),
(36, 26, 'vendors/products/1/gallery/1770938587_Ua8zQv.webp', '2026-02-12 17:53:07', '2026-02-12 17:53:07'),
(37, 26, 'vendors/products/1/gallery/1770938587_TiXgw8.webp', '2026-02-12 17:53:07', '2026-02-12 17:53:07'),
(38, 26, 'vendors/products/1/gallery/1770938587_FfWypi.webp', '2026-02-12 17:53:08', '2026-02-12 17:53:08');

-- --------------------------------------------------------

--
-- Table structure for table `product_updates`
--

CREATE TABLE `product_updates` (
  `id` bigint(20) UNSIGNED NOT NULL,
  `product_id` bigint(20) UNSIGNED NOT NULL,
  `vendor_id` bigint(20) UNSIGNED NOT NULL,
  `updated_fields` longtext CHARACTER SET utf8mb4 COLLATE utf8mb4_bin NOT NULL CHECK (json_valid(`updated_fields`)),
  `status` enum('pending','approved','rejected') NOT NULL DEFAULT 'pending',
  `admin_remark` text DEFAULT NULL,
  `created_at` timestamp NULL DEFAULT NULL,
  `updated_at` timestamp NULL DEFAULT NULL
) ENGINE=InnoDB DEFAULT CHARSET=utf8mb4 COLLATE=utf8mb4_unicode_ci;

-- --------------------------------------------------------

--
-- Table structure for table `product_variants`
--

CREATE TABLE `product_variants` (
  `id` bigint(20) UNSIGNED NOT NULL,
  `product_id` bigint(20) UNSIGNED NOT NULL,
  `name` varchar(255) NOT NULL,
  `price` decimal(10,2) DEFAULT NULL,
  `stock_qty` int(11) NOT NULL DEFAULT 0,
  `sku` varchar(255) DEFAULT NULL,
  `created_at` timestamp NULL DEFAULT NULL,
  `updated_at` timestamp NULL DEFAULT NULL
) ENGINE=InnoDB DEFAULT CHARSET=utf8mb4 COLLATE=utf8mb4_unicode_ci;

-- --------------------------------------------------------

--
-- Table structure for table `recently_vieweds`
--

CREATE TABLE `recently_vieweds` (
  `id` bigint(20) UNSIGNED NOT NULL,
  `user_id` bigint(20) UNSIGNED NOT NULL,
  `product_id` bigint(20) UNSIGNED NOT NULL,
  `viewed_at` timestamp NOT NULL DEFAULT current_timestamp()
) ENGINE=InnoDB DEFAULT CHARSET=utf8mb4 COLLATE=utf8mb4_unicode_ci;

--
-- Dumping data for table `recently_vieweds`
--

INSERT INTO `recently_vieweds` (`id`, `user_id`, `product_id`, `viewed_at`) VALUES
(7, 1, 6, '2026-02-03 10:17:31'),
(9, 2, 6, '2026-02-05 10:53:55'),
(11, 3, 6, '2026-02-11 08:42:09'),
(19, 13, 6, '2026-02-03 08:34:03'),
(20, 2, 17, '2026-02-05 10:54:15'),
(21, 3, 15, '2026-02-05 21:53:05'),
(22, 1, 18, '2026-02-06 09:48:38'),
(23, 13, 18, '2026-02-08 10:47:11'),
(24, 13, 17, '2026-02-08 10:47:37'),
(25, 3, 14, '2026-02-08 11:00:55'),
(26, 3, 16, '2026-02-11 08:42:21'),
(27, 1, 20, '2026-02-09 13:48:40'),
(29, 3, 25, '2026-02-11 08:41:30'),
(30, 3, 19, '2026-02-11 19:24:14'),
(31, 3, 18, '2026-02-12 17:41:07'),
(32, 1, 26, '2026-02-12 17:58:59'),
(33, 3, 26, '2026-02-12 19:14:43');

-- --------------------------------------------------------

--
-- Table structure for table `referrals`
--

CREATE TABLE `referrals` (
  `id` bigint(20) UNSIGNED NOT NULL,
  `referrer_id` bigint(20) UNSIGNED NOT NULL,
  `referred_user_id` bigint(20) UNSIGNED NOT NULL,
  `coins_earned` decimal(12,2) NOT NULL DEFAULT 0.00,
  `coins_unlocked` decimal(12,2) NOT NULL DEFAULT 0.00,
  `status` enum('pending','successful','flagged','blocked') NOT NULL DEFAULT 'pending',
  `ip_address` varchar(45) DEFAULT NULL,
  `device_id` varchar(255) DEFAULT NULL,
  `first_order_at` timestamp NULL DEFAULT NULL,
  `is_fraud` tinyint(1) NOT NULL DEFAULT 0,
  `risk_score` int(11) NOT NULL DEFAULT 0,
  `created_at` timestamp NULL DEFAULT NULL,
  `updated_at` timestamp NULL DEFAULT NULL
) ENGINE=InnoDB DEFAULT CHARSET=utf8mb4 COLLATE=utf8mb4_unicode_ci;

-- --------------------------------------------------------

--
-- Table structure for table `refund_requests`
--

CREATE TABLE `refund_requests` (
  `id` bigint(20) UNSIGNED NOT NULL,
  `order_id` bigint(20) UNSIGNED NOT NULL,
  `user_id` bigint(20) UNSIGNED NOT NULL,
  `amount` decimal(15,2) NOT NULL,
  `reason` varchar(255) NOT NULL,
  `description` text DEFAULT NULL,
  `status` enum('pending','approved','rejected') NOT NULL DEFAULT 'pending',
  `admin_note` text DEFAULT NULL,
  `created_at` timestamp NULL DEFAULT NULL,
  `updated_at` timestamp NULL DEFAULT NULL
) ENGINE=InnoDB DEFAULT CHARSET=utf8mb4 COLLATE=utf8mb4_unicode_ci;

-- --------------------------------------------------------

--
-- Table structure for table `reviews`
--

CREATE TABLE `reviews` (
  `id` bigint(20) UNSIGNED NOT NULL,
  `user_id` bigint(20) UNSIGNED DEFAULT NULL,
  `product_id` bigint(20) UNSIGNED DEFAULT NULL,
  `vendor_id` bigint(20) UNSIGNED DEFAULT NULL,
  `rating` int(11) DEFAULT NULL,
  `review` text DEFAULT NULL,
  `vendor_reply` text DEFAULT NULL,
  `replied_at` timestamp NULL DEFAULT NULL,
  `image` varchar(255) DEFAULT NULL,
  `status` tinyint(4) NOT NULL DEFAULT 0,
  `created_at` timestamp NULL DEFAULT NULL
) ENGINE=InnoDB DEFAULT CHARSET=utf8mb4 COLLATE=utf8mb4_unicode_ci;

-- --------------------------------------------------------

--
-- Table structure for table `roles`
--

CREATE TABLE `roles` (
  `id` bigint(20) UNSIGNED NOT NULL,
  `name` varchar(255) NOT NULL,
  `guard_name` varchar(255) NOT NULL,
  `created_at` timestamp NULL DEFAULT NULL,
  `updated_at` timestamp NULL DEFAULT NULL
) ENGINE=InnoDB DEFAULT CHARSET=utf8mb4 COLLATE=utf8mb4_unicode_ci;

--
-- Dumping data for table `roles`
--

INSERT INTO `roles` (`id`, `name`, `guard_name`, `created_at`, `updated_at`) VALUES
(1, 'Super Admin', 'web', '2026-01-24 11:47:11', '2026-01-24 11:47:11'),
(2, 'Admin', 'web', '2026-01-24 11:47:11', '2026-01-24 11:47:11'),
(3, 'Vendor', 'web', '2026-01-24 11:47:11', '2026-01-24 11:47:11'),
(4, 'Vendor Staff', 'web', '2026-01-24 11:47:11', '2026-01-24 11:47:11'),
(5, 'Customer', 'web', '2026-01-24 11:47:11', '2026-01-24 11:47:11'),
(6, 'special_user', 'web', '2026-01-25 15:59:48', '2026-01-25 15:59:48'),
(7, 'Designer', 'web', '2026-01-27 12:07:59', '2026-01-27 12:07:59'),
(8, 'User', 'web', '2026-01-27 12:07:59', '2026-01-27 12:07:59'),
(9, 'Support', 'web', '2026-02-08 11:39:48', '2026-02-08 11:39:48'),
(10, 'Editor', 'web', '2026-02-08 11:39:48', '2026-02-08 11:39:48');

-- --------------------------------------------------------

--
-- Table structure for table `role_has_permissions`
--

CREATE TABLE `role_has_permissions` (
  `permission_id` bigint(20) UNSIGNED NOT NULL,
  `role_id` bigint(20) UNSIGNED NOT NULL
) ENGINE=InnoDB DEFAULT CHARSET=utf8mb4 COLLATE=utf8mb4_unicode_ci;

--
-- Dumping data for table `role_has_permissions`
--

INSERT INTO `role_has_permissions` (`permission_id`, `role_id`) VALUES
(1, 1),
(1, 2),
(1, 3),
(1, 4),
(1, 5),
(2, 1),
(2, 2),
(3, 1),
(3, 2),
(4, 1),
(4, 2),
(4, 3),
(4, 4),
(5, 1),
(5, 2),
(6, 1),
(6, 2),
(6, 3),
(6, 4),
(6, 5),
(7, 1),
(7, 2),
(8, 1),
(8, 3),
(9, 1),
(10, 1),
(11, 1),
(11, 3),
(11, 5),
(12, 1),
(13, 1),
(14, 1),
(14, 2),
(15, 1),
(15, 2),
(16, 1),
(17, 1),
(18, 7),
(19, 7),
(20, 7),
(21, 7),
(22, 7),
(23, 7),
(24, 7),
(25, 7),
(26, 7),
(27, 7),
(28, 7),
(29, 7),
(30, 7),
(31, 7),
(32, 7);

-- --------------------------------------------------------

--
-- Table structure for table `section_settings`
--

CREATE TABLE `section_settings` (
  `id` bigint(20) UNSIGNED NOT NULL,
  `section_name` varchar(255) NOT NULL,
  `order` int(11) NOT NULL DEFAULT 0,
  `is_enabled` tinyint(1) NOT NULL DEFAULT 1,
  `settings` longtext CHARACTER SET utf8mb4 COLLATE utf8mb4_bin DEFAULT NULL CHECK (json_valid(`settings`)),
  `created_at` timestamp NULL DEFAULT NULL,
  `updated_at` timestamp NULL DEFAULT NULL
) ENGINE=InnoDB DEFAULT CHARSET=utf8mb4 COLLATE=utf8mb4_unicode_ci;

--
-- Dumping data for table `section_settings`
--

INSERT INTO `section_settings` (`id`, `section_name`, `order`, `is_enabled`, `settings`, `created_at`, `updated_at`) VALUES
(1, 'hero', 1, 1, '{\"padding\":\"0\",\"bg_color\":\"#ffffff\"}', '2026-01-27 12:13:52', '2026-01-27 12:13:52'),
(2, 'trust_bar', 2, 1, '{\"padding\":\"50px 0\",\"bg_color\":\"#ffffff\"}', '2026-01-27 12:13:52', '2026-01-27 12:13:52'),
(3, 'categories', 3, 1, '{\"padding\":\"50px 0\",\"bg_color\":\"#ffffff\"}', '2026-01-27 12:13:52', '2026-01-27 12:13:52'),
(4, 'featured', 4, 1, '{\"padding\":\"50px 0\",\"bg_color\":\"#f8f9fa\"}', '2026-01-27 12:13:52', '2026-01-27 12:13:52'),
(5, 'new_arrivals', 5, 1, '{\"padding\":\"50px 0\",\"bg_color\":\"#ffffff\"}', '2026-01-27 12:13:52', '2026-01-27 12:13:52'),
(6, 'promo', 6, 1, '{\"padding\":\"50px 0\",\"bg_color\":\"#ffffff\"}', '2026-01-27 12:13:52', '2026-01-27 12:13:52'),
(7, 'vendors', 7, 1, '{\"padding\":\"50px 0\",\"bg_color\":\"#ffffff\"}', '2026-01-27 12:13:52', '2026-01-27 12:13:52'),
(8, 'all_products', 8, 1, '{\"padding\":\"50px 0\",\"bg_color\":\"#ffffff\"}', '2026-01-27 12:13:52', '2026-01-27 12:13:52');

-- --------------------------------------------------------

--
-- Table structure for table `seo_metas`
--

CREATE TABLE `seo_metas` (
  `id` bigint(20) UNSIGNED NOT NULL,
  `seoable_type` varchar(255) DEFAULT NULL,
  `seoable_id` bigint(20) UNSIGNED DEFAULT NULL,
  `url_path` varchar(255) DEFAULT NULL,
  `title` varchar(255) DEFAULT NULL,
  `description` text DEFAULT NULL,
  `keywords` varchar(255) DEFAULT NULL,
  `canonical_url` varchar(255) DEFAULT NULL,
  `robots` varchar(255) NOT NULL DEFAULT 'index, follow',
  `og_image` varchar(255) DEFAULT NULL,
  `schema_data` longtext CHARACTER SET utf8mb4 COLLATE utf8mb4_bin DEFAULT NULL CHECK (json_valid(`schema_data`)),
  `is_indexable` tinyint(1) NOT NULL DEFAULT 1,
  `created_at` timestamp NULL DEFAULT NULL,
  `updated_at` timestamp NULL DEFAULT NULL
) ENGINE=InnoDB DEFAULT CHARSET=utf8mb4 COLLATE=utf8mb4_unicode_ci;

--
-- Dumping data for table `seo_metas`
--

INSERT INTO `seo_metas` (`id`, `seoable_type`, `seoable_id`, `url_path`, `title`, `description`, `keywords`, `canonical_url`, `robots`, `og_image`, `schema_data`, `is_indexable`, `created_at`, `updated_at`) VALUES
(1, NULL, NULL, '/', 'Gletra | India\'s Best Multi-Vendor E-Commerce Platform', 'Gletra offers the best shopping experience with millions of products from verified vendors across India.', 'online shopping, ecommerce india, gletra, multivendor', NULL, 'index, follow', NULL, NULL, 1, '2026-01-27 13:23:44', '2026-01-27 13:23:44'),
(2, NULL, NULL, '/about', 'About Us | Gletra - Our Story and Mission', 'Learn more about Gletra, our journey, and our commitment to bringing quality products to your doorstep.', 'about gletra, company mission, ecommerce story', NULL, 'index, follow', NULL, NULL, 1, '2026-01-27 13:23:44', '2026-01-27 13:23:44'),
(3, NULL, NULL, '/contact', 'Contact Us | Gletra Customer Support', 'Need help? Contact Gletra customer support for any queries regarding orders, returns, or vendor registration.', 'contact gletra, customer support, help desk', NULL, 'index, follow', NULL, NULL, 1, '2026-01-27 13:23:44', '2026-01-27 13:23:44'),
(4, NULL, NULL, '/privacy', 'Privacy Policy | Gletra Security & Data Protection', 'Your privacy is important to us. Read how Gletra protects your personal data and ensures secure transactions.', 'privacy policy, data protection, secure shopping', NULL, 'index, follow', NULL, NULL, 1, '2026-01-27 13:23:44', '2026-01-27 13:23:44'),
(5, 'App\\Models\\Product', 5, NULL, 'bitlifestore | Buy Online at Best Price – Laravel', 'ol', 'bitlifestore, jewellery, buy online', 'http://127.0.0.1:8000/product/bitlifestore-ExerS', 'index, follow', NULL, NULL, 1, '2026-02-01 22:58:36', '2026-02-01 22:58:36'),
(6, 'App\\Models\\Product', 1, NULL, NULL, NULL, NULL, NULL, 'index, follow', NULL, NULL, 1, '2026-02-01 23:10:47', '2026-02-01 23:10:47'),
(7, 'App\\Models\\Product', 6, NULL, 'brass-base-metal-kum-kum-bangles-set-for-women red | Buy Online at Best Price – Laravel', 'tesrt', 'brass-base-metal-kum-kum-bangles-set-for-women red, jewellery, buy online', 'http://127.0.0.1:8000/product/brass-base-metal-kum-kum-bangles-set-for-women-red-8WTus', 'index, follow', NULL, NULL, 1, '2026-02-01 23:59:49', '2026-02-01 23:59:49'),
(8, 'App\\Models\\Product', 7, NULL, 'Golden,Blue,Sky Blue Chudaet | Buy Online at Best Price – Laravel', 'seer', 'Golden,Blue,Sky Blue Chudaet, jewellery, buy online', 'http://127.0.0.1:8000/product/goldenbluesky-blue-chudaet-2KZpP', 'index, follow', NULL, NULL, 1, '2026-02-02 00:03:38', '2026-02-02 00:03:38'),
(9, 'App\\Models\\Product', 9, NULL, 'Tamanna | Buy Online at Best Price – Laravel', '', 'Tamanna, electronics, buy online', 'http://127.0.0.1:8000/product/tamanna-6980563389a2c', 'index, follow', NULL, NULL, 1, '2026-02-02 02:15:55', '2026-02-02 02:15:55'),
(10, 'App\\Models\\Product', 10, NULL, 'Golden,Mehroon Chudaet | Buy Online at Best Price – Laravel', 'new add', 'Golden,Mehroon Chudaet, jewellery, buy online', 'http://127.0.0.1:8000/product/goldenmehroon-chudaet-cliQC', 'index, follow', NULL, NULL, 1, '2026-02-02 05:06:17', '2026-02-02 05:06:17'),
(11, 'App\\Models\\Product', 11, NULL, 'Yellow,Silver Chudaet | Buy Online at Best Price – Laravel', 'new add an tst', 'Yellow,Silver Chudaet, jewellery, buy online', 'http://127.0.0.1:8000/product/yellowsilver-chudaet-k8S0e', 'index, follow', NULL, NULL, 1, '2026-02-02 05:11:07', '2026-02-02 05:11:07'),
(12, 'App\\Models\\Product', 12, NULL, 'Yellow,sky Chudaet | Buy Online at Best Price – Gletra', 'Yellow,sky Chudaet', 'Yellow,sky Chudaet, jewellery, buy online', 'http://127.0.0.1:8000/product/yellowsky-chudaet-diXOJ', 'index, follow', NULL, NULL, 1, '2026-02-02 05:33:18', '2026-02-02 05:36:05'),
(13, 'App\\Models\\Product', 13, NULL, 'Yellow,Mehroon Chudaet | Buy Online at Best Price – Gletra', 'Yellow,Mehroon Chudaet', 'Yellow,Mehroon Chudaet, jewellery, buy online', 'http://127.0.0.1:8000/product/yellowmehroon-chudaet-bmSTM', 'index, follow', NULL, NULL, 1, '2026-02-02 06:00:32', '2026-02-02 06:05:51'),
(14, 'App\\Models\\Product', 14, NULL, 'Aroma goldish facial kit  Buy Online at Best Price - Gletra', 'Aroma goldish facial kit', 'Aroma goldish facial kit1, Toys, buy online', 'http://127.0.0.1:8000/product/aroma-goldish-facial-kit1-TUp2j', 'index, follow', NULL, NULL, 1, '2026-02-05 09:12:18', '2026-02-05 09:15:23'),
(15, 'App\\Models\\Product', 15, NULL, 'Aroma mix fruit 5in1 facial kit | Buy Online at Best Price – Laravel', 'Aroma mix fruit 5in1 facial kit', 'Aroma mix fruit 5in1 facial kit, Fashion, buy online', 'http://127.0.0.1:8000/product/aroma-mix-fruit-5in1-facial-kit-y2u1m', 'index, follow', NULL, NULL, 1, '2026-02-05 09:13:33', '2026-02-05 09:13:33'),
(16, 'App\\Models\\Product', 16, NULL, 'Magal suter Women Round bol | Buy Online at Best Price – Laravel', 'Magal suter Women Round bol', 'Magal suter Women Round bol, Fashion, buy online', 'http://127.0.0.1:8000/product/magal-suter-women-round-bol-NKX27', 'index, follow', NULL, NULL, 1, '2026-02-05 09:28:53', '2026-02-05 09:28:53'),
(17, 'App\\Models\\Product', 17, NULL, 'Magal suter Women | Buy Online at Best Price – Laravel', 'Magal suter Women', 'Magal suter Women, Fashion, buy online', 'http://127.0.0.1:8000/product/magal-suter-women-RkQO8', 'index, follow', NULL, NULL, 1, '2026-02-05 09:29:44', '2026-02-05 09:29:44'),
(18, 'App\\Models\\Product', 18, NULL, 'Stone Latkan Chada 2 pc | Buy Online at Best Price – Gletra', 'Stone Latkan Chada 2 pc', 'Stone Latkan Chada 2 pc, Footwear, buy online', 'http://127.0.0.1:8000/product/stone-latkan-chada-2-pc-UXgCn', 'index, follow', NULL, NULL, 1, '2026-02-05 09:35:04', '2026-02-05 09:41:23'),
(19, 'App\\Models\\Category', 25, NULL, NULL, NULL, NULL, NULL, 'index, follow', NULL, NULL, 1, '2026-02-05 09:45:51', '2026-02-05 09:45:51'),
(20, 'App\\Models\\Category', 1, NULL, NULL, NULL, NULL, NULL, 'index, follow', NULL, NULL, 1, '2026-02-05 09:46:51', '2026-02-05 09:46:51'),
(21, 'App\\Models\\Category', 7, NULL, NULL, NULL, NULL, NULL, 'index, follow', NULL, NULL, 1, '2026-02-05 09:47:13', '2026-02-05 09:47:13'),
(22, 'App\\Models\\Category', 2, NULL, NULL, NULL, NULL, NULL, 'index, follow', NULL, NULL, 1, '2026-02-05 09:48:05', '2026-02-05 09:48:05'),
(23, 'App\\Models\\Category', 26, NULL, 'Buy Hair Accessories Online at Best Price | Laravel', 'Shop the latest Hair Accessories products from verified vendors on Gletra.', 'Hair Accessories, buy Hair Accessories online, gletra category', 'http://127.0.0.1:8000/category/hair-accessories', 'index, follow', NULL, NULL, 1, '2026-02-06 15:15:01', '2026-02-06 15:15:01'),
(24, 'App\\Models\\Product', 19, NULL, 'Cute Kitty Girl Cartoon Hair Clips Buy Online at Best Price – Gletra', 'Product Type: Kids Hair Clips / Hair Accessories\r\n\r\nDesign: Cute cartoon girl with kitty ear headphone\r\n\r\nColor: Pink theme with multicolor spiral grip\r\n\r\nMater...', 'Cute Kitty Girl Cartoon Hair Clips (Pair), Hair Accessories, buy online', 'http://127.0.0.1:8000/product/cute-kitty-girl-cartoon-hair-clips-pair-sspql', 'index, follow', NULL, NULL, 1, '2026-02-06 15:17:15', '2026-02-09 13:47:11'),
(25, 'App\\Models\\Category', 28, NULL, 'Buy Kids Hair Accessories Online at Best Price | Laravel', 'Shop the latest Kids Hair Accessories products from verified vendors on Gletra.', 'Kids Hair Accessories, buy Kids Hair Accessories online, gletra category', 'http://127.0.0.1:8000/category/kids-hair-accessories', 'index, follow', NULL, NULL, 1, '2026-02-06 15:22:15', '2026-02-06 15:22:15'),
(26, 'App\\Models\\Category', 29, NULL, 'Buy Cartoon Hair Clips Online at Best Price | Laravel', 'Shop the latest Cartoon Hair Clips products from verified vendors on Gletra.', 'Cartoon Hair Clips, buy Cartoon Hair Clips online, gletra category', 'http://127.0.0.1:8000/category/cartoon-hair-clips', 'index, follow', NULL, NULL, 1, '2026-02-06 15:22:50', '2026-02-06 15:22:50'),
(27, 'App\\Models\\Category', 30, NULL, 'Buy Kids Hair Bands Online at Best Price | Laravel', 'Shop the latest Kids Hair Bands products from verified vendors on Gletra.', 'Kids Hair Bands, buy Kids Hair Bands online, gletra category', 'http://127.0.0.1:8000/category/kids-hair-bands', 'index, follow', NULL, NULL, 1, '2026-02-06 15:23:33', '2026-02-06 15:23:33'),
(28, 'App\\Models\\Category', 31, NULL, 'Buy Spiral Hair Clips Online at Best Price | Laravel', 'Shop the latest Spiral Hair Clips products from verified vendors on Gletra.', 'Spiral Hair Clips, buy Spiral Hair Clips online, gletra category', 'http://127.0.0.1:8000/category/spiral-hair-clips', 'index, follow', NULL, NULL, 1, '2026-02-06 15:23:54', '2026-02-06 15:23:54'),
(29, 'App\\Models\\Category', 32, NULL, 'Buy Baby Hair Clips Online at Best Price | Laravel', 'Shop the latest Baby Hair Clips products from verified vendors on Gletra.', 'Baby Hair Clips, buy Baby Hair Clips online, gletra category', 'http://127.0.0.1:8000/category/baby-hair-clips', 'index, follow', NULL, NULL, 1, '2026-02-06 15:24:13', '2026-02-06 15:24:13'),
(30, 'App\\Models\\Category', 33, NULL, 'Buy Kids Scrunchies Online at Best Price | Laravel', 'Shop the latest Kids Scrunchies products from verified vendors on Gletra.', 'Kids Scrunchies, buy Kids Scrunchies online, gletra category', 'http://127.0.0.1:8000/category/kids-scrunchies', 'index, follow', NULL, NULL, 1, '2026-02-06 15:24:36', '2026-02-06 15:24:36'),
(31, 'App\\Models\\Category', 34, NULL, 'Buy Hair Clips Online at Best Price | Laravel', 'Shop the latest Hair Clips products from verified vendors on Gletra.', 'Hair Clips, buy Hair Clips online, gletra category', 'http://127.0.0.1:8000/category/hair-clips', 'index, follow', NULL, NULL, 1, '2026-02-06 15:25:57', '2026-02-06 15:25:57'),
(32, 'App\\Models\\Product', 20, NULL, 'Pure Roots Herbals Gold Creme Bleach | Buy Online at Best Price – Gletra', 'Pure Roots Herbals Gold Creme Bleach', 'Pure Roots Herbals Gold Creme Bleach, Toys, buy online', 'http://127.0.0.1:8000/product/pure-roots-herbals-gold-creme-bleach-sQLNC', 'index, follow', NULL, NULL, 1, '2026-02-09 13:12:02', '2026-02-09 13:45:54'),
(33, 'App\\Models\\Product', 21, NULL, 'Fair & Lovely Advanced Multi Vitamin | Buy Online at Best Price – Gletra', 'Fair & Lovely Advanced Multi Vitamin', 'Fair & Lovely Advanced Multi Vitamin, Toys, buy online', 'http://127.0.0.1:8000/product/fair-lovely-advanced-multi-vitamin-HkAsv', 'index, follow', NULL, NULL, 1, '2026-02-09 13:13:20', '2026-02-09 13:45:18'),
(34, 'App\\Models\\Product', 22, NULL, 'Pure Roots Herbals Fruit Creme Bleach | Buy Online at Best Price – Gletra', 'Pure Roots Herbals Fruit Creme Bleach', 'Pure Roots Herbals Fruit Creme Bleach, Toys, buy online', 'http://127.0.0.1:8000/product/pure-roots-herbals-fruit-creme-bleach-zU6Ct', 'index, follow', NULL, NULL, 1, '2026-02-09 13:14:27', '2026-02-09 13:44:48'),
(35, 'App\\Models\\Category', 35, NULL, 'Buy Popular Online at Best Price | Gletra', 'Shop the latest Popular products from verified vendors on Gletra.', 'Popular, buy Popular online, gletra category', 'http://127.0.0.1:8000/category/popular', 'index, follow', NULL, NULL, 1, '2026-02-10 01:46:37', '2026-02-10 01:46:37'),
(36, 'App\\Models\\Category', 36, NULL, 'Buy All Popular Online at Best Price | Gletra', 'Shop the latest All Popular products from verified vendors on Gletra.', 'All Popular, buy All Popular online, gletra category', 'http://127.0.0.1:8000/category/all-popular', 'index, follow', NULL, NULL, 1, '2026-02-10 01:46:37', '2026-02-10 01:46:37'),
(37, 'App\\Models\\Category', 39, NULL, 'Buy Jewellery Online at Best Price | Gletra', 'Shop the latest Jewellery products from verified vendors on Gletra.', 'Jewellery, buy Jewellery online, gletra category', 'http://127.0.0.1:8000/category/jewellery-1', 'index, follow', NULL, NULL, 1, '2026-02-10 01:47:56', '2026-02-10 01:47:56'),
(38, 'App\\Models\\Category', 40, NULL, 'Buy Men Fashion Online at Best Price | Gletra', 'Shop the latest Men Fashion products from verified vendors on Gletra.', 'Men Fashion, buy Men Fashion online, gletra category', 'http://127.0.0.1:8000/category/men-fashion', 'index, follow', NULL, NULL, 1, '2026-02-10 01:47:56', '2026-02-10 01:47:56'),
(39, 'App\\Models\\Category', 41, NULL, 'Buy Kids Online at Best Price | Gletra', 'Shop the latest Kids products from verified vendors on Gletra.', 'Kids, buy Kids online, gletra category', 'http://127.0.0.1:8000/category/kids', 'index, follow', NULL, NULL, 1, '2026-02-10 01:47:56', '2026-02-10 01:47:56'),
(40, 'App\\Models\\Category', 42, NULL, 'Buy Footwear Online at Best Price | Gletra', 'Shop the latest Footwear products from verified vendors on Gletra.', 'Footwear, buy Footwear online, gletra category', 'http://127.0.0.1:8000/category/footwear-1', 'index, follow', NULL, NULL, 1, '2026-02-10 01:47:56', '2026-02-10 01:47:56'),
(41, 'App\\Models\\Category', 43, NULL, 'Buy Beauty & Personal Care Online at Best Price | Gletra', 'Shop the latest Beauty & Personal Care products from verified vendors on Gletra.', 'Beauty & Personal Care, buy Beauty & Personal Care online, gletra category', 'http://127.0.0.1:8000/category/beauty-personal-care', 'index, follow', NULL, NULL, 1, '2026-02-10 01:47:56', '2026-02-10 01:47:56'),
(42, 'App\\Models\\Category', 44, NULL, 'Buy Grocery Online at Best Price | Gletra', 'Shop the latest Grocery products from verified vendors on Gletra.', 'Grocery, buy Grocery online, gletra category', 'http://127.0.0.1:8000/category/grocery', 'index, follow', NULL, NULL, 1, '2026-02-10 01:47:56', '2026-02-10 01:47:56'),
(43, 'App\\Models\\Category', 45, NULL, 'Buy Electronics Online at Best Price | Gletra', 'Shop the latest Electronics products from verified vendors on Gletra.', 'Electronics, buy Electronics online, gletra category', 'http://127.0.0.1:8000/category/electronics-1', 'index, follow', NULL, NULL, 1, '2026-02-10 01:47:56', '2026-02-10 01:47:56'),
(44, 'App\\Models\\Category', 46, NULL, 'Buy More Online at Best Price | Gletra', 'Shop the latest More products from verified vendors on Gletra.', 'More, buy More online, gletra category', 'http://127.0.0.1:8000/category/more', 'index, follow', NULL, NULL, 1, '2026-02-10 01:47:56', '2026-02-10 01:47:56'),
(45, 'App\\Models\\Category', 47, NULL, 'Buy Innerwear & Nightwear Online at Best Price | Gletra', 'Shop the latest Innerwear & Nightwear products from verified vendors on Gletra.', 'Innerwear & Nightwear, buy Innerwear & Nightwear online, gletra category', 'http://127.0.0.1:8000/category/innerwear-nightwear', 'index, follow', NULL, NULL, 1, '2026-02-10 01:47:56', '2026-02-10 01:47:56'),
(46, 'App\\Models\\Category', 48, NULL, 'Buy Kitchen & Appliances Online at Best Price | Gletra', 'Shop the latest Kitchen & Appliances products from verified vendors on Gletra.', 'Kitchen & Appliances, buy Kitchen & Appliances online, gletra category', 'http://127.0.0.1:8000/category/kitchen-appliances-1', 'index, follow', NULL, NULL, 1, '2026-02-10 01:47:56', '2026-02-10 01:47:56'),
(47, 'App\\Models\\Category', 49, NULL, 'Buy Bags & Luggage Online at Best Price | Gletra', 'Shop the latest Bags & Luggage products from verified vendors on Gletra.', 'Bags & Luggage, buy Bags & Luggage online, gletra category', 'http://127.0.0.1:8000/category/bags-luggage', 'index, follow', NULL, NULL, 1, '2026-02-10 01:47:56', '2026-02-10 01:47:56'),
(48, 'App\\Models\\Category', 50, NULL, 'Buy Healthcare Online at Best Price | Gletra', 'Shop the latest Healthcare products from verified vendors on Gletra.', 'Healthcare, buy Healthcare online, gletra category', 'http://127.0.0.1:8000/category/healthcare', 'index, follow', NULL, NULL, 1, '2026-02-10 01:47:56', '2026-02-10 01:47:56'),
(49, 'App\\Models\\Category', 51, NULL, 'Buy Furniture Online at Best Price | Gletra', 'Shop the latest Furniture products from verified vendors on Gletra.', 'Furniture, buy Furniture online, gletra category', 'http://127.0.0.1:8000/category/furniture-1', 'index, follow', NULL, NULL, 1, '2026-02-10 01:47:56', '2026-02-10 01:47:56'),
(50, 'App\\Models\\Category', 52, NULL, 'Buy Kurti, Saree & Lehenga Online at Best Price | Gletra', 'Shop the latest Kurti, Saree & Lehenga products from verified vendors on Gletra.', 'Kurti, Saree & Lehenga, buy Kurti, Saree & Lehenga online, gletra category', 'http://127.0.0.1:8000/category/kurti-saree-lehenga', 'index, follow', NULL, NULL, 1, '2026-02-10 01:47:56', '2026-02-10 01:47:56'),
(51, 'App\\Models\\Category', 53, NULL, 'Buy Kurtis Online at Best Price | Gletra', 'Shop the latest Kurtis products from verified vendors on Gletra.', 'Kurtis, buy Kurtis online, gletra category', 'http://127.0.0.1:8000/category/kurtis', 'index, follow', NULL, NULL, 1, '2026-02-10 01:47:56', '2026-02-10 01:47:56'),
(52, 'App\\Models\\Category', 54, NULL, 'Buy All Kurtis Online at Best Price | Gletra', 'Shop the latest All Kurtis products from verified vendors on Gletra.', 'All Kurtis, buy All Kurtis online, gletra category', 'http://127.0.0.1:8000/category/all-kurtis', 'index, follow', NULL, NULL, 1, '2026-02-10 01:47:56', '2026-02-10 01:47:56'),
(53, 'App\\Models\\Category', 55, NULL, 'Buy Anarkali Kurtis Online at Best Price | Gletra', 'Shop the latest Anarkali Kurtis products from verified vendors on Gletra.', 'Anarkali Kurtis, buy Anarkali Kurtis online, gletra category', 'http://127.0.0.1:8000/category/anarkali-kurtis', 'index, follow', NULL, NULL, 1, '2026-02-10 01:47:56', '2026-02-10 01:47:56'),
(54, 'App\\Models\\Category', 56, NULL, 'Buy Rayon Kurtis Online at Best Price | Gletra', 'Shop the latest Rayon Kurtis products from verified vendors on Gletra.', 'Rayon Kurtis, buy Rayon Kurtis online, gletra category', 'http://127.0.0.1:8000/category/rayon-kurtis', 'index, follow', NULL, NULL, 1, '2026-02-10 01:47:56', '2026-02-10 01:47:56'),
(55, 'App\\Models\\Category', 57, NULL, 'Buy Cotton Kurtis Online at Best Price | Gletra', 'Shop the latest Cotton Kurtis products from verified vendors on Gletra.', 'Cotton Kurtis, buy Cotton Kurtis online, gletra category', 'http://127.0.0.1:8000/category/cotton-kurtis', 'index, follow', NULL, NULL, 1, '2026-02-10 01:47:56', '2026-02-10 01:47:56'),
(56, 'App\\Models\\Category', 58, NULL, 'Buy Sarees Online at Best Price | Gletra', 'Shop the latest Sarees products from verified vendors on Gletra.', 'Sarees, buy Sarees online, gletra category', 'http://127.0.0.1:8000/category/sarees', 'index, follow', NULL, NULL, 1, '2026-02-10 01:47:56', '2026-02-10 01:47:56'),
(57, 'App\\Models\\Category', 59, NULL, 'Buy All Sarees Online at Best Price | Gletra', 'Shop the latest All Sarees products from verified vendors on Gletra.', 'All Sarees, buy All Sarees online, gletra category', 'http://127.0.0.1:8000/category/all-sarees', 'index, follow', NULL, NULL, 1, '2026-02-10 01:47:56', '2026-02-10 01:47:56'),
(58, 'App\\Models\\Category', 60, NULL, 'Buy Silk Sarees Online at Best Price | Gletra', 'Shop the latest Silk Sarees products from verified vendors on Gletra.', 'Silk Sarees, buy Silk Sarees online, gletra category', 'http://127.0.0.1:8000/category/silk-sarees', 'index, follow', NULL, NULL, 1, '2026-02-10 01:47:56', '2026-02-10 01:47:56'),
(59, 'App\\Models\\Category', 61, NULL, 'Buy Cotton Sarees Online at Best Price | Gletra', 'Shop the latest Cotton Sarees products from verified vendors on Gletra.', 'Cotton Sarees, buy Cotton Sarees online, gletra category', 'http://127.0.0.1:8000/category/cotton-sarees', 'index, follow', NULL, NULL, 1, '2026-02-10 01:47:56', '2026-02-10 01:47:56'),
(60, 'App\\Models\\Category', 62, NULL, 'Buy Chiffon Sarees Online at Best Price | Gletra', 'Shop the latest Chiffon Sarees products from verified vendors on Gletra.', 'Chiffon Sarees, buy Chiffon Sarees online, gletra category', 'http://127.0.0.1:8000/category/chiffon-sarees', 'index, follow', NULL, NULL, 1, '2026-02-10 01:47:56', '2026-02-10 01:47:56'),
(61, 'App\\Models\\Category', 63, NULL, 'Buy Lehengas Online at Best Price | Gletra', 'Shop the latest Lehengas products from verified vendors on Gletra.', 'Lehengas, buy Lehengas online, gletra category', 'http://127.0.0.1:8000/category/lehengas', 'index, follow', NULL, NULL, 1, '2026-02-10 01:47:56', '2026-02-10 01:47:56'),
(62, 'App\\Models\\Category', 64, NULL, 'Buy All Lehengas Online at Best Price | Gletra', 'Shop the latest All Lehengas products from verified vendors on Gletra.', 'All Lehengas, buy All Lehengas online, gletra category', 'http://127.0.0.1:8000/category/all-lehengas', 'index, follow', NULL, NULL, 1, '2026-02-10 01:47:56', '2026-02-10 01:47:56'),
(63, 'App\\Models\\Category', 65, NULL, 'Buy Net Lehengas Online at Best Price | Gletra', 'Shop the latest Net Lehengas products from verified vendors on Gletra.', 'Net Lehengas, buy Net Lehengas online, gletra category', 'http://127.0.0.1:8000/category/net-lehengas', 'index, follow', NULL, NULL, 1, '2026-02-10 01:47:56', '2026-02-10 01:47:56'),
(64, 'App\\Models\\Category', 66, NULL, 'Buy Silk Lehengas Online at Best Price | Gletra', 'Shop the latest Silk Lehengas products from verified vendors on Gletra.', 'Silk Lehengas, buy Silk Lehengas online, gletra category', 'http://127.0.0.1:8000/category/silk-lehengas', 'index, follow', NULL, NULL, 1, '2026-02-10 01:47:56', '2026-02-10 01:47:56'),
(65, 'App\\Models\\Category', 67, NULL, 'Buy Women Western Online at Best Price | Gletra', 'Shop the latest Women Western products from verified vendors on Gletra.', 'Women Western, buy Women Western online, gletra category', 'http://127.0.0.1:8000/category/women-western', 'index, follow', NULL, NULL, 1, '2026-02-10 01:47:56', '2026-02-10 01:47:56'),
(66, 'App\\Models\\Category', 68, NULL, 'Buy Topwear Online at Best Price | Gletra', 'Shop the latest Topwear products from verified vendors on Gletra.', 'Topwear, buy Topwear online, gletra category', 'http://127.0.0.1:8000/category/topwear', 'index, follow', NULL, NULL, 1, '2026-02-10 01:47:56', '2026-02-10 01:47:56'),
(67, 'App\\Models\\Category', 69, NULL, 'Buy All Topwear Online at Best Price | Gletra', 'Shop the latest All Topwear products from verified vendors on Gletra.', 'All Topwear, buy All Topwear online, gletra category', 'http://127.0.0.1:8000/category/all-topwear', 'index, follow', NULL, NULL, 1, '2026-02-10 01:47:56', '2026-02-10 01:47:56'),
(68, 'App\\Models\\Category', 70, NULL, 'Buy Tops & Tunics Online at Best Price | Gletra', 'Shop the latest Tops & Tunics products from verified vendors on Gletra.', 'Tops & Tunics, buy Tops & Tunics online, gletra category', 'http://127.0.0.1:8000/category/tops-tunics', 'index, follow', NULL, NULL, 1, '2026-02-10 01:47:56', '2026-02-10 01:47:56'),
(69, 'App\\Models\\Category', 71, NULL, 'Buy Dresses Online at Best Price | Gletra', 'Shop the latest Dresses products from verified vendors on Gletra.', 'Dresses, buy Dresses online, gletra category', 'http://127.0.0.1:8000/category/dresses', 'index, follow', NULL, NULL, 1, '2026-02-10 01:47:56', '2026-02-10 01:47:56'),
(70, 'App\\Models\\Category', 72, NULL, 'Buy T-shirts Online at Best Price | Gletra', 'Shop the latest T-shirts products from verified vendors on Gletra.', 'T-shirts, buy T-shirts online, gletra category', 'http://127.0.0.1:8000/category/t-shirts', 'index, follow', NULL, NULL, 1, '2026-02-10 01:47:56', '2026-02-10 01:47:56'),
(71, 'App\\Models\\Category', 73, NULL, 'Buy Gowns Online at Best Price | Gletra', 'Shop the latest Gowns products from verified vendors on Gletra.', 'Gowns, buy Gowns online, gletra category', 'http://127.0.0.1:8000/category/gowns', 'index, follow', NULL, NULL, 1, '2026-02-10 01:47:56', '2026-02-10 01:47:56'),
(72, 'App\\Models\\Category', 74, NULL, 'Buy Tops & Bottom Sets Online at Best Price | Gletra', 'Shop the latest Tops & Bottom Sets products from verified vendors on Gletra.', 'Tops & Bottom Sets, buy Tops & Bottom Sets online, gletra category', 'http://127.0.0.1:8000/category/tops-bottom-sets', 'index, follow', NULL, NULL, 1, '2026-02-10 01:47:56', '2026-02-10 01:47:56'),
(73, 'App\\Models\\Category', 75, NULL, 'Buy Shirts Online at Best Price | Gletra', 'Shop the latest Shirts products from verified vendors on Gletra.', 'Shirts, buy Shirts online, gletra category', 'http://127.0.0.1:8000/category/shirts', 'index, follow', NULL, NULL, 1, '2026-02-10 01:47:56', '2026-02-10 01:47:56'),
(74, 'App\\Models\\Category', 76, NULL, 'Buy Jumpsuits Online at Best Price | Gletra', 'Shop the latest Jumpsuits products from verified vendors on Gletra.', 'Jumpsuits, buy Jumpsuits online, gletra category', 'http://127.0.0.1:8000/category/jumpsuits', 'index, follow', NULL, NULL, 1, '2026-02-10 01:47:56', '2026-02-10 01:47:56'),
(75, 'App\\Models\\Category', 77, NULL, 'Buy New Trends Online at Best Price | Gletra', 'Shop the latest New Trends products from verified vendors on Gletra.', 'New Trends, buy New Trends online, gletra category', 'http://127.0.0.1:8000/category/new-trends', 'index, follow', NULL, NULL, 1, '2026-02-10 01:47:56', '2026-02-10 01:47:56'),
(76, 'App\\Models\\Category', 78, NULL, 'Buy Bottom Wear Online at Best Price | Gletra', 'Shop the latest Bottom Wear products from verified vendors on Gletra.', 'Bottom Wear, buy Bottom Wear online, gletra category', 'http://127.0.0.1:8000/category/bottom-wear', 'index, follow', NULL, NULL, 1, '2026-02-10 01:47:56', '2026-02-10 01:47:56'),
(77, 'App\\Models\\Category', 79, NULL, 'Buy All Bottomwear Online at Best Price | Gletra', 'Shop the latest All Bottomwear products from verified vendors on Gletra.', 'All Bottomwear, buy All Bottomwear online, gletra category', 'http://127.0.0.1:8000/category/all-bottomwear', 'index, follow', NULL, NULL, 1, '2026-02-10 01:47:56', '2026-02-10 01:47:56'),
(78, 'App\\Models\\Category', 80, NULL, 'Buy Jeans & Jeggings Online at Best Price | Gletra', 'Shop the latest Jeans & Jeggings products from verified vendors on Gletra.', 'Jeans & Jeggings, buy Jeans & Jeggings online, gletra category', 'http://127.0.0.1:8000/category/jeans-jeggings', 'index, follow', NULL, NULL, 1, '2026-02-10 01:47:56', '2026-02-10 01:47:56'),
(79, 'App\\Models\\Category', 81, NULL, 'Buy Palazzos Online at Best Price | Gletra', 'Shop the latest Palazzos products from verified vendors on Gletra.', 'Palazzos, buy Palazzos online, gletra category', 'http://127.0.0.1:8000/category/palazzos', 'index, follow', NULL, NULL, 1, '2026-02-10 01:47:56', '2026-02-10 01:47:56'),
(80, 'App\\Models\\Category', 82, NULL, 'Buy Trousers & Pants Online at Best Price | Gletra', 'Shop the latest Trousers & Pants products from verified vendors on Gletra.', 'Trousers & Pants, buy Trousers & Pants online, gletra category', 'http://127.0.0.1:8000/category/trousers-pants', 'index, follow', NULL, NULL, 1, '2026-02-10 01:47:56', '2026-02-10 01:47:56'),
(81, 'App\\Models\\Category', 83, NULL, 'Buy Leggings Online at Best Price | Gletra', 'Shop the latest Leggings products from verified vendors on Gletra.', 'Leggings, buy Leggings online, gletra category', 'http://127.0.0.1:8000/category/leggings', 'index, follow', NULL, NULL, 1, '2026-02-10 01:47:56', '2026-02-10 01:47:56'),
(82, 'App\\Models\\Category', 84, NULL, 'Buy Shorts & Skirts Online at Best Price | Gletra', 'Shop the latest Shorts & Skirts products from verified vendors on Gletra.', 'Shorts & Skirts, buy Shorts & Skirts online, gletra category', 'http://127.0.0.1:8000/category/shorts-skirts', 'index, follow', NULL, NULL, 1, '2026-02-10 01:47:56', '2026-02-10 01:47:56'),
(83, 'App\\Models\\Category', 85, NULL, 'Buy Winterwear Online at Best Price | Gletra', 'Shop the latest Winterwear products from verified vendors on Gletra.', 'Winterwear, buy Winterwear online, gletra category', 'http://127.0.0.1:8000/category/winterwear', 'index, follow', NULL, NULL, 1, '2026-02-10 01:47:56', '2026-02-10 01:47:56'),
(84, 'App\\Models\\Category', 86, NULL, 'Buy Jackets Online at Best Price | Gletra', 'Shop the latest Jackets products from verified vendors on Gletra.', 'Jackets, buy Jackets online, gletra category', 'http://127.0.0.1:8000/category/jackets', 'index, follow', NULL, NULL, 1, '2026-02-10 01:47:56', '2026-02-10 01:47:56'),
(85, 'App\\Models\\Category', 87, NULL, 'Buy Sweatshirts Online at Best Price | Gletra', 'Shop the latest Sweatshirts products from verified vendors on Gletra.', 'Sweatshirts, buy Sweatshirts online, gletra category', 'http://127.0.0.1:8000/category/sweatshirts', 'index, follow', NULL, NULL, 1, '2026-02-10 01:47:56', '2026-02-10 01:47:56'),
(86, 'App\\Models\\Category', 88, NULL, 'Buy Sweaters Online at Best Price | Gletra', 'Shop the latest Sweaters products from verified vendors on Gletra.', 'Sweaters, buy Sweaters online, gletra category', 'http://127.0.0.1:8000/category/sweaters', 'index, follow', NULL, NULL, 1, '2026-02-10 01:47:56', '2026-02-10 01:47:56'),
(87, 'App\\Models\\Category', 89, NULL, 'Buy Capes, Shrug & Ponchos Online at Best Price | Gletra', 'Shop the latest Capes, Shrug & Ponchos products from verified vendors on Gletra.', 'Capes, Shrug & Ponchos, buy Capes, Shrug & Ponchos online, gletra category', 'http://127.0.0.1:8000/category/capes-shrug-ponchos', 'index, follow', NULL, NULL, 1, '2026-02-10 01:47:56', '2026-02-10 01:47:56'),
(88, 'App\\Models\\Category', 90, NULL, 'Buy Coats Online at Best Price | Gletra', 'Shop the latest Coats products from verified vendors on Gletra.', 'Coats, buy Coats online, gletra category', 'http://127.0.0.1:8000/category/coats', 'index, follow', NULL, NULL, 1, '2026-02-10 01:47:56', '2026-02-10 01:47:56'),
(89, 'App\\Models\\Category', 91, NULL, 'Buy Blazers & Waistcoats Online at Best Price | Gletra', 'Shop the latest Blazers & Waistcoats products from verified vendors on Gletra.', 'Blazers & Waistcoats, buy Blazers & Waistcoats online, gletra category', 'http://127.0.0.1:8000/category/blazers-waistcoats', 'index, follow', NULL, NULL, 1, '2026-02-10 01:47:56', '2026-02-10 01:47:56'),
(90, 'App\\Models\\Category', 92, NULL, 'Buy Plus Size Online at Best Price | Gletra', 'Shop the latest Plus Size products from verified vendors on Gletra.', 'Plus Size, buy Plus Size online, gletra category', 'http://127.0.0.1:8000/category/plus-size', 'index, follow', NULL, NULL, 1, '2026-02-10 01:47:56', '2026-02-10 01:47:56'),
(91, 'App\\Models\\Category', 93, NULL, 'Buy Plus Size - Dresses & Gowns Online at Best Price | Gletra', 'Shop the latest Plus Size - Dresses & Gowns products from verified vendors on Gletra.', 'Plus Size - Dresses & Gowns, buy Plus Size - Dresses & Gowns online, gletra category', 'http://127.0.0.1:8000/category/plus-size-dresses-gowns', 'index, follow', NULL, NULL, 1, '2026-02-10 01:47:56', '2026-02-10 01:47:56'),
(92, 'App\\Models\\Category', 94, NULL, 'Buy Plus Size - Tops & Tees Online at Best Price | Gletra', 'Shop the latest Plus Size - Tops & Tees products from verified vendors on Gletra.', 'Plus Size - Tops & Tees, buy Plus Size - Tops & Tees online, gletra category', 'http://127.0.0.1:8000/category/plus-size-tops-tees', 'index, follow', NULL, NULL, 1, '2026-02-10 01:47:56', '2026-02-10 01:47:56'),
(93, 'App\\Models\\Category', 95, NULL, 'Buy Plus size - Bottomwear Online at Best Price | Gletra', 'Shop the latest Plus size - Bottomwear products from verified vendors on Gletra.', 'Plus size - Bottomwear, buy Plus size - Bottomwear online, gletra category', 'http://127.0.0.1:8000/category/plus-size-bottomwear', 'index, follow', NULL, NULL, 1, '2026-02-10 01:47:56', '2026-02-10 01:47:56'),
(94, 'App\\Models\\Category', 96, NULL, 'Buy Lingerie Online at Best Price | Gletra', 'Shop the latest Lingerie products from verified vendors on Gletra.', 'Lingerie, buy Lingerie online, gletra category', 'http://127.0.0.1:8000/category/lingerie', 'index, follow', NULL, NULL, 1, '2026-02-10 01:47:56', '2026-02-10 01:47:56'),
(95, 'App\\Models\\Category', 97, NULL, 'Buy Innerwear Online at Best Price | Gletra', 'Shop the latest Innerwear products from verified vendors on Gletra.', 'Innerwear, buy Innerwear online, gletra category', 'http://127.0.0.1:8000/category/innerwear', 'index, follow', NULL, NULL, 1, '2026-02-10 01:47:56', '2026-02-10 01:47:56'),
(96, 'App\\Models\\Category', 98, NULL, 'Buy Women Bra Online at Best Price | Gletra', 'Shop the latest Women Bra products from verified vendors on Gletra.', 'Women Bra, buy Women Bra online, gletra category', 'http://127.0.0.1:8000/category/women-bra', 'index, follow', NULL, NULL, 1, '2026-02-10 01:47:56', '2026-02-10 01:47:56'),
(97, 'App\\Models\\Category', 99, NULL, 'Buy Women Panties Online at Best Price | Gletra', 'Shop the latest Women Panties products from verified vendors on Gletra.', 'Women Panties, buy Women Panties online, gletra category', 'http://127.0.0.1:8000/category/women-panties', 'index, follow', NULL, NULL, 1, '2026-02-10 01:47:56', '2026-02-10 01:47:56'),
(98, 'App\\Models\\Category', 100, NULL, 'Buy Other Innerwear Online at Best Price | Gletra', 'Shop the latest Other Innerwear products from verified vendors on Gletra.', 'Other Innerwear, buy Other Innerwear online, gletra category', 'http://127.0.0.1:8000/category/other-innerwear', 'index, follow', NULL, NULL, 1, '2026-02-10 01:47:56', '2026-02-10 01:47:56'),
(99, 'App\\Models\\Category', 101, NULL, 'Buy Sleepwear Online at Best Price | Gletra', 'Shop the latest Sleepwear products from verified vendors on Gletra.', 'Sleepwear, buy Sleepwear online, gletra category', 'http://127.0.0.1:8000/category/sleepwear', 'index, follow', NULL, NULL, 1, '2026-02-10 01:47:56', '2026-02-10 01:47:56'),
(100, 'App\\Models\\Category', 102, NULL, 'Buy Women Nightsuits Online at Best Price | Gletra', 'Shop the latest Women Nightsuits products from verified vendors on Gletra.', 'Women Nightsuits, buy Women Nightsuits online, gletra category', 'http://127.0.0.1:8000/category/women-nightsuits', 'index, follow', NULL, NULL, 1, '2026-02-10 01:47:56', '2026-02-10 01:47:56'),
(101, 'App\\Models\\Category', 103, NULL, 'Buy Women Nightdress Online at Best Price | Gletra', 'Shop the latest Women Nightdress products from verified vendors on Gletra.', 'Women Nightdress, buy Women Nightdress online, gletra category', 'http://127.0.0.1:8000/category/women-nightdress', 'index, follow', NULL, NULL, 1, '2026-02-10 01:47:56', '2026-02-10 01:47:56'),
(102, 'App\\Models\\Category', 104, NULL, 'Buy Other Sleepwear Online at Best Price | Gletra', 'Shop the latest Other Sleepwear products from verified vendors on Gletra.', 'Other Sleepwear, buy Other Sleepwear online, gletra category', 'http://127.0.0.1:8000/category/other-sleepwear', 'index, follow', NULL, NULL, 1, '2026-02-10 01:47:56', '2026-02-10 01:47:56'),
(103, 'App\\Models\\Category', 105, NULL, 'Buy Sports Wear Online at Best Price | Gletra', 'Shop the latest Sports Wear products from verified vendors on Gletra.', 'Sports Wear, buy Sports Wear online, gletra category', 'http://127.0.0.1:8000/category/sports-wear', 'index, follow', NULL, NULL, 1, '2026-02-10 01:47:56', '2026-02-10 01:47:56'),
(104, 'App\\Models\\Category', 106, NULL, 'Buy Sports Bottomwear Online at Best Price | Gletra', 'Shop the latest Sports Bottomwear products from verified vendors on Gletra.', 'Sports Bottomwear, buy Sports Bottomwear online, gletra category', 'http://127.0.0.1:8000/category/sports-bottomwear', 'index, follow', NULL, NULL, 1, '2026-02-10 01:47:56', '2026-02-10 01:47:56'),
(105, 'App\\Models\\Category', 107, NULL, 'Buy Sports Bra Online at Best Price | Gletra', 'Shop the latest Sports Bra products from verified vendors on Gletra.', 'Sports Bra, buy Sports Bra online, gletra category', 'http://127.0.0.1:8000/category/sports-bra', 'index, follow', NULL, NULL, 1, '2026-02-10 01:47:56', '2026-02-10 01:47:56'),
(106, 'App\\Models\\Category', 108, NULL, 'Buy Top & Bottom Sets Online at Best Price | Gletra', 'Shop the latest Top & Bottom Sets products from verified vendors on Gletra.', 'Top & Bottom Sets, buy Top & Bottom Sets online, gletra category', 'http://127.0.0.1:8000/category/top-bottom-sets', 'index, follow', NULL, NULL, 1, '2026-02-10 01:47:56', '2026-02-10 01:47:56'),
(107, 'App\\Models\\Category', 109, NULL, 'Buy Maternity Wear Online at Best Price | Gletra', 'Shop the latest Maternity Wear products from verified vendors on Gletra.', 'Maternity Wear, buy Maternity Wear online, gletra category', 'http://127.0.0.1:8000/category/maternity-wear', 'index, follow', NULL, NULL, 1, '2026-02-10 01:47:56', '2026-02-10 01:47:56'),
(108, 'App\\Models\\Category', 110, NULL, 'Buy Kurti & Topwear Online at Best Price | Gletra', 'Shop the latest Kurti & Topwear products from verified vendors on Gletra.', 'Kurti & Topwear, buy Kurti & Topwear online, gletra category', 'http://127.0.0.1:8000/category/kurti-topwear', 'index, follow', NULL, NULL, 1, '2026-02-10 01:47:56', '2026-02-10 01:47:56'),
(109, 'App\\Models\\Category', 111, NULL, 'Buy Feeding Bras Online at Best Price | Gletra', 'Shop the latest Feeding Bras products from verified vendors on Gletra.', 'Feeding Bras, buy Feeding Bras online, gletra category', 'http://127.0.0.1:8000/category/feeding-bras', 'index, follow', NULL, NULL, 1, '2026-02-10 01:47:56', '2026-02-10 01:47:56'),
(110, 'App\\Models\\Category', 112, NULL, 'Buy Briefs & Bottomwear Online at Best Price | Gletra', 'Shop the latest Briefs & Bottomwear products from verified vendors on Gletra.', 'Briefs & Bottomwear, buy Briefs & Bottomwear online, gletra category', 'http://127.0.0.1:8000/category/briefs-bottomwear', 'index, follow', NULL, NULL, 1, '2026-02-10 01:47:56', '2026-02-10 01:47:56'),
(111, 'App\\Models\\Category', 113, NULL, 'Buy Men Online at Best Price | Gletra', 'Shop the latest Men products from verified vendors on Gletra.', 'Men, buy Men online, gletra category', 'http://127.0.0.1:8000/category/men', 'index, follow', NULL, NULL, 1, '2026-02-10 01:47:56', '2026-02-10 01:47:56'),
(112, 'App\\Models\\Category', 114, NULL, 'Buy Top Wear Online at Best Price | Gletra', 'Shop the latest Top Wear products from verified vendors on Gletra.', 'Top Wear, buy Top Wear online, gletra category', 'http://127.0.0.1:8000/category/top-wear', 'index, follow', NULL, NULL, 1, '2026-02-10 01:47:56', '2026-02-10 01:47:56'),
(113, 'App\\Models\\Category', 115, NULL, 'Buy Summer T-Shirts Online at Best Price | Gletra', 'Shop the latest Summer T-Shirts products from verified vendors on Gletra.', 'Summer T-Shirts, buy Summer T-Shirts online, gletra category', 'http://127.0.0.1:8000/category/summer-t-shirts', 'index, follow', NULL, NULL, 1, '2026-02-10 01:47:56', '2026-02-10 01:47:56'),
(114, 'App\\Models\\Category', 116, NULL, 'Buy Shirts Online at Best Price | Gletra', 'Shop the latest Shirts products from verified vendors on Gletra.', 'Shirts, buy Shirts online, gletra category', 'http://127.0.0.1:8000/category/shirts-1', 'index, follow', NULL, NULL, 1, '2026-02-10 01:47:56', '2026-02-10 01:47:56'),
(115, 'App\\Models\\Category', 117, NULL, 'Buy T-Shirts Combos Online at Best Price | Gletra', 'Shop the latest T-Shirts Combos products from verified vendors on Gletra.', 'T-Shirts Combos, buy T-Shirts Combos online, gletra category', 'http://127.0.0.1:8000/category/t-shirts-combos', 'index, follow', NULL, NULL, 1, '2026-02-10 01:47:56', '2026-02-10 01:47:56'),
(116, 'App\\Models\\Category', 118, NULL, 'Buy Bottom Wear Online at Best Price | Gletra', 'Shop the latest Bottom Wear products from verified vendors on Gletra.', 'Bottom Wear, buy Bottom Wear online, gletra category', 'http://127.0.0.1:8000/category/bottom-wear-1', 'index, follow', NULL, NULL, 1, '2026-02-10 01:47:56', '2026-02-10 01:47:56'),
(117, 'App\\Models\\Category', 119, NULL, 'Buy Jeans Online at Best Price | Gletra', 'Shop the latest Jeans products from verified vendors on Gletra.', 'Jeans, buy Jeans online, gletra category', 'http://127.0.0.1:8000/category/jeans', 'index, follow', NULL, NULL, 1, '2026-02-10 01:47:56', '2026-02-10 01:47:56'),
(118, 'App\\Models\\Category', 120, NULL, 'Buy Cargos/Trousers Online at Best Price | Gletra', 'Shop the latest Cargos/Trousers products from verified vendors on Gletra.', 'Cargos/Trousers, buy Cargos/Trousers online, gletra category', 'http://127.0.0.1:8000/category/cargostrousers', 'index, follow', NULL, NULL, 1, '2026-02-10 01:47:56', '2026-02-10 01:47:56'),
(119, 'App\\Models\\Category', 121, NULL, 'Buy Dhotis/Lungis Online at Best Price | Gletra', 'Shop the latest Dhotis/Lungis products from verified vendors on Gletra.', 'Dhotis/Lungis, buy Dhotis/Lungis online, gletra category', 'http://127.0.0.1:8000/category/dhotislungis', 'index, follow', NULL, NULL, 1, '2026-02-10 01:47:56', '2026-02-10 01:47:56'),
(120, 'App\\Models\\Category', 122, NULL, 'Buy Ethnic Wear Online at Best Price | Gletra', 'Shop the latest Ethnic Wear products from verified vendors on Gletra.', 'Ethnic Wear, buy Ethnic Wear online, gletra category', 'http://127.0.0.1:8000/category/ethnic-wear', 'index, follow', NULL, NULL, 1, '2026-02-10 01:47:56', '2026-02-10 01:47:56'),
(121, 'App\\Models\\Category', 123, NULL, 'Buy Kurtas Online at Best Price | Gletra', 'Shop the latest Kurtas products from verified vendors on Gletra.', 'Kurtas, buy Kurtas online, gletra category', 'http://127.0.0.1:8000/category/kurtas', 'index, follow', NULL, NULL, 1, '2026-02-10 01:47:56', '2026-02-10 01:47:56'),
(122, 'App\\Models\\Category', 124, NULL, 'Buy Kurta Sets Online at Best Price | Gletra', 'Shop the latest Kurta Sets products from verified vendors on Gletra.', 'Kurta Sets, buy Kurta Sets online, gletra category', 'http://127.0.0.1:8000/category/kurta-sets', 'index, follow', NULL, NULL, 1, '2026-02-10 01:47:56', '2026-02-10 01:47:56'),
(123, 'App\\Models\\Category', 125, NULL, 'Buy Nehru Jacket Online at Best Price | Gletra', 'Shop the latest Nehru Jacket products from verified vendors on Gletra.', 'Nehru Jacket, buy Nehru Jacket online, gletra category', 'http://127.0.0.1:8000/category/nehru-jacket', 'index, follow', NULL, NULL, 1, '2026-02-10 01:47:56', '2026-02-10 01:47:56'),
(124, 'App\\Models\\Category', 126, NULL, 'Buy Innerwear Online at Best Price | Gletra', 'Shop the latest Innerwear products from verified vendors on Gletra.', 'Innerwear, buy Innerwear online, gletra category', 'http://127.0.0.1:8000/category/innerwear-1', 'index, follow', NULL, NULL, 1, '2026-02-10 01:47:56', '2026-02-10 01:47:56'),
(125, 'App\\Models\\Category', 127, NULL, 'Buy Vests Online at Best Price | Gletra', 'Shop the latest Vests products from verified vendors on Gletra.', 'Vests, buy Vests online, gletra category', 'http://127.0.0.1:8000/category/vests', 'index, follow', NULL, NULL, 1, '2026-02-10 01:47:56', '2026-02-10 01:47:56'),
(126, 'App\\Models\\Category', 128, NULL, 'Buy Briefs Online at Best Price | Gletra', 'Shop the latest Briefs products from verified vendors on Gletra.', 'Briefs, buy Briefs online, gletra category', 'http://127.0.0.1:8000/category/briefs', 'index, follow', NULL, NULL, 1, '2026-02-10 01:47:56', '2026-02-10 01:47:56'),
(127, 'App\\Models\\Category', 129, NULL, 'Buy Boxers Online at Best Price | Gletra', 'Shop the latest Boxers products from verified vendors on Gletra.', 'Boxers, buy Boxers online, gletra category', 'http://127.0.0.1:8000/category/boxers', 'index, follow', NULL, NULL, 1, '2026-02-10 01:47:56', '2026-02-10 01:47:56'),
(128, 'App\\Models\\Category', 130, NULL, 'Buy Sports Wear Online at Best Price | Gletra', 'Shop the latest Sports Wear products from verified vendors on Gletra.', 'Sports Wear, buy Sports Wear online, gletra category', 'http://127.0.0.1:8000/category/sports-wear-1', 'index, follow', NULL, NULL, 1, '2026-02-10 01:47:56', '2026-02-10 01:47:56'),
(129, 'App\\Models\\Category', 131, NULL, 'Buy Trackpants Online at Best Price | Gletra', 'Shop the latest Trackpants products from verified vendors on Gletra.', 'Trackpants, buy Trackpants online, gletra category', 'http://127.0.0.1:8000/category/trackpants', 'index, follow', NULL, NULL, 1, '2026-02-10 01:47:56', '2026-02-10 01:47:56'),
(130, 'App\\Models\\Category', 132, NULL, 'Buy Tracksuits Online at Best Price | Gletra', 'Shop the latest Tracksuits products from verified vendors on Gletra.', 'Tracksuits, buy Tracksuits online, gletra category', 'http://127.0.0.1:8000/category/tracksuits', 'index, follow', NULL, NULL, 1, '2026-02-10 01:47:56', '2026-02-10 01:47:56'),
(131, 'App\\Models\\Category', 133, NULL, 'Buy Gym Tshirts Online at Best Price | Gletra', 'Shop the latest Gym Tshirts products from verified vendors on Gletra.', 'Gym Tshirts, buy Gym Tshirts online, gletra category', 'http://127.0.0.1:8000/category/gym-tshirts', 'index, follow', NULL, NULL, 1, '2026-02-10 01:47:56', '2026-02-10 01:47:56'),
(132, 'App\\Models\\Category', 134, NULL, 'Buy Night Wear Online at Best Price | Gletra', 'Shop the latest Night Wear products from verified vendors on Gletra.', 'Night Wear, buy Night Wear online, gletra category', 'http://127.0.0.1:8000/category/night-wear', 'index, follow', NULL, NULL, 1, '2026-02-10 01:47:56', '2026-02-10 01:47:56'),
(133, 'App\\Models\\Category', 135, NULL, 'Buy Pyjamas Online at Best Price | Gletra', 'Shop the latest Pyjamas products from verified vendors on Gletra.', 'Pyjamas, buy Pyjamas online, gletra category', 'http://127.0.0.1:8000/category/pyjamas', 'index, follow', NULL, NULL, 1, '2026-02-10 01:47:56', '2026-02-10 01:47:56'),
(134, 'App\\Models\\Category', 136, NULL, 'Buy Night Shorts Online at Best Price | Gletra', 'Shop the latest Night Shorts products from verified vendors on Gletra.', 'Night Shorts, buy Night Shorts online, gletra category', 'http://127.0.0.1:8000/category/night-shorts', 'index, follow', NULL, NULL, 1, '2026-02-10 01:47:56', '2026-02-10 01:47:56'),
(135, 'App\\Models\\Category', 137, NULL, 'Buy Nightsuits Online at Best Price | Gletra', 'Shop the latest Nightsuits products from verified vendors on Gletra.', 'Nightsuits, buy Nightsuits online, gletra category', 'http://127.0.0.1:8000/category/nightsuits', 'index, follow', NULL, NULL, 1, '2026-02-10 01:47:56', '2026-02-10 01:47:56'),
(136, 'App\\Models\\Category', 138, NULL, 'Buy Winter Wear Online at Best Price | Gletra', 'Shop the latest Winter Wear products from verified vendors on Gletra.', 'Winter Wear, buy Winter Wear online, gletra category', 'http://127.0.0.1:8000/category/winter-wear', 'index, follow', NULL, NULL, 1, '2026-02-10 01:47:56', '2026-02-10 01:47:56'),
(137, 'App\\Models\\Category', 139, NULL, 'Buy Shrugs Online at Best Price | Gletra', 'Shop the latest Shrugs products from verified vendors on Gletra.', 'Shrugs, buy Shrugs online, gletra category', 'http://127.0.0.1:8000/category/shrugs', 'index, follow', NULL, NULL, 1, '2026-02-10 01:47:56', '2026-02-10 01:47:56'),
(138, 'App\\Models\\Category', 140, NULL, 'Buy Jackets Online at Best Price | Gletra', 'Shop the latest Jackets products from verified vendors on Gletra.', 'Jackets, buy Jackets online, gletra category', 'http://127.0.0.1:8000/category/jackets-1', 'index, follow', NULL, NULL, 1, '2026-02-10 01:47:56', '2026-02-10 01:47:56'),
(139, 'App\\Models\\Category', 141, NULL, 'Buy Sweatshirts Online at Best Price | Gletra', 'Shop the latest Sweatshirts products from verified vendors on Gletra.', 'Sweatshirts, buy Sweatshirts online, gletra category', 'http://127.0.0.1:8000/category/sweatshirts-1', 'index, follow', NULL, NULL, 1, '2026-02-10 01:47:56', '2026-02-10 01:47:56'),
(140, 'App\\Models\\Category', 142, NULL, 'Buy Combo Store Online at Best Price | Gletra', 'Shop the latest Combo Store products from verified vendors on Gletra.', 'Combo Store, buy Combo Store online, gletra category', 'http://127.0.0.1:8000/category/combo-store', 'index, follow', NULL, NULL, 1, '2026-02-10 01:47:56', '2026-02-10 01:47:56'),
(141, 'App\\Models\\Category', 143, NULL, 'Buy Rakhi Specials Online at Best Price | Gletra', 'Shop the latest Rakhi Specials products from verified vendors on Gletra.', 'Rakhi Specials, buy Rakhi Specials online, gletra category', 'http://127.0.0.1:8000/category/rakhi-specials', 'index, follow', NULL, NULL, 1, '2026-02-10 01:47:56', '2026-02-10 01:47:56'),
(142, 'App\\Models\\Category', 144, NULL, 'Buy Shirts Combo Online at Best Price | Gletra', 'Shop the latest Shirts Combo products from verified vendors on Gletra.', 'Shirts Combo, buy Shirts Combo online, gletra category', 'http://127.0.0.1:8000/category/shirts-combo', 'index, follow', NULL, NULL, 1, '2026-02-10 01:47:56', '2026-02-10 01:47:56'),
(143, 'App\\Models\\Category', 145, NULL, 'Buy Innerwear Combo Online at Best Price | Gletra', 'Shop the latest Innerwear Combo products from verified vendors on Gletra.', 'Innerwear Combo, buy Innerwear Combo online, gletra category', 'http://127.0.0.1:8000/category/innerwear-combo', 'index, follow', NULL, NULL, 1, '2026-02-10 01:47:56', '2026-02-10 01:47:56'),
(144, 'App\\Models\\Category', 146, NULL, 'Buy Accessories Online at Best Price | Gletra', 'Shop the latest Accessories products from verified vendors on Gletra.', 'Accessories, buy Accessories online, gletra category', 'http://127.0.0.1:8000/category/accessories', 'index, follow', NULL, NULL, 1, '2026-02-10 01:47:56', '2026-02-10 01:47:56'),
(145, 'App\\Models\\Category', 147, NULL, 'Buy All Accessories Men Online at Best Price | Gletra', 'Shop the latest All Accessories Men products from verified vendors on Gletra.', 'All Accessories Men, buy All Accessories Men online, gletra category', 'http://127.0.0.1:8000/category/all-accessories-men', 'index, follow', NULL, NULL, 1, '2026-02-10 01:47:56', '2026-02-10 01:47:56'),
(146, 'App\\Models\\Category', 148, NULL, 'Buy Watches Men Online at Best Price | Gletra', 'Shop the latest Watches Men products from verified vendors on Gletra.', 'Watches Men, buy Watches Men online, gletra category', 'http://127.0.0.1:8000/category/watches-men', 'index, follow', NULL, NULL, 1, '2026-02-10 01:47:56', '2026-02-10 01:47:56'),
(147, 'App\\Models\\Category', 149, NULL, 'Buy Wallets Men Online at Best Price | Gletra', 'Shop the latest Wallets Men products from verified vendors on Gletra.', 'Wallets Men, buy Wallets Men online, gletra category', 'http://127.0.0.1:8000/category/wallets-men', 'index, follow', NULL, NULL, 1, '2026-02-10 01:47:56', '2026-02-10 01:47:56');
INSERT INTO `seo_metas` (`id`, `seoable_type`, `seoable_id`, `url_path`, `title`, `description`, `keywords`, `canonical_url`, `robots`, `og_image`, `schema_data`, `is_indexable`, `created_at`, `updated_at`) VALUES
(148, 'App\\Models\\Category', 150, NULL, 'Buy Jewellery Men Online at Best Price | Gletra', 'Shop the latest Jewellery Men products from verified vendors on Gletra.', 'Jewellery Men, buy Jewellery Men online, gletra category', 'http://127.0.0.1:8000/category/jewellery-men', 'index, follow', NULL, NULL, 1, '2026-02-10 01:47:56', '2026-02-10 01:47:56'),
(149, 'App\\Models\\Category', 151, NULL, 'Buy Sunglasses & Spectacle Frames Men Online at Best Price | Gletra', 'Shop the latest Sunglasses & Spectacle Frames Men products from verified vendors on Gletra.', 'Sunglasses & Spectacle Frames Men, buy Sunglasses & Spectacle Frames Men online, gletra category', 'http://127.0.0.1:8000/category/sunglasses-spectacle-frames-men', 'index, follow', NULL, NULL, 1, '2026-02-10 01:47:56', '2026-02-10 01:47:56'),
(150, 'App\\Models\\Category', 152, NULL, 'Buy Belts Men Online at Best Price | Gletra', 'Shop the latest Belts Men products from verified vendors on Gletra.', 'Belts Men, buy Belts Men online, gletra category', 'http://127.0.0.1:8000/category/belts-men', 'index, follow', NULL, NULL, 1, '2026-02-10 01:47:56', '2026-02-10 01:47:56'),
(151, 'App\\Models\\Category', 153, NULL, 'Buy Footwear Online at Best Price | Gletra', 'Shop the latest Footwear products from verified vendors on Gletra.', 'Footwear, buy Footwear online, gletra category', 'http://127.0.0.1:8000/category/footwear-2', 'index, follow', NULL, NULL, 1, '2026-02-10 01:47:56', '2026-02-10 01:47:56'),
(152, 'App\\Models\\Category', 154, NULL, 'Buy Men Footwear Online at Best Price | Gletra', 'Shop the latest Men Footwear products from verified vendors on Gletra.', 'Men Footwear, buy Men Footwear online, gletra category', 'http://127.0.0.1:8000/category/men-footwear', 'index, follow', NULL, NULL, 1, '2026-02-10 01:47:56', '2026-02-10 01:47:56'),
(153, 'App\\Models\\Category', 155, NULL, 'Buy Men Casual Shoes Online at Best Price | Gletra', 'Shop the latest Men Casual Shoes products from verified vendors on Gletra.', 'Men Casual Shoes, buy Men Casual Shoes online, gletra category', 'http://127.0.0.1:8000/category/men-casual-shoes', 'index, follow', NULL, NULL, 1, '2026-02-10 01:47:56', '2026-02-10 01:47:56'),
(154, 'App\\Models\\Category', 156, NULL, 'Buy Men Sports Shoes Online at Best Price | Gletra', 'Shop the latest Men Sports Shoes products from verified vendors on Gletra.', 'Men Sports Shoes, buy Men Sports Shoes online, gletra category', 'http://127.0.0.1:8000/category/men-sports-shoes', 'index, follow', NULL, NULL, 1, '2026-02-10 01:47:56', '2026-02-10 01:47:56'),
(155, 'App\\Models\\Category', 157, NULL, 'Buy Men Flip Flops and Sandals Online at Best Price | Gletra', 'Shop the latest Men Flip Flops and Sandals products from verified vendors on Gletra.', 'Men Flip Flops and Sandals, buy Men Flip Flops and Sandals online, gletra category', 'http://127.0.0.1:8000/category/men-flip-flops-and-sandals', 'index, follow', NULL, NULL, 1, '2026-02-10 01:47:56', '2026-02-10 01:47:56'),
(156, 'App\\Models\\Category', 158, NULL, 'Buy Men Formal Shoes Online at Best Price | Gletra', 'Shop the latest Men Formal Shoes products from verified vendors on Gletra.', 'Men Formal Shoes, buy Men Formal Shoes online, gletra category', 'http://127.0.0.1:8000/category/men-formal-shoes', 'index, follow', NULL, NULL, 1, '2026-02-10 01:47:56', '2026-02-10 01:47:56'),
(157, 'App\\Models\\Category', 159, NULL, 'Buy Loafers Online at Best Price | Gletra', 'Shop the latest Loafers products from verified vendors on Gletra.', 'Loafers, buy Loafers online, gletra category', 'http://127.0.0.1:8000/category/loafers', 'index, follow', NULL, NULL, 1, '2026-02-10 01:47:56', '2026-02-10 01:47:56'),
(158, 'App\\Models\\Category', 160, NULL, 'Buy Kids & Toys Online at Best Price | Gletra', 'Shop the latest Kids & Toys products from verified vendors on Gletra.', 'Kids & Toys, buy Kids & Toys online, gletra category', 'http://127.0.0.1:8000/category/kids-toys', 'index, follow', NULL, NULL, 1, '2026-02-10 01:47:56', '2026-02-10 01:47:56'),
(159, 'App\\Models\\Category', 161, NULL, 'Buy Kids Clothing Online at Best Price | Gletra', 'Shop the latest Kids Clothing products from verified vendors on Gletra.', 'Kids Clothing, buy Kids Clothing online, gletra category', 'http://127.0.0.1:8000/category/kids-clothing', 'index, follow', NULL, NULL, 1, '2026-02-10 01:47:56', '2026-02-10 01:47:56'),
(160, 'App\\Models\\Category', 162, NULL, 'Buy Girls Online at Best Price | Gletra', 'Shop the latest Girls products from verified vendors on Gletra.', 'Girls, buy Girls online, gletra category', 'http://127.0.0.1:8000/category/girls', 'index, follow', NULL, NULL, 1, '2026-02-10 01:47:56', '2026-02-10 01:47:56'),
(161, 'App\\Models\\Category', 163, NULL, 'Buy Boys Online at Best Price | Gletra', 'Shop the latest Boys products from verified vendors on Gletra.', 'Boys, buy Boys online, gletra category', 'http://127.0.0.1:8000/category/boys', 'index, follow', NULL, NULL, 1, '2026-02-10 01:47:56', '2026-02-10 01:47:56'),
(162, 'App\\Models\\Category', 164, NULL, 'Buy Babies Online at Best Price | Gletra', 'Shop the latest Babies products from verified vendors on Gletra.', 'Babies, buy Babies online, gletra category', 'http://127.0.0.1:8000/category/babies', 'index, follow', NULL, NULL, 1, '2026-02-10 01:47:56', '2026-02-10 01:47:56'),
(163, 'App\\Models\\Category', 165, NULL, 'Buy Clothing Sets Online at Best Price | Gletra', 'Shop the latest Clothing Sets products from verified vendors on Gletra.', 'Clothing Sets, buy Clothing Sets online, gletra category', 'http://127.0.0.1:8000/category/clothing-sets', 'index, follow', NULL, NULL, 1, '2026-02-10 01:47:56', '2026-02-10 01:47:56'),
(164, 'App\\Models\\Category', 166, NULL, 'Buy Frocks & Dresses Online at Best Price | Gletra', 'Shop the latest Frocks & Dresses products from verified vendors on Gletra.', 'Frocks & Dresses, buy Frocks & Dresses online, gletra category', 'http://127.0.0.1:8000/category/frocks-dresses', 'index, follow', NULL, NULL, 1, '2026-02-10 01:47:56', '2026-02-10 01:47:56'),
(165, 'App\\Models\\Category', 167, NULL, 'Buy T-Shirt & Polos Online at Best Price | Gletra', 'Shop the latest T-Shirt & Polos products from verified vendors on Gletra.', 'T-Shirt & Polos, buy T-Shirt & Polos online, gletra category', 'http://127.0.0.1:8000/category/t-shirt-polos', 'index, follow', NULL, NULL, 1, '2026-02-10 01:47:56', '2026-02-10 01:47:56'),
(166, 'App\\Models\\Category', 168, NULL, 'Buy Kids Toys Online at Best Price | Gletra', 'Shop the latest Kids Toys products from verified vendors on Gletra.', 'Kids Toys, buy Kids Toys online, gletra category', 'http://127.0.0.1:8000/category/kids-toys-1', 'index, follow', NULL, NULL, 1, '2026-02-10 01:47:56', '2026-02-10 01:47:56'),
(167, 'App\\Models\\Category', 169, NULL, 'Buy Toys & Games Online at Best Price | Gletra', 'Shop the latest Toys & Games products from verified vendors on Gletra.', 'Toys & Games, buy Toys & Games online, gletra category', 'http://127.0.0.1:8000/category/toys-games', 'index, follow', NULL, NULL, 1, '2026-02-10 01:47:56', '2026-02-10 01:47:56'),
(168, 'App\\Models\\Category', 170, NULL, 'Buy Summer Picks Online at Best Price | Gletra', 'Shop the latest Summer Picks products from verified vendors on Gletra.', 'Summer Picks, buy Summer Picks online, gletra category', 'http://127.0.0.1:8000/category/summer-picks', 'index, follow', NULL, NULL, 1, '2026-02-10 01:47:56', '2026-02-10 01:47:56'),
(169, 'App\\Models\\Category', 171, NULL, 'Buy Best Sellers Online at Best Price | Gletra', 'Shop the latest Best Sellers products from verified vendors on Gletra.', 'Best Sellers, buy Best Sellers online, gletra category', 'http://127.0.0.1:8000/category/best-sellers', 'index, follow', NULL, NULL, 1, '2026-02-10 01:47:56', '2026-02-10 01:47:56'),
(170, 'App\\Models\\Category', 172, NULL, 'Buy Baby Gears Online at Best Price | Gletra', 'Shop the latest Baby Gears products from verified vendors on Gletra.', 'Baby Gears, buy Baby Gears online, gletra category', 'http://127.0.0.1:8000/category/baby-gears', 'index, follow', NULL, NULL, 1, '2026-02-10 01:47:56', '2026-02-10 01:47:56'),
(171, 'App\\Models\\Category', 173, NULL, 'Buy Kids Accessories Online at Best Price | Gletra', 'Shop the latest Kids Accessories products from verified vendors on Gletra.', 'Kids Accessories, buy Kids Accessories online, gletra category', 'http://127.0.0.1:8000/category/kids-accessories-1', 'index, follow', NULL, NULL, 1, '2026-02-10 01:47:56', '2026-02-10 01:47:56'),
(172, 'App\\Models\\Category', 174, NULL, 'Buy Bags & Backpacks Online at Best Price | Gletra', 'Shop the latest Bags & Backpacks products from verified vendors on Gletra.', 'Bags & Backpacks, buy Bags & Backpacks online, gletra category', 'http://127.0.0.1:8000/category/bags-backpacks', 'index, follow', NULL, NULL, 1, '2026-02-10 01:47:56', '2026-02-10 01:47:56'),
(173, 'App\\Models\\Category', 175, NULL, 'Buy Kids Accessories Online at Best Price | Gletra', 'Shop the latest Kids Accessories products from verified vendors on Gletra.', 'Kids Accessories, buy Kids Accessories online, gletra category', 'http://127.0.0.1:8000/category/kids-accessories-2', 'index, follow', NULL, NULL, 1, '2026-02-10 01:47:56', '2026-02-10 01:47:56'),
(174, 'App\\Models\\Category', 176, NULL, 'Buy Party Items Online at Best Price | Gletra', 'Shop the latest Party Items products from verified vendors on Gletra.', 'Party Items, buy Party Items online, gletra category', 'http://127.0.0.1:8000/category/party-items', 'index, follow', NULL, NULL, 1, '2026-02-10 01:47:56', '2026-02-10 01:47:56'),
(175, 'App\\Models\\Category', 177, NULL, 'Buy Baby Care Online at Best Price | Gletra', 'Shop the latest Baby Care products from verified vendors on Gletra.', 'Baby Care, buy Baby Care online, gletra category', 'http://127.0.0.1:8000/category/baby-care-1', 'index, follow', NULL, NULL, 1, '2026-02-10 01:47:56', '2026-02-10 01:47:56'),
(176, 'App\\Models\\Category', 178, NULL, 'Buy View All Baby Online at Best Price | Gletra', 'Shop the latest View All Baby products from verified vendors on Gletra.', 'View All Baby, buy View All Baby online, gletra category', 'http://127.0.0.1:8000/category/view-all-baby', 'index, follow', NULL, NULL, 1, '2026-02-10 01:47:56', '2026-02-10 01:47:56'),
(177, 'App\\Models\\Category', 179, NULL, 'Buy Baby Bedding & Accessories Online at Best Price | Gletra', 'Shop the latest Baby Bedding & Accessories products from verified vendors on Gletra.', 'Baby Bedding & Accessories, buy Baby Bedding & Accessories online, gletra category', 'http://127.0.0.1:8000/category/baby-bedding-accessories', 'index, follow', NULL, NULL, 1, '2026-02-10 01:47:56', '2026-02-10 01:47:56'),
(178, 'App\\Models\\Category', 180, NULL, 'Buy Newborn Care Online at Best Price | Gletra', 'Shop the latest Newborn Care products from verified vendors on Gletra.', 'Newborn Care, buy Newborn Care online, gletra category', 'http://127.0.0.1:8000/category/newborn-care', 'index, follow', NULL, NULL, 1, '2026-02-10 01:47:56', '2026-02-10 01:47:56'),
(179, 'App\\Models\\Category', 181, NULL, 'Buy Diapers Online at Best Price | Gletra', 'Shop the latest Diapers products from verified vendors on Gletra.', 'Diapers, buy Diapers online, gletra category', 'http://127.0.0.1:8000/category/diapers', 'index, follow', NULL, NULL, 1, '2026-02-10 01:47:56', '2026-02-10 01:47:56'),
(180, 'App\\Models\\Category', 182, NULL, 'Buy Baby Mosquito nets Online at Best Price | Gletra', 'Shop the latest Baby Mosquito nets products from verified vendors on Gletra.', 'Baby Mosquito nets, buy Baby Mosquito nets online, gletra category', 'http://127.0.0.1:8000/category/baby-mosquito-nets', 'index, follow', NULL, NULL, 1, '2026-02-10 01:47:56', '2026-02-10 01:47:56'),
(181, 'App\\Models\\Category', 183, NULL, 'Buy Baby Dry Sheets Online at Best Price | Gletra', 'Shop the latest Baby Dry Sheets products from verified vendors on Gletra.', 'Baby Dry Sheets, buy Baby Dry Sheets online, gletra category', 'http://127.0.0.1:8000/category/baby-dry-sheets', 'index, follow', NULL, NULL, 1, '2026-02-10 01:47:56', '2026-02-10 01:47:56'),
(182, 'App\\Models\\Category', 184, NULL, 'Buy Showpieces Online at Best Price | Gletra', 'Shop the latest Showpieces products from verified vendors on Gletra.', 'Showpieces, buy Showpieces online, gletra category', 'http://127.0.0.1:8000/category/showpieces', 'index, follow', NULL, NULL, 1, '2026-02-10 01:47:56', '2026-02-10 01:47:56'),
(183, 'App\\Models\\Category', 185, NULL, 'Buy Clocks Online at Best Price | Gletra', 'Shop the latest Clocks products from verified vendors on Gletra.', 'Clocks, buy Clocks online, gletra category', 'http://127.0.0.1:8000/category/clocks', 'index, follow', NULL, NULL, 1, '2026-02-10 01:47:56', '2026-02-10 01:47:56'),
(184, 'App\\Models\\Category', 186, NULL, 'Buy Vases Online at Best Price | Gletra', 'Shop the latest Vases products from verified vendors on Gletra.', 'Vases, buy Vases online, gletra category', 'http://127.0.0.1:8000/category/vases', 'index, follow', NULL, NULL, 1, '2026-02-10 01:47:56', '2026-02-10 01:47:56'),
(185, 'App\\Models\\Category', 187, NULL, 'Buy Stickers Online at Best Price | Gletra', 'Shop the latest Stickers products from verified vendors on Gletra.', 'Stickers, buy Stickers online, gletra category', 'http://127.0.0.1:8000/category/stickers', 'index, follow', NULL, NULL, 1, '2026-02-10 01:47:56', '2026-02-10 01:47:56'),
(186, 'App\\Models\\Category', 188, NULL, 'Buy Frames Online at Best Price | Gletra', 'Shop the latest Frames products from verified vendors on Gletra.', 'Frames, buy Frames online, gletra category', 'http://127.0.0.1:8000/category/frames', 'index, follow', NULL, NULL, 1, '2026-02-10 01:47:56', '2026-02-10 01:47:56'),
(187, 'App\\Models\\Category', 189, NULL, 'Buy Home Fragrances Online at Best Price | Gletra', 'Shop the latest Home Fragrances products from verified vendors on Gletra.', 'Home Fragrances, buy Home Fragrances online, gletra category', 'http://127.0.0.1:8000/category/home-fragrances', 'index, follow', NULL, NULL, 1, '2026-02-10 01:47:56', '2026-02-10 01:47:56'),
(188, 'App\\Models\\Category', 190, NULL, 'Buy Kitchen & Appliances Online at Best Price | Gletra', 'Shop the latest Kitchen & Appliances products from verified vendors on Gletra.', 'Kitchen & Appliances, buy Kitchen & Appliances online, gletra category', 'http://127.0.0.1:8000/category/kitchen-appliances-2', 'index, follow', NULL, NULL, 1, '2026-02-10 01:47:56', '2026-02-10 01:47:56'),
(189, 'App\\Models\\Category', 191, NULL, 'Buy Cookware Online at Best Price | Gletra', 'Shop the latest Cookware products from verified vendors on Gletra.', 'Cookware, buy Cookware online, gletra category', 'http://127.0.0.1:8000/category/cookware', 'index, follow', NULL, NULL, 1, '2026-02-10 01:47:56', '2026-02-10 01:47:56'),
(190, 'App\\Models\\Category', 192, NULL, 'Buy Storage Online at Best Price | Gletra', 'Shop the latest Storage products from verified vendors on Gletra.', 'Storage, buy Storage online, gletra category', 'http://127.0.0.1:8000/category/storage-1', 'index, follow', NULL, NULL, 1, '2026-02-10 01:47:56', '2026-02-10 01:47:56'),
(191, 'App\\Models\\Category', 193, NULL, 'Buy Small Appliances Online at Best Price | Gletra', 'Shop the latest Small Appliances products from verified vendors on Gletra.', 'Small Appliances, buy Small Appliances online, gletra category', 'http://127.0.0.1:8000/category/small-appliances', 'index, follow', NULL, NULL, 1, '2026-02-10 01:47:56', '2026-02-10 01:47:56'),
(192, 'App\\Models\\Category', 194, NULL, 'Buy Cutlery Online at Best Price | Gletra', 'Shop the latest Cutlery products from verified vendors on Gletra.', 'Cutlery, buy Cutlery online, gletra category', 'http://127.0.0.1:8000/category/cutlery', 'index, follow', NULL, NULL, 1, '2026-02-10 01:47:56', '2026-02-10 01:47:56'),
(193, 'App\\Models\\Category', 195, NULL, 'Buy Ovens Online at Best Price | Gletra', 'Shop the latest Ovens products from verified vendors on Gletra.', 'Ovens, buy Ovens online, gletra category', 'http://127.0.0.1:8000/category/ovens', 'index, follow', NULL, NULL, 1, '2026-02-10 01:47:56', '2026-02-10 01:47:56'),
(194, 'App\\Models\\Category', 196, NULL, 'Buy Home Textiles Online at Best Price | Gletra', 'Shop the latest Home Textiles products from verified vendors on Gletra.', 'Home Textiles, buy Home Textiles online, gletra category', 'http://127.0.0.1:8000/category/home-textiles', 'index, follow', NULL, NULL, 1, '2026-02-10 01:47:56', '2026-02-10 01:47:56'),
(195, 'App\\Models\\Category', 197, NULL, 'Buy Bedsheets Online at Best Price | Gletra', 'Shop the latest Bedsheets products from verified vendors on Gletra.', 'Bedsheets, buy Bedsheets online, gletra category', 'http://127.0.0.1:8000/category/bedsheets', 'index, follow', NULL, NULL, 1, '2026-02-10 01:47:56', '2026-02-10 01:47:56'),
(196, 'App\\Models\\Category', 198, NULL, 'Buy Curtains Online at Best Price | Gletra', 'Shop the latest Curtains products from verified vendors on Gletra.', 'Curtains, buy Curtains online, gletra category', 'http://127.0.0.1:8000/category/curtains', 'index, follow', NULL, NULL, 1, '2026-02-10 01:47:56', '2026-02-10 01:47:56'),
(197, 'App\\Models\\Category', 199, NULL, 'Buy Carpets Online at Best Price | Gletra', 'Shop the latest Carpets products from verified vendors on Gletra.', 'Carpets, buy Carpets online, gletra category', 'http://127.0.0.1:8000/category/carpets', 'index, follow', NULL, NULL, 1, '2026-02-10 01:47:56', '2026-02-10 01:47:56'),
(198, 'App\\Models\\Category', 200, NULL, 'Buy Cushions Online at Best Price | Gletra', 'Shop the latest Cushions products from verified vendors on Gletra.', 'Cushions, buy Cushions online, gletra category', 'http://127.0.0.1:8000/category/cushions', 'index, follow', NULL, NULL, 1, '2026-02-10 01:47:56', '2026-02-10 01:47:56'),
(199, 'App\\Models\\Category', 201, NULL, 'Buy Blankets Online at Best Price | Gletra', 'Shop the latest Blankets products from verified vendors on Gletra.', 'Blankets, buy Blankets online, gletra category', 'http://127.0.0.1:8000/category/blankets', 'index, follow', NULL, NULL, 1, '2026-02-10 01:47:56', '2026-02-10 01:47:56'),
(200, 'App\\Models\\Category', 202, NULL, 'Buy Home Improvement Online at Best Price | Gletra', 'Shop the latest Home Improvement products from verified vendors on Gletra.', 'Home Improvement, buy Home Improvement online, gletra category', 'http://127.0.0.1:8000/category/home-improvement', 'index, follow', NULL, NULL, 1, '2026-02-10 01:47:56', '2026-02-10 01:47:56'),
(201, 'App\\Models\\Category', 203, NULL, 'Buy Tools Online at Best Price | Gletra', 'Shop the latest Tools products from verified vendors on Gletra.', 'Tools, buy Tools online, gletra category', 'http://127.0.0.1:8000/category/tools', 'index, follow', NULL, NULL, 1, '2026-02-10 01:47:56', '2026-02-10 01:47:56'),
(202, 'App\\Models\\Category', 204, NULL, 'Buy Lightings Online at Best Price | Gletra', 'Shop the latest Lightings products from verified vendors on Gletra.', 'Lightings, buy Lightings online, gletra category', 'http://127.0.0.1:8000/category/lightings', 'index, follow', NULL, NULL, 1, '2026-02-10 01:47:56', '2026-02-10 01:47:56'),
(203, 'App\\Models\\Category', 205, NULL, 'Buy Bath Hardware Online at Best Price | Gletra', 'Shop the latest Bath Hardware products from verified vendors on Gletra.', 'Bath Hardware, buy Bath Hardware online, gletra category', 'http://127.0.0.1:8000/category/bath-hardware', 'index, follow', NULL, NULL, 1, '2026-02-10 01:47:56', '2026-02-10 01:47:56'),
(204, 'App\\Models\\Category', 206, NULL, 'Buy Wall Paints Online at Best Price | Gletra', 'Shop the latest Wall Paints products from verified vendors on Gletra.', 'Wall Paints, buy Wall Paints online, gletra category', 'http://127.0.0.1:8000/category/wall-paints', 'index, follow', NULL, NULL, 1, '2026-02-10 01:47:56', '2026-02-10 01:47:56'),
(205, 'App\\Models\\Category', 207, NULL, 'Buy Furniture Online at Best Price | Gletra', 'Shop the latest Furniture products from verified vendors on Gletra.', 'Furniture, buy Furniture online, gletra category', 'http://127.0.0.1:8000/category/furniture-2', 'index, follow', NULL, NULL, 1, '2026-02-10 01:47:56', '2026-02-10 01:47:56'),
(206, 'App\\Models\\Category', 208, NULL, 'Buy Tables Online at Best Price | Gletra', 'Shop the latest Tables products from verified vendors on Gletra.', 'Tables, buy Tables online, gletra category', 'http://127.0.0.1:8000/category/tables', 'index, follow', NULL, NULL, 1, '2026-02-10 01:47:56', '2026-02-10 01:47:56'),
(207, 'App\\Models\\Category', 209, NULL, 'Buy Chairs Online at Best Price | Gletra', 'Shop the latest Chairs products from verified vendors on Gletra.', 'Chairs, buy Chairs online, gletra category', 'http://127.0.0.1:8000/category/chairs', 'index, follow', NULL, NULL, 1, '2026-02-10 01:47:56', '2026-02-10 01:47:56'),
(208, 'App\\Models\\Category', 210, NULL, 'Buy Wardrobes Online at Best Price | Gletra', 'Shop the latest Wardrobes products from verified vendors on Gletra.', 'Wardrobes, buy Wardrobes online, gletra category', 'http://127.0.0.1:8000/category/wardrobes', 'index, follow', NULL, NULL, 1, '2026-02-10 01:47:56', '2026-02-10 01:47:56'),
(209, 'App\\Models\\Category', 211, NULL, 'Buy Beds Online at Best Price | Gletra', 'Shop the latest Beds products from verified vendors on Gletra.', 'Beds, buy Beds online, gletra category', 'http://127.0.0.1:8000/category/beds', 'index, follow', NULL, NULL, 1, '2026-02-10 01:47:56', '2026-02-10 01:47:56'),
(210, 'App\\Models\\Category', 212, NULL, 'Buy Sofas Online at Best Price | Gletra', 'Shop the latest Sofas products from verified vendors on Gletra.', 'Sofas, buy Sofas online, gletra category', 'http://127.0.0.1:8000/category/sofas', 'index, follow', NULL, NULL, 1, '2026-02-10 01:47:56', '2026-02-10 01:47:56'),
(211, 'App\\Models\\Category', 213, NULL, 'Buy Beauty & Health Online at Best Price | Gletra', 'Shop the latest Beauty & Health products from verified vendors on Gletra.', 'Beauty & Health, buy Beauty & Health online, gletra category', 'http://127.0.0.1:8000/category/beauty-health', 'index, follow', NULL, NULL, 1, '2026-02-10 01:47:56', '2026-02-10 01:47:56'),
(212, 'App\\Models\\Category', 214, NULL, 'Buy Makeup Online at Best Price | Gletra', 'Shop the latest Makeup products from verified vendors on Gletra.', 'Makeup, buy Makeup online, gletra category', 'http://127.0.0.1:8000/category/makeup-1', 'index, follow', NULL, NULL, 1, '2026-02-10 01:47:56', '2026-02-10 01:47:56'),
(213, 'App\\Models\\Category', 215, NULL, 'Buy Face Online at Best Price | Gletra', 'Shop the latest Face products from verified vendors on Gletra.', 'Face, buy Face online, gletra category', 'http://127.0.0.1:8000/category/face', 'index, follow', NULL, NULL, 1, '2026-02-10 01:47:56', '2026-02-10 01:47:56'),
(214, 'App\\Models\\Category', 216, NULL, 'Buy Eyes Online at Best Price | Gletra', 'Shop the latest Eyes products from verified vendors on Gletra.', 'Eyes, buy Eyes online, gletra category', 'http://127.0.0.1:8000/category/eyes', 'index, follow', NULL, NULL, 1, '2026-02-10 01:47:56', '2026-02-10 01:47:56'),
(215, 'App\\Models\\Category', 217, NULL, 'Buy Lips Online at Best Price | Gletra', 'Shop the latest Lips products from verified vendors on Gletra.', 'Lips, buy Lips online, gletra category', 'http://127.0.0.1:8000/category/lips', 'index, follow', NULL, NULL, 1, '2026-02-10 01:47:56', '2026-02-10 01:47:56'),
(216, 'App\\Models\\Category', 218, NULL, 'Buy Nails Online at Best Price | Gletra', 'Shop the latest Nails products from verified vendors on Gletra.', 'Nails, buy Nails online, gletra category', 'http://127.0.0.1:8000/category/nails', 'index, follow', NULL, NULL, 1, '2026-02-10 01:47:56', '2026-02-10 01:47:56'),
(217, 'App\\Models\\Category', 219, NULL, 'Buy Kits Online at Best Price | Gletra', 'Shop the latest Kits products from verified vendors on Gletra.', 'Kits, buy Kits online, gletra category', 'http://127.0.0.1:8000/category/kits', 'index, follow', NULL, NULL, 1, '2026-02-10 01:47:56', '2026-02-10 01:47:56'),
(218, 'App\\Models\\Category', 220, NULL, 'Buy Removers Online at Best Price | Gletra', 'Shop the latest Removers products from verified vendors on Gletra.', 'Removers, buy Removers online, gletra category', 'http://127.0.0.1:8000/category/removers', 'index, follow', NULL, NULL, 1, '2026-02-10 01:47:56', '2026-02-10 01:47:56'),
(219, 'App\\Models\\Category', 221, NULL, 'Buy Personal Care Online at Best Price | Gletra', 'Shop the latest Personal Care products from verified vendors on Gletra.', 'Personal Care, buy Personal Care online, gletra category', 'http://127.0.0.1:8000/category/personal-care', 'index, follow', NULL, NULL, 1, '2026-02-10 01:47:56', '2026-02-10 01:47:56'),
(220, 'App\\Models\\Category', 222, NULL, 'Buy Skin Care Online at Best Price | Gletra', 'Shop the latest Skin Care products from verified vendors on Gletra.', 'Skin Care, buy Skin Care online, gletra category', 'http://127.0.0.1:8000/category/skin-care', 'index, follow', NULL, NULL, 1, '2026-02-10 01:47:56', '2026-02-10 01:47:56'),
(221, 'App\\Models\\Category', 223, NULL, 'Buy Hair Care Online at Best Price | Gletra', 'Shop the latest Hair Care products from verified vendors on Gletra.', 'Hair Care, buy Hair Care online, gletra category', 'http://127.0.0.1:8000/category/hair-care-1', 'index, follow', NULL, NULL, 1, '2026-02-10 01:47:56', '2026-02-10 01:47:56'),
(222, 'App\\Models\\Category', 224, NULL, 'Buy Hand & Foot Care Online at Best Price | Gletra', 'Shop the latest Hand & Foot Care products from verified vendors on Gletra.', 'Hand & Foot Care, buy Hand & Foot Care online, gletra category', 'http://127.0.0.1:8000/category/hand-foot-care', 'index, follow', NULL, NULL, 1, '2026-02-10 01:47:56', '2026-02-10 01:47:56'),
(223, 'App\\Models\\Category', 225, NULL, 'Buy Deodorants Online at Best Price | Gletra', 'Shop the latest Deodorants products from verified vendors on Gletra.', 'Deodorants, buy Deodorants online, gletra category', 'http://127.0.0.1:8000/category/deodorants', 'index, follow', NULL, NULL, 1, '2026-02-10 01:47:56', '2026-02-10 01:47:56'),
(224, 'App\\Models\\Category', 226, NULL, 'Buy Fragrances Online at Best Price | Gletra', 'Shop the latest Fragrances products from verified vendors on Gletra.', 'Fragrances, buy Fragrances online, gletra category', 'http://127.0.0.1:8000/category/fragrances-1', 'index, follow', NULL, NULL, 1, '2026-02-10 01:47:56', '2026-02-10 01:47:56'),
(225, 'App\\Models\\Category', 227, NULL, 'Buy Healthcare Online at Best Price | Gletra', 'Shop the latest Healthcare products from verified vendors on Gletra.', 'Healthcare, buy Healthcare online, gletra category', 'http://127.0.0.1:8000/category/healthcare-1', 'index, follow', NULL, NULL, 1, '2026-02-10 01:47:56', '2026-02-10 01:47:56'),
(226, 'App\\Models\\Category', 228, NULL, 'Buy Oral Care Online at Best Price | Gletra', 'Shop the latest Oral Care products from verified vendors on Gletra.', 'Oral Care, buy Oral Care online, gletra category', 'http://127.0.0.1:8000/category/oral-care', 'index, follow', NULL, NULL, 1, '2026-02-10 01:47:56', '2026-02-10 01:47:56'),
(227, 'App\\Models\\Category', 229, NULL, 'Buy Winter Healthcare Online at Best Price | Gletra', 'Shop the latest Winter Healthcare products from verified vendors on Gletra.', 'Winter Healthcare, buy Winter Healthcare online, gletra category', 'http://127.0.0.1:8000/category/winter-healthcare', 'index, follow', NULL, NULL, 1, '2026-02-10 01:47:56', '2026-02-10 01:47:56'),
(228, 'App\\Models\\Category', 230, NULL, 'Buy Ear Cleaner Online at Best Price | Gletra', 'Shop the latest Ear Cleaner products from verified vendors on Gletra.', 'Ear Cleaner, buy Ear Cleaner online, gletra category', 'http://127.0.0.1:8000/category/ear-cleaner', 'index, follow', NULL, NULL, 1, '2026-02-10 01:47:56', '2026-02-10 01:47:56'),
(229, 'App\\Models\\Category', 231, NULL, 'Buy Health Monitor & Massagers Online at Best Price | Gletra', 'Shop the latest Health Monitor & Massagers products from verified vendors on Gletra.', 'Health Monitor & Massagers, buy Health Monitor & Massagers online, gletra category', 'http://127.0.0.1:8000/category/health-monitor-massagers', 'index, follow', NULL, NULL, 1, '2026-02-10 01:47:56', '2026-02-10 01:47:56'),
(230, 'App\\Models\\Category', 232, NULL, 'Buy Foot care Online at Best Price | Gletra', 'Shop the latest Foot care products from verified vendors on Gletra.', 'Foot care, buy Foot care online, gletra category', 'http://127.0.0.1:8000/category/foot-care', 'index, follow', NULL, NULL, 1, '2026-02-10 01:47:56', '2026-02-10 01:47:56'),
(231, 'App\\Models\\Category', 233, NULL, 'Buy Sexual Wellness Online at Best Price | Gletra', 'Shop the latest Sexual Wellness products from verified vendors on Gletra.', 'Sexual Wellness, buy Sexual Wellness online, gletra category', 'http://127.0.0.1:8000/category/sexual-wellness', 'index, follow', NULL, NULL, 1, '2026-02-10 01:47:56', '2026-02-10 01:47:56'),
(232, 'App\\Models\\Category', 234, NULL, 'Buy Ayurveda & Nutrition Online at Best Price | Gletra', 'Shop the latest Ayurveda & Nutrition products from verified vendors on Gletra.', 'Ayurveda & Nutrition, buy Ayurveda & Nutrition online, gletra category', 'http://127.0.0.1:8000/category/ayurveda-nutrition', 'index, follow', NULL, NULL, 1, '2026-02-10 01:47:56', '2026-02-10 01:47:56'),
(233, 'App\\Models\\Category', 235, NULL, 'Buy Sanitary Pads & More Online at Best Price | Gletra', 'Shop the latest Sanitary Pads & More products from verified vendors on Gletra.', 'Sanitary Pads & More, buy Sanitary Pads & More online, gletra category', 'http://127.0.0.1:8000/category/sanitary-pads-more', 'index, follow', NULL, NULL, 1, '2026-02-10 01:47:56', '2026-02-10 01:47:56'),
(234, 'App\\Models\\Category', 236, NULL, 'Buy Baby & Mom Online at Best Price | Gletra', 'Shop the latest Baby & Mom products from verified vendors on Gletra.', 'Baby & Mom, buy Baby & Mom online, gletra category', 'http://127.0.0.1:8000/category/baby-mom', 'index, follow', NULL, NULL, 1, '2026-02-10 01:47:56', '2026-02-10 01:47:56'),
(235, 'App\\Models\\Category', 237, NULL, 'Buy Baby Care Essentials Online at Best Price | Gletra', 'Shop the latest Baby Care Essentials products from verified vendors on Gletra.', 'Baby Care Essentials, buy Baby Care Essentials online, gletra category', 'http://127.0.0.1:8000/category/baby-care-essentials', 'index, follow', NULL, NULL, 1, '2026-02-10 01:47:56', '2026-02-10 01:47:56'),
(236, 'App\\Models\\Category', 238, NULL, 'Buy Mom Care Online at Best Price | Gletra', 'Shop the latest Mom Care products from verified vendors on Gletra.', 'Mom Care, buy Mom Care online, gletra category', 'http://127.0.0.1:8000/category/mom-care', 'index, follow', NULL, NULL, 1, '2026-02-10 01:47:56', '2026-02-10 01:47:56'),
(237, 'App\\Models\\Category', 239, NULL, 'Buy Mens Care Online at Best Price | Gletra', 'Shop the latest Mens Care products from verified vendors on Gletra.', 'Mens Care, buy Mens Care online, gletra category', 'http://127.0.0.1:8000/category/mens-care', 'index, follow', NULL, NULL, 1, '2026-02-10 01:47:56', '2026-02-10 01:47:56'),
(238, 'App\\Models\\Category', 240, NULL, 'Buy Trimmers Online at Best Price | Gletra', 'Shop the latest Trimmers products from verified vendors on Gletra.', 'Trimmers, buy Trimmers online, gletra category', 'http://127.0.0.1:8000/category/trimmers', 'index, follow', NULL, NULL, 1, '2026-02-10 01:47:56', '2026-02-10 01:47:56'),
(239, 'App\\Models\\Category', 241, NULL, 'Buy Beard Oil Online at Best Price | Gletra', 'Shop the latest Beard Oil products from verified vendors on Gletra.', 'Beard Oil, buy Beard Oil online, gletra category', 'http://127.0.0.1:8000/category/beard-oil', 'index, follow', NULL, NULL, 1, '2026-02-10 01:47:56', '2026-02-10 01:47:56'),
(240, 'App\\Models\\Category', 242, NULL, 'Buy Men Perfumes & Deodorant Online at Best Price | Gletra', 'Shop the latest Men Perfumes & Deodorant products from verified vendors on Gletra.', 'Men Perfumes & Deodorant, buy Men Perfumes & Deodorant online, gletra category', 'http://127.0.0.1:8000/category/men-perfumes-deodorant', 'index, follow', NULL, NULL, 1, '2026-02-10 01:47:56', '2026-02-10 01:47:56'),
(241, 'App\\Models\\Category', 243, NULL, 'Buy Hair Gels, Wax & Spray Online at Best Price | Gletra', 'Shop the latest Hair Gels, Wax & Spray products from verified vendors on Gletra.', 'Hair Gels, Wax & Spray, buy Hair Gels, Wax & Spray online, gletra category', 'http://127.0.0.1:8000/category/hair-gels-wax-spray', 'index, follow', NULL, NULL, 1, '2026-02-10 01:47:56', '2026-02-10 01:47:56'),
(242, 'App\\Models\\Category', 244, NULL, 'Buy Men\'s Face & Body Care Online at Best Price | Gletra', 'Shop the latest Men\'s Face & Body Care products from verified vendors on Gletra.', 'Men\'s Face & Body Care, buy Men\'s Face & Body Care online, gletra category', 'http://127.0.0.1:8000/category/mens-face-body-care', 'index, follow', NULL, NULL, 1, '2026-02-10 01:47:56', '2026-02-10 01:47:56'),
(243, 'App\\Models\\Category', 245, NULL, 'Buy Budget Grooming Kits Online at Best Price | Gletra', 'Shop the latest Budget Grooming Kits products from verified vendors on Gletra.', 'Budget Grooming Kits, buy Budget Grooming Kits online, gletra category', 'http://127.0.0.1:8000/category/budget-grooming-kits', 'index, follow', NULL, NULL, 1, '2026-02-10 01:47:56', '2026-02-10 01:47:56'),
(244, 'App\\Models\\Category', 246, NULL, 'Buy Jewellery & Accessories Online at Best Price | Gletra', 'Shop the latest Jewellery & Accessories products from verified vendors on Gletra.', 'Jewellery & Accessories, buy Jewellery & Accessories online, gletra category', 'http://127.0.0.1:8000/category/jewellery-accessories', 'index, follow', NULL, NULL, 1, '2026-02-10 01:47:56', '2026-02-10 01:47:56'),
(245, 'App\\Models\\Category', 247, NULL, 'Buy Jewellery Online at Best Price | Gletra', 'Shop the latest Jewellery products from verified vendors on Gletra.', 'Jewellery, buy Jewellery online, gletra category', 'http://127.0.0.1:8000/category/jewellery-2', 'index, follow', NULL, NULL, 1, '2026-02-10 01:47:56', '2026-02-10 01:47:56'),
(246, 'App\\Models\\Category', 248, NULL, 'Buy All Jewellery Online at Best Price | Gletra', 'Shop the latest All Jewellery products from verified vendors on Gletra.', 'All Jewellery, buy All Jewellery online, gletra category', 'http://127.0.0.1:8000/category/all-jewellery', 'index, follow', NULL, NULL, 1, '2026-02-10 01:47:56', '2026-02-10 01:47:56'),
(247, 'App\\Models\\Category', 249, NULL, 'Buy Jewellery Sets Online at Best Price | Gletra', 'Shop the latest Jewellery Sets products from verified vendors on Gletra.', 'Jewellery Sets, buy Jewellery Sets online, gletra category', 'http://127.0.0.1:8000/category/jewellery-sets', 'index, follow', NULL, NULL, 1, '2026-02-10 01:47:56', '2026-02-10 01:47:56'),
(248, 'App\\Models\\Category', 250, NULL, 'Buy Earrings Online at Best Price | Gletra', 'Shop the latest Earrings products from verified vendors on Gletra.', 'Earrings, buy Earrings online, gletra category', 'http://127.0.0.1:8000/category/earrings', 'index, follow', NULL, NULL, 1, '2026-02-10 01:47:56', '2026-02-10 01:47:56'),
(249, 'App\\Models\\Category', 251, NULL, 'Buy Mangalsutras Online at Best Price | Gletra', 'Shop the latest Mangalsutras products from verified vendors on Gletra.', 'Mangalsutras, buy Mangalsutras online, gletra category', 'http://127.0.0.1:8000/category/mangalsutras', 'index, follow', NULL, NULL, 1, '2026-02-10 01:47:56', '2026-02-10 01:47:56'),
(250, 'App\\Models\\Category', 252, NULL, 'Buy Necklaces & Chains Online at Best Price | Gletra', 'Shop the latest Necklaces & Chains products from verified vendors on Gletra.', 'Necklaces & Chains, buy Necklaces & Chains online, gletra category', 'http://127.0.0.1:8000/category/necklaces-chains', 'index, follow', NULL, NULL, 1, '2026-02-10 01:47:56', '2026-02-10 01:47:56'),
(251, 'App\\Models\\Category', 253, NULL, 'Buy Bangles & Bracelets Online at Best Price | Gletra', 'Shop the latest Bangles & Bracelets products from verified vendors on Gletra.', 'Bangles & Bracelets, buy Bangles & Bracelets online, gletra category', 'http://127.0.0.1:8000/category/bangles-bracelets', 'index, follow', NULL, NULL, 1, '2026-02-10 01:47:56', '2026-02-10 01:47:56'),
(252, 'App\\Models\\Category', 254, NULL, 'Buy Anklets & Nosepins Online at Best Price | Gletra', 'Shop the latest Anklets & Nosepins products from verified vendors on Gletra.', 'Anklets & Nosepins, buy Anklets & Nosepins online, gletra category', 'http://127.0.0.1:8000/category/anklets-nosepins', 'index, follow', NULL, NULL, 1, '2026-02-10 01:47:56', '2026-02-10 01:47:56'),
(253, 'App\\Models\\Category', 255, NULL, 'Buy Kamarbandh & Maangtika Online at Best Price | Gletra', 'Shop the latest Kamarbandh & Maangtika products from verified vendors on Gletra.', 'Kamarbandh & Maangtika, buy Kamarbandh & Maangtika online, gletra category', 'http://127.0.0.1:8000/category/kamarbandh-maangtika', 'index, follow', NULL, NULL, 1, '2026-02-10 01:47:56', '2026-02-10 01:47:56'),
(254, 'App\\Models\\Category', 256, NULL, 'Buy Men Accessories Online at Best Price | Gletra', 'Shop the latest Men Accessories products from verified vendors on Gletra.', 'Men Accessories, buy Men Accessories online, gletra category', 'http://127.0.0.1:8000/category/men-accessories', 'index, follow', NULL, NULL, 1, '2026-02-10 01:47:56', '2026-02-10 01:47:56'),
(255, 'App\\Models\\Category', 257, NULL, 'Buy All Accessories Online at Best Price | Gletra', 'Shop the latest All Accessories products from verified vendors on Gletra.', 'All Accessories, buy All Accessories online, gletra category', 'http://127.0.0.1:8000/category/all-accessories', 'index, follow', NULL, NULL, 1, '2026-02-10 01:47:56', '2026-02-10 01:47:56'),
(256, 'App\\Models\\Category', 258, NULL, 'Buy Men Watches Online at Best Price | Gletra', 'Shop the latest Men Watches products from verified vendors on Gletra.', 'Men Watches, buy Men Watches online, gletra category', 'http://127.0.0.1:8000/category/men-watches', 'index, follow', NULL, NULL, 1, '2026-02-10 01:47:56', '2026-02-10 01:47:56'),
(257, 'App\\Models\\Category', 259, NULL, 'Buy Wallets Online at Best Price | Gletra', 'Shop the latest Wallets products from verified vendors on Gletra.', 'Wallets, buy Wallets online, gletra category', 'http://127.0.0.1:8000/category/wallets', 'index, follow', NULL, NULL, 1, '2026-02-10 01:47:56', '2026-02-10 01:47:56'),
(258, 'App\\Models\\Category', 260, NULL, 'Buy Men Jewellery Online at Best Price | Gletra', 'Shop the latest Men Jewellery products from verified vendors on Gletra.', 'Men Jewellery, buy Men Jewellery online, gletra category', 'http://127.0.0.1:8000/category/men-jewellery', 'index, follow', NULL, NULL, 1, '2026-02-10 01:47:56', '2026-02-10 01:47:56'),
(259, 'App\\Models\\Category', 261, NULL, 'Buy Sunglasses & Spectacle Frames Online at Best Price | Gletra', 'Shop the latest Sunglasses & Spectacle Frames products from verified vendors on Gletra.', 'Sunglasses & Spectacle Frames, buy Sunglasses & Spectacle Frames online, gletra category', 'http://127.0.0.1:8000/category/sunglasses-spectacle-frames', 'index, follow', NULL, NULL, 1, '2026-02-10 01:47:56', '2026-02-10 01:47:56'),
(260, 'App\\Models\\Category', 262, NULL, 'Buy Belts Online at Best Price | Gletra', 'Shop the latest Belts products from verified vendors on Gletra.', 'Belts, buy Belts online, gletra category', 'http://127.0.0.1:8000/category/belts', 'index, follow', NULL, NULL, 1, '2026-02-10 01:47:56', '2026-02-10 01:47:56'),
(261, 'App\\Models\\Category', 263, NULL, 'Buy Bags & Footwear Online at Best Price | Gletra', 'Shop the latest Bags & Footwear products from verified vendors on Gletra.', 'Bags & Footwear, buy Bags & Footwear online, gletra category', 'http://127.0.0.1:8000/category/bags-footwear', 'index, follow', NULL, NULL, 1, '2026-02-10 01:47:56', '2026-02-10 01:47:56'),
(262, 'App\\Models\\Category', 264, NULL, 'Buy Women Footwear Online at Best Price | Gletra', 'Shop the latest Women Footwear products from verified vendors on Gletra.', 'Women Footwear, buy Women Footwear online, gletra category', 'http://127.0.0.1:8000/category/women-footwear', 'index, follow', NULL, NULL, 1, '2026-02-10 01:47:56', '2026-02-10 01:47:56'),
(263, 'App\\Models\\Category', 265, NULL, 'Buy Heels and Sandals Online at Best Price | Gletra', 'Shop the latest Heels and Sandals products from verified vendors on Gletra.', 'Heels and Sandals, buy Heels and Sandals online, gletra category', 'http://127.0.0.1:8000/category/heels-and-sandals', 'index, follow', NULL, NULL, 1, '2026-02-10 01:47:56', '2026-02-10 01:47:56'),
(264, 'App\\Models\\Category', 266, NULL, 'Buy Flats Online at Best Price | Gletra', 'Shop the latest Flats products from verified vendors on Gletra.', 'Flats, buy Flats online, gletra category', 'http://127.0.0.1:8000/category/flats', 'index, follow', NULL, NULL, 1, '2026-02-10 01:47:56', '2026-02-10 01:47:56'),
(265, 'App\\Models\\Category', 267, NULL, 'Buy Boots Online at Best Price | Gletra', 'Shop the latest Boots products from verified vendors on Gletra.', 'Boots, buy Boots online, gletra category', 'http://127.0.0.1:8000/category/boots', 'index, follow', NULL, NULL, 1, '2026-02-10 01:47:56', '2026-02-10 01:47:56'),
(266, 'App\\Models\\Category', 268, NULL, 'Buy Flipflops & Slippers Online at Best Price | Gletra', 'Shop the latest Flipflops & Slippers products from verified vendors on Gletra.', 'Flipflops & Slippers, buy Flipflops & Slippers online, gletra category', 'http://127.0.0.1:8000/category/flipflops-slippers', 'index, follow', NULL, NULL, 1, '2026-02-10 01:47:56', '2026-02-10 01:47:56'),
(267, 'App\\Models\\Category', 269, NULL, 'Buy Bellies and Ballerinas Online at Best Price | Gletra', 'Shop the latest Bellies and Ballerinas products from verified vendors on Gletra.', 'Bellies and Ballerinas, buy Bellies and Ballerinas online, gletra category', 'http://127.0.0.1:8000/category/bellies-and-ballerinas', 'index, follow', NULL, NULL, 1, '2026-02-10 01:47:56', '2026-02-10 01:47:56'),
(268, 'App\\Models\\Category', 270, NULL, 'Buy Men Footwear Online at Best Price | Gletra', 'Shop the latest Men Footwear products from verified vendors on Gletra.', 'Men Footwear, buy Men Footwear online, gletra category', 'http://127.0.0.1:8000/category/men-footwear-1', 'index, follow', NULL, NULL, 1, '2026-02-10 01:47:56', '2026-02-10 01:47:56'),
(269, 'App\\Models\\Category', 271, NULL, 'Buy Men Casual Shoes Online at Best Price | Gletra', 'Shop the latest Men Casual Shoes products from verified vendors on Gletra.', 'Men Casual Shoes, buy Men Casual Shoes online, gletra category', 'http://127.0.0.1:8000/category/men-casual-shoes-1', 'index, follow', NULL, NULL, 1, '2026-02-10 01:47:56', '2026-02-10 01:47:56'),
(270, 'App\\Models\\Category', 272, NULL, 'Buy Men Sports Shoes Online at Best Price | Gletra', 'Shop the latest Men Sports Shoes products from verified vendors on Gletra.', 'Men Sports Shoes, buy Men Sports Shoes online, gletra category', 'http://127.0.0.1:8000/category/men-sports-shoes-1', 'index, follow', NULL, NULL, 1, '2026-02-10 01:47:56', '2026-02-10 01:47:56'),
(271, 'App\\Models\\Category', 273, NULL, 'Buy Men Flip Flops and Sandals Online at Best Price | Gletra', 'Shop the latest Men Flip Flops and Sandals products from verified vendors on Gletra.', 'Men Flip Flops and Sandals, buy Men Flip Flops and Sandals online, gletra category', 'http://127.0.0.1:8000/category/men-flip-flops-and-sandals-1', 'index, follow', NULL, NULL, 1, '2026-02-10 01:47:56', '2026-02-10 01:47:56'),
(272, 'App\\Models\\Category', 274, NULL, 'Buy Men Formal Shoes Online at Best Price | Gletra', 'Shop the latest Men Formal Shoes products from verified vendors on Gletra.', 'Men Formal Shoes, buy Men Formal Shoes online, gletra category', 'http://127.0.0.1:8000/category/men-formal-shoes-1', 'index, follow', NULL, NULL, 1, '2026-02-10 01:47:56', '2026-02-10 01:47:56'),
(273, 'App\\Models\\Category', 275, NULL, 'Buy Loafers Online at Best Price | Gletra', 'Shop the latest Loafers products from verified vendors on Gletra.', 'Loafers, buy Loafers online, gletra category', 'http://127.0.0.1:8000/category/loafers-1', 'index, follow', NULL, NULL, 1, '2026-02-10 01:47:56', '2026-02-10 01:47:56'),
(274, 'App\\Models\\Category', 276, NULL, 'Buy Kids Footwear Online at Best Price | Gletra', 'Shop the latest Kids Footwear products from verified vendors on Gletra.', 'Kids Footwear, buy Kids Footwear online, gletra category', 'http://127.0.0.1:8000/category/kids-footwear', 'index, follow', NULL, NULL, 1, '2026-02-10 01:47:56', '2026-02-10 01:47:56'),
(275, 'App\\Models\\Category', 277, NULL, 'Buy Boys Shoes Online at Best Price | Gletra', 'Shop the latest Boys Shoes products from verified vendors on Gletra.', 'Boys Shoes, buy Boys Shoes online, gletra category', 'http://127.0.0.1:8000/category/boys-shoes', 'index, follow', NULL, NULL, 1, '2026-02-10 01:47:56', '2026-02-10 01:47:56'),
(276, 'App\\Models\\Category', 278, NULL, 'Buy Girls Shoes Online at Best Price | Gletra', 'Shop the latest Girls Shoes products from verified vendors on Gletra.', 'Girls Shoes, buy Girls Shoes online, gletra category', 'http://127.0.0.1:8000/category/girls-shoes', 'index, follow', NULL, NULL, 1, '2026-02-10 01:47:56', '2026-02-10 01:47:56'),
(277, 'App\\Models\\Category', 279, NULL, 'Buy Casual Shoes Online at Best Price | Gletra', 'Shop the latest Casual Shoes products from verified vendors on Gletra.', 'Casual Shoes, buy Casual Shoes online, gletra category', 'http://127.0.0.1:8000/category/casual-shoes', 'index, follow', NULL, NULL, 1, '2026-02-10 01:47:56', '2026-02-10 01:47:56'),
(278, 'App\\Models\\Category', 280, NULL, 'Buy Flipflops & Slippers Online at Best Price | Gletra', 'Shop the latest Flipflops & Slippers products from verified vendors on Gletra.', 'Flipflops & Slippers, buy Flipflops & Slippers online, gletra category', 'http://127.0.0.1:8000/category/flipflops-slippers-1', 'index, follow', NULL, NULL, 1, '2026-02-10 01:47:56', '2026-02-10 01:47:56'),
(279, 'App\\Models\\Category', 281, NULL, 'Buy Sandals Online at Best Price | Gletra', 'Shop the latest Sandals products from verified vendors on Gletra.', 'Sandals, buy Sandals online, gletra category', 'http://127.0.0.1:8000/category/sandals', 'index, follow', NULL, NULL, 1, '2026-02-10 01:47:56', '2026-02-10 01:47:56'),
(280, 'App\\Models\\Category', 282, NULL, 'Buy Women Bags Online at Best Price | Gletra', 'Shop the latest Women Bags products from verified vendors on Gletra.', 'Women Bags, buy Women Bags online, gletra category', 'http://127.0.0.1:8000/category/women-bags', 'index, follow', NULL, NULL, 1, '2026-02-10 01:47:56', '2026-02-10 01:47:56'),
(281, 'App\\Models\\Category', 283, NULL, 'Buy Backpacks Online at Best Price | Gletra', 'Shop the latest Backpacks products from verified vendors on Gletra.', 'Backpacks, buy Backpacks online, gletra category', 'http://127.0.0.1:8000/category/backpacks', 'index, follow', NULL, NULL, 1, '2026-02-10 01:47:57', '2026-02-10 01:47:57'),
(282, 'App\\Models\\Category', 284, NULL, 'Buy Handbags Online at Best Price | Gletra', 'Shop the latest Handbags products from verified vendors on Gletra.', 'Handbags, buy Handbags online, gletra category', 'http://127.0.0.1:8000/category/handbags', 'index, follow', NULL, NULL, 1, '2026-02-10 01:47:57', '2026-02-10 01:47:57'),
(283, 'App\\Models\\Category', 285, NULL, 'Buy Slingbags Online at Best Price | Gletra', 'Shop the latest Slingbags products from verified vendors on Gletra.', 'Slingbags, buy Slingbags online, gletra category', 'http://127.0.0.1:8000/category/slingbags', 'index, follow', NULL, NULL, 1, '2026-02-10 01:47:57', '2026-02-10 01:47:57'),
(284, 'App\\Models\\Category', 286, NULL, 'Buy Wallets Online at Best Price | Gletra', 'Shop the latest Wallets products from verified vendors on Gletra.', 'Wallets, buy Wallets online, gletra category', 'http://127.0.0.1:8000/category/wallets-1', 'index, follow', NULL, NULL, 1, '2026-02-10 01:47:57', '2026-02-10 01:47:57'),
(285, 'App\\Models\\Category', 287, NULL, 'Buy Clutches Online at Best Price | Gletra', 'Shop the latest Clutches products from verified vendors on Gletra.', 'Clutches, buy Clutches online, gletra category', 'http://127.0.0.1:8000/category/clutches', 'index, follow', NULL, NULL, 1, '2026-02-10 01:47:57', '2026-02-10 01:47:57'),
(286, 'App\\Models\\Category', 288, NULL, 'Buy Men Bags Online at Best Price | Gletra', 'Shop the latest Men Bags products from verified vendors on Gletra.', 'Men Bags, buy Men Bags online, gletra category', 'http://127.0.0.1:8000/category/men-bags', 'index, follow', NULL, NULL, 1, '2026-02-10 01:47:57', '2026-02-10 01:47:57'),
(287, 'App\\Models\\Category', 289, NULL, 'Buy Backpacks Online at Best Price | Gletra', 'Shop the latest Backpacks products from verified vendors on Gletra.', 'Backpacks, buy Backpacks online, gletra category', 'http://127.0.0.1:8000/category/backpacks-1', 'index, follow', NULL, NULL, 1, '2026-02-10 01:47:57', '2026-02-10 01:47:57'),
(288, 'App\\Models\\Category', 290, NULL, 'Buy Waist Bags Online at Best Price | Gletra', 'Shop the latest Waist Bags products from verified vendors on Gletra.', 'Waist Bags, buy Waist Bags online, gletra category', 'http://127.0.0.1:8000/category/waist-bags', 'index, follow', NULL, NULL, 1, '2026-02-10 01:47:57', '2026-02-10 01:47:57'),
(289, 'App\\Models\\Category', 291, NULL, 'Buy Crossbody Bags & Sling Bags Online at Best Price | Gletra', 'Shop the latest Crossbody Bags & Sling Bags products from verified vendors on Gletra.', 'Crossbody Bags & Sling Bags, buy Crossbody Bags & Sling Bags online, gletra category', 'http://127.0.0.1:8000/category/crossbody-bags-sling-bags', 'index, follow', NULL, NULL, 1, '2026-02-10 01:47:57', '2026-02-10 01:47:57');
INSERT INTO `seo_metas` (`id`, `seoable_type`, `seoable_id`, `url_path`, `title`, `description`, `keywords`, `canonical_url`, `robots`, `og_image`, `schema_data`, `is_indexable`, `created_at`, `updated_at`) VALUES
(290, 'App\\Models\\Category', 292, NULL, 'Buy Travel Bags & Luggage Online at Best Price | Gletra', 'Shop the latest Travel Bags & Luggage products from verified vendors on Gletra.', 'Travel Bags & Luggage, buy Travel Bags & Luggage online, gletra category', 'http://127.0.0.1:8000/category/travel-bags-luggage', 'index, follow', NULL, NULL, 1, '2026-02-10 01:47:57', '2026-02-10 01:47:57'),
(291, 'App\\Models\\Category', 293, NULL, 'Buy Duffel & Trolley Bags Online at Best Price | Gletra', 'Shop the latest Duffel & Trolley Bags products from verified vendors on Gletra.', 'Duffel & Trolley Bags, buy Duffel & Trolley Bags online, gletra category', 'http://127.0.0.1:8000/category/duffel-trolley-bags', 'index, follow', NULL, NULL, 1, '2026-02-10 01:47:57', '2026-02-10 01:47:57'),
(292, 'App\\Models\\Category', 294, NULL, 'Buy Laptop & Messenger Bags Online at Best Price | Gletra', 'Shop the latest Laptop & Messenger Bags products from verified vendors on Gletra.', 'Laptop & Messenger Bags, buy Laptop & Messenger Bags online, gletra category', 'http://127.0.0.1:8000/category/laptop-messenger-bags', 'index, follow', NULL, NULL, 1, '2026-02-10 01:47:57', '2026-02-10 01:47:57'),
(293, 'App\\Models\\Category', 295, NULL, 'Buy Audio & Mobiles Online at Best Price | Gletra', 'Shop the latest Audio & Mobiles products from verified vendors on Gletra.', 'Audio & Mobiles, buy Audio & Mobiles online, gletra category', 'http://127.0.0.1:8000/category/audio-mobiles', 'index, follow', NULL, NULL, 1, '2026-02-10 01:47:57', '2026-02-10 01:47:57'),
(294, 'App\\Models\\Category', 296, NULL, 'Buy Neckband Online at Best Price | Gletra', 'Shop the latest Neckband products from verified vendors on Gletra.', 'Neckband, buy Neckband online, gletra category', 'http://127.0.0.1:8000/category/neckband', 'index, follow', NULL, NULL, 1, '2026-02-10 01:47:57', '2026-02-10 01:47:57'),
(295, 'App\\Models\\Category', 297, NULL, 'Buy Speakers Online at Best Price | Gletra', 'Shop the latest Speakers products from verified vendors on Gletra.', 'Speakers, buy Speakers online, gletra category', 'http://127.0.0.1:8000/category/speakers', 'index, follow', NULL, NULL, 1, '2026-02-10 01:47:57', '2026-02-10 01:47:57'),
(296, 'App\\Models\\Category', 298, NULL, 'Buy Cases & Covers Online at Best Price | Gletra', 'Shop the latest Cases & Covers products from verified vendors on Gletra.', 'Cases & Covers, buy Cases & Covers online, gletra category', 'http://127.0.0.1:8000/category/cases-covers', 'index, follow', NULL, NULL, 1, '2026-02-10 01:47:57', '2026-02-10 01:47:57'),
(297, 'App\\Models\\Category', 299, NULL, 'Buy Bluetooth Earbuds Online at Best Price | Gletra', 'Shop the latest Bluetooth Earbuds products from verified vendors on Gletra.', 'Bluetooth Earbuds, buy Bluetooth Earbuds online, gletra category', 'http://127.0.0.1:8000/category/bluetooth-earbuds', 'index, follow', NULL, NULL, 1, '2026-02-10 01:47:57', '2026-02-10 01:47:57'),
(298, 'App\\Models\\Category', 300, NULL, 'Buy Wired Earphone Online at Best Price | Gletra', 'Shop the latest Wired Earphone products from verified vendors on Gletra.', 'Wired Earphone, buy Wired Earphone online, gletra category', 'http://127.0.0.1:8000/category/wired-earphone', 'index, follow', NULL, NULL, 1, '2026-02-10 01:47:57', '2026-02-10 01:47:57'),
(299, 'App\\Models\\Category', 301, NULL, 'Buy Accessories Online at Best Price | Gletra', 'Shop the latest Accessories products from verified vendors on Gletra.', 'Accessories, buy Accessories online, gletra category', 'http://127.0.0.1:8000/category/accessories-1', 'index, follow', NULL, NULL, 1, '2026-02-10 01:47:57', '2026-02-10 01:47:57'),
(300, 'App\\Models\\Category', 302, NULL, 'Buy Mobile Holders Online at Best Price | Gletra', 'Shop the latest Mobile Holders products from verified vendors on Gletra.', 'Mobile Holders, buy Mobile Holders online, gletra category', 'http://127.0.0.1:8000/category/mobile-holders', 'index, follow', NULL, NULL, 1, '2026-02-10 01:47:57', '2026-02-10 01:47:57'),
(301, 'App\\Models\\Category', 303, NULL, 'Buy Mobile Chargers & Cables Online at Best Price | Gletra', 'Shop the latest Mobile Chargers & Cables products from verified vendors on Gletra.', 'Mobile Chargers & Cables, buy Mobile Chargers & Cables online, gletra category', 'http://127.0.0.1:8000/category/mobile-chargers-cables', 'index, follow', NULL, NULL, 1, '2026-02-10 01:47:57', '2026-02-10 01:47:57'),
(302, 'App\\Models\\Category', 304, NULL, 'Buy Power Banks Online at Best Price | Gletra', 'Shop the latest Power Banks products from verified vendors on Gletra.', 'Power Banks, buy Power Banks online, gletra category', 'http://127.0.0.1:8000/category/power-banks', 'index, follow', NULL, NULL, 1, '2026-02-10 01:47:57', '2026-02-10 01:47:57'),
(303, 'App\\Models\\Category', 305, NULL, 'Buy Microphone Online at Best Price | Gletra', 'Shop the latest Microphone products from verified vendors on Gletra.', 'Microphone, buy Microphone online, gletra category', 'http://127.0.0.1:8000/category/microphone', 'index, follow', NULL, NULL, 1, '2026-02-10 01:47:57', '2026-02-10 01:47:57'),
(304, 'App\\Models\\Category', 306, NULL, 'Buy Selfie Stick & Ringlight Online at Best Price | Gletra', 'Shop the latest Selfie Stick & Ringlight products from verified vendors on Gletra.', 'Selfie Stick & Ringlight, buy Selfie Stick & Ringlight online, gletra category', 'http://127.0.0.1:8000/category/selfie-stick-ringlight', 'index, follow', NULL, NULL, 1, '2026-02-10 01:47:57', '2026-02-10 01:47:57'),
(305, 'App\\Models\\Category', 307, NULL, 'Buy Tripod & Monopod Online at Best Price | Gletra', 'Shop the latest Tripod & Monopod products from verified vendors on Gletra.', 'Tripod & Monopod, buy Tripod & Monopod online, gletra category', 'http://127.0.0.1:8000/category/tripod-monopod', 'index, follow', NULL, NULL, 1, '2026-02-10 01:47:57', '2026-02-10 01:47:57'),
(306, 'App\\Models\\Category', 308, NULL, 'Buy Extension Cord Online at Best Price | Gletra', 'Shop the latest Extension Cord products from verified vendors on Gletra.', 'Extension Cord, buy Extension Cord online, gletra category', 'http://127.0.0.1:8000/category/extension-cord', 'index, follow', NULL, NULL, 1, '2026-02-10 01:47:57', '2026-02-10 01:47:57'),
(307, 'App\\Models\\Category', 309, NULL, 'Buy Screen Expanders & Magnifiers Online at Best Price | Gletra', 'Shop the latest Screen Expanders & Magnifiers products from verified vendors on Gletra.', 'Screen Expanders & Magnifiers, buy Screen Expanders & Magnifiers online, gletra category', 'http://127.0.0.1:8000/category/screen-expanders-magnifiers', 'index, follow', NULL, NULL, 1, '2026-02-10 01:47:57', '2026-02-10 01:47:57'),
(308, 'App\\Models\\Category', 310, NULL, 'Buy Watches Online at Best Price | Gletra', 'Shop the latest Watches products from verified vendors on Gletra.', 'Watches, buy Watches online, gletra category', 'http://127.0.0.1:8000/category/watches-1', 'index, follow', NULL, NULL, 1, '2026-02-10 01:47:57', '2026-02-10 01:47:57'),
(309, 'App\\Models\\Category', 311, NULL, 'Buy Sports & Fitness Online at Best Price | Gletra', 'Shop the latest Sports & Fitness products from verified vendors on Gletra.', 'Sports & Fitness, buy Sports & Fitness online, gletra category', 'http://127.0.0.1:8000/category/sports-fitness', 'index, follow', NULL, NULL, 1, '2026-02-10 01:47:57', '2026-02-10 01:47:57'),
(310, 'App\\Models\\Category', 312, NULL, 'Buy Car & Motorbike Online at Best Price | Gletra', 'Shop the latest Car & Motorbike products from verified vendors on Gletra.', 'Car & Motorbike, buy Car & Motorbike online, gletra category', 'http://127.0.0.1:8000/category/car-motorbike', 'index, follow', NULL, NULL, 1, '2026-02-10 01:47:57', '2026-02-10 01:47:57'),
(311, 'App\\Models\\Category', 313, NULL, 'Buy Office Supplies Online at Best Price | Gletra', 'Shop the latest Office Supplies products from verified vendors on Gletra.', 'Office Supplies, buy Office Supplies online, gletra category', 'http://127.0.0.1:8000/category/office-supplies', 'index, follow', NULL, NULL, 1, '2026-02-10 01:47:57', '2026-02-10 01:47:57'),
(312, 'App\\Models\\Category', 314, NULL, 'Buy Kids  Smmer Cap Online at Best Price | Gletra', 'Shop the latest Kids  Smmer Cap products from verified vendors on Gletra.', 'Kids  Smmer Cap, buy Kids  Smmer Cap online, gletra category', 'http://127.0.0.1:8000/category/kids-smmer-cap', 'index, follow', NULL, NULL, 1, '2026-02-10 04:26:49', '2026-02-10 04:26:49'),
(313, 'App\\Models\\Product', 23, NULL, 'Beautyfull Kids Hats | Buy Online at Best Price – Gletra', 'Beautyfull Kids Hats', 'Beautyfull Kids Hats, Kids  Smmer Cap , Hats, buy online', 'http://127.0.0.1:8000/product/beautyfull-kids-hats-Y4fXM', 'index, follow', NULL, NULL, 1, '2026-02-10 04:29:56', '2026-02-10 04:29:56'),
(314, 'App\\Models\\Category', 315, NULL, 'Buy Earing Online at Best Price | Gletra', 'Shop the latest Earing products from verified vendors on Gletra.', 'Earing, buy Earing online, gletra category', 'http://127.0.0.1:8000/category/earing', 'index, follow', NULL, NULL, 1, '2026-02-10 06:01:44', '2026-02-10 06:01:44'),
(315, 'App\\Models\\Product', 24, NULL, 'Round Earing Purple | Buy Online at Best Price – Gletra', 'Round Earing Purple', 'Round Earing Purple, Earing, buy online', 'http://127.0.0.1:8000/product/round-earing-purple-Y7WR4', 'index, follow', NULL, NULL, 1, '2026-02-10 06:04:21', '2026-02-10 06:04:21'),
(316, 'App\\Models\\Product', 25, NULL, 'Brass Golden,big Stone Round Jumka Earring Red | Buy Online at Best Price – Gletra', 'Brass Golden,big Stone Round Jumka Earring Red', 'Brass Golden,big Stone Round Jumka Earring Red, Earing, buy online', 'http://127.0.0.1:8000/product/brass-goldenbig-stone-round-jumka-earring-red-DT4hc', 'index, follow', NULL, NULL, 1, '2026-02-10 06:09:05', '2026-02-10 06:09:05'),
(317, 'App\\Models\\Category', 316, NULL, 'Buy Lipstick Online at Best Price | Gletra', 'Shop the latest Lipstick products from verified vendors on Gletra.', 'Lipstick, buy Lipstick online, gletra category', 'http://127.0.0.1:8000/category/lipstick', 'index, follow', NULL, NULL, 1, '2026-02-11 07:16:13', '2026-02-11 07:16:13'),
(318, 'App\\Models\\Product', 26, NULL, 'Round Earing mehroon | Buy Online at Best Price – Gletra', 'Round Earing mehroon', 'Round Earing mehroon, Earrings, buy online', 'http://127.0.0.1:8000/product/round-earing-mehroon-CFHYU', 'index, follow', NULL, NULL, 1, '2026-02-12 17:53:07', '2026-02-12 17:53:07');

-- --------------------------------------------------------

--
-- Table structure for table `sessions`
--

CREATE TABLE `sessions` (
  `id` varchar(255) NOT NULL,
  `user_id` bigint(20) UNSIGNED DEFAULT NULL,
  `ip_address` varchar(45) DEFAULT NULL,
  `user_agent` text DEFAULT NULL,
  `payload` longtext NOT NULL,
  `last_activity` int(11) NOT NULL
) ENGINE=InnoDB DEFAULT CHARSET=utf8mb4 COLLATE=utf8mb4_unicode_ci;

-- --------------------------------------------------------

--
-- Table structure for table `shippings`
--

CREATE TABLE `shippings` (
  `id` bigint(20) UNSIGNED NOT NULL,
  `order_id` bigint(20) UNSIGNED DEFAULT NULL,
  `courier_name` varchar(100) DEFAULT NULL,
  `tracking_number` varchar(150) DEFAULT NULL,
  `shipping_status` varchar(50) DEFAULT NULL,
  `created_at` timestamp NULL DEFAULT NULL
) ENGINE=InnoDB DEFAULT CHARSET=utf8mb4 COLLATE=utf8mb4_unicode_ci;

-- --------------------------------------------------------

--
-- Table structure for table `shipping_rates`
--

CREATE TABLE `shipping_rates` (
  `id` bigint(20) UNSIGNED NOT NULL,
  `shipping_zone_id` bigint(20) UNSIGNED NOT NULL,
  `name` varchar(255) NOT NULL,
  `min_weight` decimal(10,2) NOT NULL DEFAULT 0.00,
  `max_weight` decimal(10,2) DEFAULT NULL,
  `rate` decimal(15,2) NOT NULL,
  `created_at` timestamp NULL DEFAULT NULL,
  `updated_at` timestamp NULL DEFAULT NULL
) ENGINE=InnoDB DEFAULT CHARSET=utf8mb4 COLLATE=utf8mb4_unicode_ci;

-- --------------------------------------------------------

--
-- Table structure for table `shipping_zones`
--

CREATE TABLE `shipping_zones` (
  `id` bigint(20) UNSIGNED NOT NULL,
  `name` varchar(255) NOT NULL,
  `state_code` varchar(255) DEFAULT NULL,
  `country_code` varchar(2) NOT NULL DEFAULT 'IN',
  `status` tinyint(1) NOT NULL DEFAULT 1,
  `created_at` timestamp NULL DEFAULT NULL,
  `updated_at` timestamp NULL DEFAULT NULL
) ENGINE=InnoDB DEFAULT CHARSET=utf8mb4 COLLATE=utf8mb4_unicode_ci;

-- --------------------------------------------------------

--
-- Table structure for table `site_settings`
--

CREATE TABLE `site_settings` (
  `id` bigint(20) UNSIGNED NOT NULL,
  `primary_color` varchar(255) NOT NULL DEFAULT '#4f46e5',
  `secondary_color` varchar(255) NOT NULL DEFAULT '#ec4899',
  `app_bg_color` varchar(255) NOT NULL DEFAULT '#f8f9fa',
  `updated_by` bigint(20) UNSIGNED DEFAULT NULL,
  `created_at` timestamp NULL DEFAULT NULL,
  `updated_at` timestamp NULL DEFAULT NULL
) ENGINE=InnoDB DEFAULT CHARSET=utf8mb4 COLLATE=utf8mb4_unicode_ci;

--
-- Dumping data for table `site_settings`
--

INSERT INTO `site_settings` (`id`, `primary_color`, `secondary_color`, `app_bg_color`, `updated_by`, `created_at`, `updated_at`) VALUES
(1, '#50113c', '#cc7700', '#f3f4f6', 1, '2026-02-01 19:20:33', '2026-02-01 23:48:19');

-- --------------------------------------------------------

--
-- Table structure for table `sku_counters`
--

CREATE TABLE `sku_counters` (
  `id` bigint(20) UNSIGNED NOT NULL,
  `prefix` varchar(255) NOT NULL DEFAULT 'G',
  `current_value` bigint(20) UNSIGNED NOT NULL DEFAULT 100000,
  `created_at` timestamp NULL DEFAULT NULL,
  `updated_at` timestamp NULL DEFAULT NULL
) ENGINE=InnoDB DEFAULT CHARSET=utf8mb4 COLLATE=utf8mb4_unicode_ci;

--
-- Dumping data for table `sku_counters`
--

INSERT INTO `sku_counters` (`id`, `prefix`, `current_value`, `created_at`, `updated_at`) VALUES
(1, 'G', 100004, '2026-01-25 11:46:16', '2026-02-02 05:11:07');

-- --------------------------------------------------------

--
-- Table structure for table `sliders`
--

CREATE TABLE `sliders` (
  `id` bigint(20) UNSIGNED NOT NULL,
  `title` varchar(255) DEFAULT NULL,
  `subtitle` varchar(255) DEFAULT NULL,
  `image_path` varchar(255) NOT NULL,
  `link_url` varchar(255) DEFAULT NULL,
  `order_priority` int(11) NOT NULL DEFAULT 0,
  `status` tinyint(1) NOT NULL DEFAULT 1,
  `created_at` timestamp NULL DEFAULT NULL,
  `updated_at` timestamp NULL DEFAULT NULL
) ENGINE=InnoDB DEFAULT CHARSET=utf8mb4 COLLATE=utf8mb4_unicode_ci;

--
-- Dumping data for table `sliders`
--

INSERT INTO `sliders` (`id`, `title`, `subtitle`, `image_path`, `link_url`, `order_priority`, `status`, `created_at`, `updated_at`) VALUES
(1, 'Big Fashion Sale', 'Up to 50% Off on Top Brands', 'uploads/sliders/OmIcmPRnzrxBBDo9HhUoQj8DKJFG9Zbab0eSlkYQ.jpg', '/shop', 1, 1, '2026-02-02 10:17:59', '2026-02-02 20:45:55'),
(2, 'New Electronics', 'Latest Gadgets at Best Prices', 'uploads/sliders/TrxCHcqDGKsKjgp6M0lqt5E9ywxsp0aTQKNuyBdx.jpg', '/category/electronics', 2, 1, '2026-02-02 10:17:59', '2026-02-02 20:45:00'),
(3, 'Home Essentials', 'Decorate your home with love', 'uploads/sliders/pubFJlvgyBtJyf29V2UUESfXNouxrZ3iGyqPbgrj.jpg', '/category/home-living', 3, 1, '2026-02-02 10:17:59', '2026-02-02 20:45:19');

-- --------------------------------------------------------

--
-- Table structure for table `support_replies`
--

CREATE TABLE `support_replies` (
  `id` bigint(20) UNSIGNED NOT NULL,
  `support_ticket_id` bigint(20) UNSIGNED NOT NULL,
  `user_id` bigint(20) UNSIGNED NOT NULL,
  `message` text NOT NULL,
  `is_admin` tinyint(1) NOT NULL DEFAULT 0,
  `created_at` timestamp NULL DEFAULT NULL,
  `updated_at` timestamp NULL DEFAULT NULL
) ENGINE=InnoDB DEFAULT CHARSET=utf8mb4 COLLATE=utf8mb4_unicode_ci;

--
-- Dumping data for table `support_replies`
--

INSERT INTO `support_replies` (`id`, `support_ticket_id`, `user_id`, `message`, `is_admin`, `created_at`, `updated_at`) VALUES
(1, 4, 1, 'ok pass test', 1, '2026-01-25 09:24:39', '2026-01-25 09:24:39'),
(2, 4, 1, 'hi', 1, '2026-02-12 11:05:45', '2026-02-12 11:05:45');

-- --------------------------------------------------------

--
-- Table structure for table `support_tickets`
--

CREATE TABLE `support_tickets` (
  `id` bigint(20) UNSIGNED NOT NULL,
  `user_id` bigint(20) UNSIGNED NOT NULL,
  `subject` varchar(255) NOT NULL,
  `message` text NOT NULL,
  `status` varchar(255) NOT NULL DEFAULT 'open',
  `priority` varchar(255) NOT NULL DEFAULT 'medium',
  `category` varchar(255) NOT NULL DEFAULT 'general',
  `created_at` timestamp NULL DEFAULT NULL,
  `updated_at` timestamp NULL DEFAULT NULL
) ENGINE=InnoDB DEFAULT CHARSET=utf8mb4 COLLATE=utf8mb4_unicode_ci;

--
-- Dumping data for table `support_tickets`
--

INSERT INTO `support_tickets` (`id`, `user_id`, `subject`, `message`, `status`, `priority`, `category`, `created_at`, `updated_at`) VALUES
(1, 1, 'Payment Failed for Order #1', 'I tried to pay via Stripe but it keeps throwing an error. Please help.', 'open', 'high', 'billing', '2026-01-24 23:09:57', '2026-01-24 23:09:57'),
(2, 1, 'How to edit my shop name?', 'I am a vendor and I want to change my store name from Apex to Apex Pro.', 'pending', 'medium', 'vendor', '2026-01-24 23:09:57', '2026-01-24 23:09:57'),
(3, 1, 'Login issue', 'I cannot login to my account since yesterday.', 'closed', 'low', 'technical', '2026-01-24 23:09:57', '2026-01-24 23:09:57'),
(4, 3, 'test', 'check', 'closed', 'medium', 'other', '2026-01-25 06:54:35', '2026-01-25 09:24:49');

-- --------------------------------------------------------

--
-- Table structure for table `user_addresses`
--

CREATE TABLE `user_addresses` (
  `id` bigint(20) UNSIGNED NOT NULL,
  `user_id` bigint(20) UNSIGNED NOT NULL,
  `title` varchar(255) DEFAULT NULL,
  `name` varchar(255) NOT NULL,
  `email` varchar(255) NOT NULL,
  `phone` varchar(255) NOT NULL,
  `country` varchar(255) NOT NULL,
  `state` varchar(255) NOT NULL,
  `city` varchar(255) NOT NULL,
  `zip_code` varchar(255) NOT NULL,
  `address` text NOT NULL,
  `full_address` text DEFAULT NULL,
  `is_default` tinyint(1) NOT NULL DEFAULT 0,
  `created_at` timestamp NULL DEFAULT NULL,
  `updated_at` timestamp NULL DEFAULT NULL
) ENGINE=InnoDB DEFAULT CHARSET=utf8mb4 COLLATE=utf8mb4_unicode_ci;

--
-- Dumping data for table `user_addresses`
--

INSERT INTO `user_addresses` (`id`, `user_id`, `title`, `name`, `email`, `phone`, `country`, `state`, `city`, `zip_code`, `address`, `full_address`, `is_default`, `created_at`, `updated_at`) VALUES
(1, 3, NULL, 'hun', 'customer@gletra.com', '987654321', 'in', 'pun', 'bnl', '148107', 'hntftv', NULL, 1, '2026-01-25 08:25:56', '2026-01-25 08:25:56'),
(2, 6, 'New Punjabi Dhaba  Back Side Alipur Town', 'Tamanna', 'dakshchoudhary689@gmail.com', '09992545508', 'India', 'Haryana', 'Panchkula', '134118', 'New Punjabi Dhaba  Back Side Alipur Town', 'New Punjabi Dhaba  Back Side Alipur Town', 1, '2026-01-31 11:09:55', '2026-01-31 11:10:40'),
(3, 6, 'Baba Jiwan Singh Nagar', 'Tamanna', 'dakshchoudhary689@gmail.com', '09041823725', 'India', 'PUNJAB', 'Handiaya', '148107', 'Baba Jiwan Singh Nagar\r\nDhonola Khurd Road', 'Baba Jiwan Singh Nagar\r\nDhonola Khurd Road', 0, '2026-01-31 11:10:15', '2026-01-31 11:10:40');

-- --------------------------------------------------------

--
-- Table structure for table `vendors`
--

CREATE TABLE `vendors` (
  `id` bigint(20) UNSIGNED NOT NULL,
  `user_id` bigint(20) UNSIGNED DEFAULT NULL,
  `shop_name` varchar(150) DEFAULT NULL,
  `state_code` varchar(5) DEFAULT NULL,
  `shop_slug` varchar(150) DEFAULT NULL,
  `logo` varchar(255) DEFAULT NULL,
  `banner` varchar(255) DEFAULT NULL,
  `description` text DEFAULT NULL,
  `pan_number` varchar(50) DEFAULT NULL,
  `gst_number` varchar(50) DEFAULT NULL,
  `commission_rate` decimal(5,2) NOT NULL DEFAULT 0.00,
  `is_approved` tinyint(4) NOT NULL DEFAULT 0,
  `kyc_status` varchar(255) NOT NULL DEFAULT 'pending',
  `kyc_document_type` varchar(255) DEFAULT NULL,
  `kyc_document_path` varchar(255) DEFAULT NULL,
  `created_at` timestamp NULL DEFAULT NULL,
  `updated_at` timestamp NULL DEFAULT NULL
) ENGINE=InnoDB DEFAULT CHARSET=utf8mb4 COLLATE=utf8mb4_unicode_ci;

--
-- Dumping data for table `vendors`
--

INSERT INTO `vendors` (`id`, `user_id`, `shop_name`, `state_code`, `shop_slug`, `logo`, `banner`, `description`, `pan_number`, `gst_number`, `commission_rate`, `is_approved`, `kyc_status`, `kyc_document_type`, `kyc_document_path`, `created_at`, `updated_at`) VALUES
(1, 2, 'Gletra Official Store', NULL, 'gletra-official-store-1', 'uploads/vendors/logos/image-61VXsqKy.webp', 'uploads/vendors/banners/image-ViRrZCeG.webp', 'Best tech gadgets in town.', NULL, NULL, 10.00, 1, 'pending', NULL, NULL, '2026-01-24 10:52:51', '2026-02-12 17:54:13');

-- --------------------------------------------------------

--
-- Table structure for table `vendor_sliders`
--

CREATE TABLE `vendor_sliders` (
  `id` bigint(20) UNSIGNED NOT NULL,
  `vendor_id` bigint(20) UNSIGNED NOT NULL,
  `title` varchar(255) DEFAULT NULL,
  `subtitle` varchar(255) DEFAULT NULL,
  `image_path` varchar(255) NOT NULL,
  `link_url` varchar(255) DEFAULT NULL,
  `order_priority` int(11) NOT NULL DEFAULT 0,
  `status` tinyint(1) NOT NULL DEFAULT 1,
  `created_at` timestamp NULL DEFAULT NULL,
  `updated_at` timestamp NULL DEFAULT NULL
) ENGINE=InnoDB DEFAULT CHARSET=utf8mb4 COLLATE=utf8mb4_unicode_ci;

--
-- Dumping data for table `vendor_sliders`
--

INSERT INTO `vendor_sliders` (`id`, `vendor_id`, `title`, `subtitle`, `image_path`, `link_url`, `order_priority`, `status`, `created_at`, `updated_at`) VALUES
(1, 1, NULL, NULL, 'uploads/vendors/sliders/image-VtHvUFva.webp', NULL, 1, 1, '2026-02-02 08:38:43', '2026-02-11 04:42:17'),
(2, 1, NULL, NULL, 'uploads/vendors/sliders/image-TfQIE7Fv.webp', NULL, 0, 1, '2026-02-02 08:52:15', '2026-02-11 04:42:11'),
(3, 1, NULL, NULL, 'vendor/sliders/5cnWa39rYAR4BU9FcoTlmRZmHtMPoeiaLsl8u1pC.jpg', NULL, 0, 1, '2026-02-11 07:02:14', '2026-02-12 17:54:40');

-- --------------------------------------------------------

--
-- Table structure for table `wallets`
--

CREATE TABLE `wallets` (
  `id` bigint(20) UNSIGNED NOT NULL,
  `user_id` bigint(20) UNSIGNED DEFAULT NULL,
  `balance` decimal(10,2) NOT NULL DEFAULT 0.00
) ENGINE=InnoDB DEFAULT CHARSET=utf8mb4 COLLATE=utf8mb4_unicode_ci;

--
-- Dumping data for table `wallets`
--

INSERT INTO `wallets` (`id`, `user_id`, `balance`) VALUES
(1, 3, 550.00),
(2, 6, 0.00),
(3, 14, 0.00);

-- --------------------------------------------------------

--
-- Table structure for table `wallet_transactions`
--

CREATE TABLE `wallet_transactions` (
  `id` bigint(20) UNSIGNED NOT NULL,
  `user_id` bigint(20) UNSIGNED DEFAULT NULL,
  `wallet_id` bigint(20) UNSIGNED NOT NULL,
  `amount` decimal(12,2) NOT NULL,
  `type` enum('credit','debit') NOT NULL,
  `remark` varchar(255) DEFAULT NULL,
  `description` varchar(255) NOT NULL,
  `created_at` timestamp NULL DEFAULT NULL,
  `updated_at` timestamp NULL DEFAULT NULL
) ENGINE=InnoDB DEFAULT CHARSET=utf8mb4 COLLATE=utf8mb4_unicode_ci;

--
-- Dumping data for table `wallet_transactions`
--

INSERT INTO `wallet_transactions` (`id`, `user_id`, `wallet_id`, `amount`, `type`, `remark`, `description`, `created_at`, `updated_at`) VALUES
(1, NULL, 1, 50.00, 'credit', NULL, 'Wallet Top-up (Manual Simulation)', '2026-01-25 12:25:15', '2026-01-25 12:25:15'),
(2, NULL, 1, 500.00, 'credit', NULL, 'Wallet Top-up (Manual Simulation)', '2026-01-25 12:25:28', '2026-01-25 12:25:28');

-- --------------------------------------------------------

--
-- Table structure for table `wishlists`
--

CREATE TABLE `wishlists` (
  `id` bigint(20) UNSIGNED NOT NULL,
  `user_id` bigint(20) UNSIGNED NOT NULL,
  `product_id` bigint(20) UNSIGNED NOT NULL,
  `created_at` timestamp NULL DEFAULT NULL,
  `updated_at` timestamp NULL DEFAULT NULL
) ENGINE=InnoDB DEFAULT CHARSET=utf8mb4 COLLATE=utf8mb4_unicode_ci;

--
-- Dumping data for table `wishlists`
--

INSERT INTO `wishlists` (`id`, `user_id`, `product_id`, `created_at`, `updated_at`) VALUES
(3, 1, 6, '2026-02-02 00:00:11', '2026-02-02 00:00:11'),
(5, 2, 6, '2026-02-02 03:09:40', '2026-02-02 03:09:40'),
(7, 3, 6, '2026-02-02 04:52:07', '2026-02-02 04:52:07'),
(15, 13, 6, '2026-02-03 08:34:03', '2026-02-03 08:34:03'),
(16, 2, 17, '2026-02-05 10:54:09', '2026-02-05 10:54:09'),
(17, 3, 15, '2026-02-05 21:53:05', '2026-02-05 21:53:05'),
(18, 1, 18, '2026-02-06 09:48:38', '2026-02-06 09:48:38'),
(19, 13, 18, '2026-02-08 10:46:54', '2026-02-08 10:46:54'),
(20, 13, 17, '2026-02-08 10:47:27', '2026-02-08 10:47:27'),
(21, 3, 14, '2026-02-08 11:00:55', '2026-02-08 11:00:55'),
(22, 3, 16, '2026-02-08 11:26:37', '2026-02-08 11:26:37'),
(23, 1, 20, '2026-02-09 13:48:04', '2026-02-09 13:48:04'),
(25, 3, 25, '2026-02-11 08:41:21', '2026-02-11 08:41:21'),
(26, 3, 19, '2026-02-11 19:23:58', '2026-02-11 19:23:58'),
(27, 3, 18, '2026-02-12 17:41:07', '2026-02-12 17:41:07'),
(28, 1, 26, '2026-02-12 17:56:02', '2026-02-12 17:56:02'),
(29, 3, 26, '2026-02-12 18:02:33', '2026-02-12 18:02:33');

--
-- Indexes for dumped tables
--

--
-- Indexes for table `activity_logs`
--
ALTER TABLE `activity_logs`
  ADD PRIMARY KEY (`id`),
  ADD KEY `activity_logs_user_id_foreign` (`user_id`);

--
-- Indexes for table `backup_code_logs`
--
ALTER TABLE `backup_code_logs`
  ADD PRIMARY KEY (`id`),
  ADD KEY `backup_code_logs_user_id_foreign` (`user_id`);

--
-- Indexes for table `banners`
--
ALTER TABLE `banners`
  ADD PRIMARY KEY (`id`);

--
-- Indexes for table `brands`
--
ALTER TABLE `brands`
  ADD PRIMARY KEY (`id`),
  ADD UNIQUE KEY `brands_slug_unique` (`slug`);

--
-- Indexes for table `calls`
--
ALTER TABLE `calls`
  ADD PRIMARY KEY (`id`),
  ADD KEY `calls_conversation_id_foreign` (`conversation_id`),
  ADD KEY `calls_caller_id_foreign` (`caller_id`),
  ADD KEY `calls_receiver_id_foreign` (`receiver_id`);

--
-- Indexes for table `call_logs`
--
ALTER TABLE `call_logs`
  ADD PRIMARY KEY (`id`),
  ADD KEY `call_logs_caller_id_foreign` (`caller_id`),
  ADD KEY `call_logs_receiver_id_foreign` (`receiver_id`);

--
-- Indexes for table `carts`
--
ALTER TABLE `carts`
  ADD PRIMARY KEY (`id`),
  ADD KEY `carts_user_id_foreign` (`user_id`),
  ADD KEY `carts_product_id_foreign` (`product_id`),
  ADD KEY `carts_variant_id_foreign` (`variant_id`);

--
-- Indexes for table `categories`
--
ALTER TABLE `categories`
  ADD PRIMARY KEY (`id`),
  ADD UNIQUE KEY `categories_slug_unique` (`slug`),
  ADD KEY `categories_parent_id_foreign` (`parent_id`);

--
-- Indexes for table `chat_audit_logs`
--
ALTER TABLE `chat_audit_logs`
  ADD PRIMARY KEY (`id`),
  ADD KEY `chat_audit_logs_admin_id_foreign` (`admin_id`);

--
-- Indexes for table `chat_conversations`
--
ALTER TABLE `chat_conversations`
  ADD PRIMARY KEY (`id`),
  ADD UNIQUE KEY `chat_conversations_user_one_id_user_two_id_unique` (`user_one_id`,`user_two_id`),
  ADD KEY `chat_conversations_user_two_id_foreign` (`user_two_id`);

--
-- Indexes for table `chat_messages`
--
ALTER TABLE `chat_messages`
  ADD PRIMARY KEY (`id`),
  ADD KEY `chat_messages_conversation_id_foreign` (`conversation_id`),
  ADD KEY `chat_messages_sender_id_foreign` (`sender_id`);

--
-- Indexes for table `chat_password_requests`
--
ALTER TABLE `chat_password_requests`
  ADD PRIMARY KEY (`id`),
  ADD KEY `chat_password_requests_user_id_foreign` (`user_id`),
  ADD KEY `chat_password_requests_handled_by_admin_foreign` (`handled_by_admin`);

--
-- Indexes for table `coupons`
--
ALTER TABLE `coupons`
  ADD PRIMARY KEY (`id`),
  ADD KEY `coupons_vendor_id_foreign` (`vendor_id`);

--
-- Indexes for table `gc_calls`
--
ALTER TABLE `gc_calls`
  ADD PRIMARY KEY (`id`);

--
-- Indexes for table `gc_chats`
--
ALTER TABLE `gc_chats`
  ADD PRIMARY KEY (`id`);

--
-- Indexes for table `gc_messages`
--
ALTER TABLE `gc_messages`
  ADD PRIMARY KEY (`id`);

--
-- Indexes for table `gc_user_status`
--
ALTER TABLE `gc_user_status`
  ADD PRIMARY KEY (`id`);

--
-- Indexes for table `messages`
--
ALTER TABLE `messages`
  ADD PRIMARY KEY (`id`),
  ADD KEY `messages_conversation_id_foreign` (`conversation_id`),
  ADD KEY `messages_sender_id_foreign` (`sender_id`);

--
-- Indexes for table `migrations`
--
ALTER TABLE `migrations`
  ADD PRIMARY KEY (`id`);

--
-- Indexes for table `model_has_permissions`
--
ALTER TABLE `model_has_permissions`
  ADD PRIMARY KEY (`permission_id`,`model_id`,`model_type`),
  ADD KEY `model_has_permissions_model_id_model_type_index` (`model_id`,`model_type`);

--
-- Indexes for table `model_has_roles`
--
ALTER TABLE `model_has_roles`
  ADD PRIMARY KEY (`role_id`,`model_id`,`model_type`),
  ADD KEY `model_has_roles_model_id_model_type_index` (`model_id`,`model_type`);

--
-- Indexes for table `notifications`
--
ALTER TABLE `notifications`
  ADD PRIMARY KEY (`id`),
  ADD KEY `notifications_notifiable_type_notifiable_id_index` (`notifiable_type`,`notifiable_id`);

--
-- Indexes for table `orders`
--
ALTER TABLE `orders`
  ADD PRIMARY KEY (`id`),
  ADD KEY `orders_user_id_foreign` (`user_id`),
  ADD KEY `orders_vendor_id_foreign` (`vendor_id`);

--
-- Indexes for table `order_items`
--
ALTER TABLE `order_items`
  ADD PRIMARY KEY (`id`),
  ADD KEY `order_items_order_id_foreign` (`order_id`),
  ADD KEY `order_items_product_id_foreign` (`product_id`),
  ADD KEY `order_items_vendor_id_foreign` (`vendor_id`);

--
-- Indexes for table `order_trackings`
--
ALTER TABLE `order_trackings`
  ADD PRIMARY KEY (`id`),
  ADD KEY `order_trackings_order_id_foreign` (`order_id`);

--
-- Indexes for table `payments`
--
ALTER TABLE `payments`
  ADD PRIMARY KEY (`id`),
  ADD KEY `payments_order_id_foreign` (`order_id`);

--
-- Indexes for table `payouts`
--
ALTER TABLE `payouts`
  ADD PRIMARY KEY (`id`),
  ADD KEY `payouts_vendor_id_foreign` (`vendor_id`);

--
-- Indexes for table `permissions`
--
ALTER TABLE `permissions`
  ADD PRIMARY KEY (`id`),
  ADD UNIQUE KEY `permissions_name_guard_name_unique` (`name`,`guard_name`);

--
-- Indexes for table `products`
--
ALTER TABLE `products`
  ADD PRIMARY KEY (`id`),
  ADD UNIQUE KEY `products_slug_unique` (`slug`),
  ADD KEY `products_category_id_foreign` (`category_id`),
  ADD KEY `products_brand_id_foreign` (`brand_id`),
  ADD KEY `products_vendor_id_index` (`vendor_id`);

--
-- Indexes for table `product_galleries`
--
ALTER TABLE `product_galleries`
  ADD PRIMARY KEY (`id`),
  ADD KEY `product_galleries_product_id_foreign` (`product_id`);

--
-- Indexes for table `product_updates`
--
ALTER TABLE `product_updates`
  ADD PRIMARY KEY (`id`),
  ADD KEY `product_updates_product_id_foreign` (`product_id`),
  ADD KEY `product_updates_vendor_id_foreign` (`vendor_id`);

--
-- Indexes for table `product_variants`
--
ALTER TABLE `product_variants`
  ADD PRIMARY KEY (`id`),
  ADD KEY `product_variants_product_id_foreign` (`product_id`);

--
-- Indexes for table `recently_vieweds`
--
ALTER TABLE `recently_vieweds`
  ADD PRIMARY KEY (`id`),
  ADD UNIQUE KEY `recently_vieweds_user_id_product_id_unique` (`user_id`,`product_id`),
  ADD KEY `recently_vieweds_product_id_foreign` (`product_id`);

--
-- Indexes for table `referrals`
--
ALTER TABLE `referrals`
  ADD PRIMARY KEY (`id`),
  ADD KEY `referrals_referrer_id_foreign` (`referrer_id`),
  ADD KEY `referrals_referred_user_id_foreign` (`referred_user_id`);

--
-- Indexes for table `refund_requests`
--
ALTER TABLE `refund_requests`
  ADD PRIMARY KEY (`id`),
  ADD KEY `refund_requests_order_id_foreign` (`order_id`),
  ADD KEY `refund_requests_user_id_foreign` (`user_id`);

--
-- Indexes for table `reviews`
--
ALTER TABLE `reviews`
  ADD PRIMARY KEY (`id`),
  ADD KEY `reviews_user_id_foreign` (`user_id`),
  ADD KEY `reviews_product_id_foreign` (`product_id`),
  ADD KEY `reviews_vendor_id_foreign` (`vendor_id`);

--
-- Indexes for table `roles`
--
ALTER TABLE `roles`
  ADD PRIMARY KEY (`id`),
  ADD UNIQUE KEY `roles_name_guard_name_unique` (`name`,`guard_name`);

--
-- Indexes for table `role_has_permissions`
--
ALTER TABLE `role_has_permissions`
  ADD PRIMARY KEY (`permission_id`,`role_id`),
  ADD KEY `role_has_permissions_role_id_foreign` (`role_id`);

--
-- Indexes for table `section_settings`
--
ALTER TABLE `section_settings`
  ADD PRIMARY KEY (`id`);

--
-- Indexes for table `seo_metas`
--
ALTER TABLE `seo_metas`
  ADD PRIMARY KEY (`id`),
  ADD KEY `seo_metas_seoable_type_seoable_id_index` (`seoable_type`,`seoable_id`),
  ADD KEY `seo_metas_url_path_index` (`url_path`);

--
-- Indexes for table `sessions`
--
ALTER TABLE `sessions`
  ADD PRIMARY KEY (`id`),
  ADD KEY `sessions_user_id_index` (`user_id`),
  ADD KEY `sessions_last_activity_index` (`last_activity`);

--
-- Indexes for table `shippings`
--
ALTER TABLE `shippings`
  ADD PRIMARY KEY (`id`),
  ADD KEY `shippings_order_id_foreign` (`order_id`);

--
-- Indexes for table `shipping_rates`
--
ALTER TABLE `shipping_rates`
  ADD PRIMARY KEY (`id`),
  ADD KEY `shipping_rates_shipping_zone_id_foreign` (`shipping_zone_id`);

--
-- Indexes for table `shipping_zones`
--
ALTER TABLE `shipping_zones`
  ADD PRIMARY KEY (`id`);

--
-- Indexes for table `site_settings`
--
ALTER TABLE `site_settings`
  ADD PRIMARY KEY (`id`);

--
-- Indexes for table `sku_counters`
--
ALTER TABLE `sku_counters`
  ADD PRIMARY KEY (`id`);

--
-- Indexes for table `sliders`
--
ALTER TABLE `sliders`
  ADD PRIMARY KEY (`id`);

--
-- Indexes for table `support_replies`
--
ALTER TABLE `support_replies`
  ADD PRIMARY KEY (`id`),
  ADD KEY `support_replies_support_ticket_id_foreign` (`support_ticket_id`),
  ADD KEY `support_replies_user_id_foreign` (`user_id`);

--
-- Indexes for table `support_tickets`
--
ALTER TABLE `support_tickets`
  ADD PRIMARY KEY (`id`),
  ADD KEY `support_tickets_user_id_foreign` (`user_id`);

--
-- Indexes for table `user_addresses`
--
ALTER TABLE `user_addresses`
  ADD PRIMARY KEY (`id`),
  ADD KEY `user_addresses_user_id_foreign` (`user_id`);

--
-- Indexes for table `vendors`
--
ALTER TABLE `vendors`
  ADD PRIMARY KEY (`id`),
  ADD UNIQUE KEY `vendors_shop_slug_unique` (`shop_slug`),
  ADD KEY `vendors_user_id_foreign` (`user_id`);

--
-- Indexes for table `vendor_sliders`
--
ALTER TABLE `vendor_sliders`
  ADD PRIMARY KEY (`id`),
  ADD KEY `vendor_sliders_vendor_id_foreign` (`vendor_id`);

--
-- Indexes for table `wallets`
--
ALTER TABLE `wallets`
  ADD PRIMARY KEY (`id`),
  ADD KEY `wallets_user_id_foreign` (`user_id`);

--
-- Indexes for table `wallet_transactions`
--
ALTER TABLE `wallet_transactions`
  ADD PRIMARY KEY (`id`),
  ADD KEY `wallet_transactions_wallet_id_foreign` (`wallet_id`),
  ADD KEY `wallet_transactions_user_id_foreign` (`user_id`);

--
-- Indexes for table `wishlists`
--
ALTER TABLE `wishlists`
  ADD PRIMARY KEY (`id`),
  ADD KEY `wishlists_user_id_foreign` (`user_id`),
  ADD KEY `wishlists_product_id_foreign` (`product_id`);

--
-- AUTO_INCREMENT for dumped tables
--

--
-- AUTO_INCREMENT for table `activity_logs`
--
ALTER TABLE `activity_logs`
  MODIFY `id` bigint(20) UNSIGNED NOT NULL AUTO_INCREMENT, AUTO_INCREMENT=14;

--
-- AUTO_INCREMENT for table `backup_code_logs`
--
ALTER TABLE `backup_code_logs`
  MODIFY `id` bigint(20) UNSIGNED NOT NULL AUTO_INCREMENT, AUTO_INCREMENT=3;

--
-- AUTO_INCREMENT for table `banners`
--
ALTER TABLE `banners`
  MODIFY `id` bigint(20) UNSIGNED NOT NULL AUTO_INCREMENT, AUTO_INCREMENT=2;

--
-- AUTO_INCREMENT for table `brands`
--
ALTER TABLE `brands`
  MODIFY `id` bigint(20) UNSIGNED NOT NULL AUTO_INCREMENT, AUTO_INCREMENT=3;

--
-- AUTO_INCREMENT for table `calls`
--
ALTER TABLE `calls`
  MODIFY `id` bigint(20) UNSIGNED NOT NULL AUTO_INCREMENT;

--
-- AUTO_INCREMENT for table `call_logs`
--
ALTER TABLE `call_logs`
  MODIFY `id` bigint(20) UNSIGNED NOT NULL AUTO_INCREMENT;

--
-- AUTO_INCREMENT for table `carts`
--
ALTER TABLE `carts`
  MODIFY `id` bigint(20) UNSIGNED NOT NULL AUTO_INCREMENT, AUTO_INCREMENT=30;

--
-- AUTO_INCREMENT for table `categories`
--
ALTER TABLE `categories`
  MODIFY `id` bigint(20) UNSIGNED NOT NULL AUTO_INCREMENT, AUTO_INCREMENT=317;

--
-- AUTO_INCREMENT for table `chat_audit_logs`
--
ALTER TABLE `chat_audit_logs`
  MODIFY `id` bigint(20) UNSIGNED NOT NULL AUTO_INCREMENT, AUTO_INCREMENT=57;

--
-- AUTO_INCREMENT for table `chat_conversations`
--
ALTER TABLE `chat_conversations`
  MODIFY `id` bigint(20) UNSIGNED NOT NULL AUTO_INCREMENT, AUTO_INCREMENT=3;

--
-- AUTO_INCREMENT for table `chat_messages`
--
ALTER TABLE `chat_messages`
  MODIFY `id` bigint(20) UNSIGNED NOT NULL AUTO_INCREMENT, AUTO_INCREMENT=5;

--
-- AUTO_INCREMENT for table `chat_password_requests`
--
ALTER TABLE `chat_password_requests`
  MODIFY `id` bigint(20) UNSIGNED NOT NULL AUTO_INCREMENT;

--
-- AUTO_INCREMENT for table `coupons`
--
ALTER TABLE `coupons`
  MODIFY `id` bigint(20) UNSIGNED NOT NULL AUTO_INCREMENT, AUTO_INCREMENT=4;

--
-- AUTO_INCREMENT for table `gc_calls`
--
ALTER TABLE `gc_calls`
  MODIFY `id` bigint(20) UNSIGNED NOT NULL AUTO_INCREMENT, AUTO_INCREMENT=7;

--
-- AUTO_INCREMENT for table `gc_chats`
--
ALTER TABLE `gc_chats`
  MODIFY `id` bigint(20) UNSIGNED NOT NULL AUTO_INCREMENT, AUTO_INCREMENT=5;

--
-- AUTO_INCREMENT for table `gc_messages`
--
ALTER TABLE `gc_messages`
  MODIFY `id` bigint(20) UNSIGNED NOT NULL AUTO_INCREMENT, AUTO_INCREMENT=11;

--
-- AUTO_INCREMENT for table `gc_user_status`
--
ALTER TABLE `gc_user_status`
  MODIFY `id` bigint(20) UNSIGNED NOT NULL AUTO_INCREMENT, AUTO_INCREMENT=4;

--
-- AUTO_INCREMENT for table `messages`
--
ALTER TABLE `messages`
  MODIFY `id` bigint(20) UNSIGNED NOT NULL AUTO_INCREMENT;

--
-- AUTO_INCREMENT for table `migrations`
--
ALTER TABLE `migrations`
  MODIFY `id` int(10) UNSIGNED NOT NULL AUTO_INCREMENT, AUTO_INCREMENT=97;

--
-- AUTO_INCREMENT for table `orders`
--
ALTER TABLE `orders`
  MODIFY `id` bigint(20) UNSIGNED NOT NULL AUTO_INCREMENT, AUTO_INCREMENT=16;

--
-- AUTO_INCREMENT for table `order_items`
--
ALTER TABLE `order_items`
  MODIFY `id` bigint(20) UNSIGNED NOT NULL AUTO_INCREMENT, AUTO_INCREMENT=19;

--
-- AUTO_INCREMENT for table `order_trackings`
--
ALTER TABLE `order_trackings`
  MODIFY `id` bigint(20) UNSIGNED NOT NULL AUTO_INCREMENT;

--
-- AUTO_INCREMENT for table `payments`
--
ALTER TABLE `payments`
  MODIFY `id` bigint(20) UNSIGNED NOT NULL AUTO_INCREMENT;

--
-- AUTO_INCREMENT for table `payouts`
--
ALTER TABLE `payouts`
  MODIFY `id` bigint(20) UNSIGNED NOT NULL AUTO_INCREMENT;

--
-- AUTO_INCREMENT for table `permissions`
--
ALTER TABLE `permissions`
  MODIFY `id` bigint(20) UNSIGNED NOT NULL AUTO_INCREMENT, AUTO_INCREMENT=33;

--
-- AUTO_INCREMENT for table `products`
--
ALTER TABLE `products`
  MODIFY `id` bigint(20) UNSIGNED NOT NULL AUTO_INCREMENT, AUTO_INCREMENT=27;

--
-- AUTO_INCREMENT for table `product_galleries`
--
ALTER TABLE `product_galleries`
  MODIFY `id` bigint(20) UNSIGNED NOT NULL AUTO_INCREMENT, AUTO_INCREMENT=39;

--
-- AUTO_INCREMENT for table `product_updates`
--
ALTER TABLE `product_updates`
  MODIFY `id` bigint(20) UNSIGNED NOT NULL AUTO_INCREMENT, AUTO_INCREMENT=4;

--
-- AUTO_INCREMENT for table `product_variants`
--
ALTER TABLE `product_variants`
  MODIFY `id` bigint(20) UNSIGNED NOT NULL AUTO_INCREMENT, AUTO_INCREMENT=7;

--
-- AUTO_INCREMENT for table `recently_vieweds`
--
ALTER TABLE `recently_vieweds`
  MODIFY `id` bigint(20) UNSIGNED NOT NULL AUTO_INCREMENT, AUTO_INCREMENT=34;

--
-- AUTO_INCREMENT for table `referrals`
--
ALTER TABLE `referrals`
  MODIFY `id` bigint(20) UNSIGNED NOT NULL AUTO_INCREMENT;

--
-- AUTO_INCREMENT for table `refund_requests`
--
ALTER TABLE `refund_requests`
  MODIFY `id` bigint(20) UNSIGNED NOT NULL AUTO_INCREMENT;

--
-- AUTO_INCREMENT for table `reviews`
--
ALTER TABLE `reviews`
  MODIFY `id` bigint(20) UNSIGNED NOT NULL AUTO_INCREMENT;

--
-- AUTO_INCREMENT for table `roles`
--
ALTER TABLE `roles`
  MODIFY `id` bigint(20) UNSIGNED NOT NULL AUTO_INCREMENT, AUTO_INCREMENT=11;

--
-- AUTO_INCREMENT for table `section_settings`
--
ALTER TABLE `section_settings`
  MODIFY `id` bigint(20) UNSIGNED NOT NULL AUTO_INCREMENT, AUTO_INCREMENT=9;

--
-- AUTO_INCREMENT for table `seo_metas`
--
ALTER TABLE `seo_metas`
  MODIFY `id` bigint(20) UNSIGNED NOT NULL AUTO_INCREMENT, AUTO_INCREMENT=319;

--
-- AUTO_INCREMENT for table `shippings`
--
ALTER TABLE `shippings`
  MODIFY `id` bigint(20) UNSIGNED NOT NULL AUTO_INCREMENT;

--
-- AUTO_INCREMENT for table `shipping_rates`
--
ALTER TABLE `shipping_rates`
  MODIFY `id` bigint(20) UNSIGNED NOT NULL AUTO_INCREMENT;

--
-- AUTO_INCREMENT for table `shipping_zones`
--
ALTER TABLE `shipping_zones`
  MODIFY `id` bigint(20) UNSIGNED NOT NULL AUTO_INCREMENT;

--
-- AUTO_INCREMENT for table `site_settings`
--
ALTER TABLE `site_settings`
  MODIFY `id` bigint(20) UNSIGNED NOT NULL AUTO_INCREMENT, AUTO_INCREMENT=2;

--
-- AUTO_INCREMENT for table `sku_counters`
--
ALTER TABLE `sku_counters`
  MODIFY `id` bigint(20) UNSIGNED NOT NULL AUTO_INCREMENT, AUTO_INCREMENT=2;

--
-- AUTO_INCREMENT for table `sliders`
--
ALTER TABLE `sliders`
  MODIFY `id` bigint(20) UNSIGNED NOT NULL AUTO_INCREMENT, AUTO_INCREMENT=4;

--
-- AUTO_INCREMENT for table `support_replies`
--
ALTER TABLE `support_replies`
  MODIFY `id` bigint(20) UNSIGNED NOT NULL AUTO_INCREMENT, AUTO_INCREMENT=3;

--
-- AUTO_INCREMENT for table `support_tickets`
--
ALTER TABLE `support_tickets`
  MODIFY `id` bigint(20) UNSIGNED NOT NULL AUTO_INCREMENT, AUTO_INCREMENT=5;

--
-- AUTO_INCREMENT for table `user_addresses`
--
ALTER TABLE `user_addresses`
  MODIFY `id` bigint(20) UNSIGNED NOT NULL AUTO_INCREMENT, AUTO_INCREMENT=4;

--
-- AUTO_INCREMENT for table `vendors`
--
ALTER TABLE `vendors`
  MODIFY `id` bigint(20) UNSIGNED NOT NULL AUTO_INCREMENT, AUTO_INCREMENT=2;

--
-- AUTO_INCREMENT for table `vendor_sliders`
--
ALTER TABLE `vendor_sliders`
  MODIFY `id` bigint(20) UNSIGNED NOT NULL AUTO_INCREMENT, AUTO_INCREMENT=4;

--
-- AUTO_INCREMENT for table `wallets`
--
ALTER TABLE `wallets`
  MODIFY `id` bigint(20) UNSIGNED NOT NULL AUTO_INCREMENT, AUTO_INCREMENT=4;

--
-- AUTO_INCREMENT for table `wallet_transactions`
--
ALTER TABLE `wallet_transactions`
  MODIFY `id` bigint(20) UNSIGNED NOT NULL AUTO_INCREMENT, AUTO_INCREMENT=3;

--
-- AUTO_INCREMENT for table `wishlists`
--
ALTER TABLE `wishlists`
  MODIFY `id` bigint(20) UNSIGNED NOT NULL AUTO_INCREMENT, AUTO_INCREMENT=30;

--
-- Constraints for dumped tables
--

--
-- Constraints for table `activity_logs`
--
ALTER TABLE `activity_logs`
  ADD CONSTRAINT `activity_logs_user_id_foreign` FOREIGN KEY (`user_id`) REFERENCES `users` (`id`) ON DELETE SET NULL;

--
-- Constraints for table `backup_code_logs`
--
ALTER TABLE `backup_code_logs`
  ADD CONSTRAINT `backup_code_logs_user_id_foreign` FOREIGN KEY (`user_id`) REFERENCES `users` (`id`) ON DELETE CASCADE;

--
-- Constraints for table `calls`
--
ALTER TABLE `calls`
  ADD CONSTRAINT `calls_caller_id_foreign` FOREIGN KEY (`caller_id`) REFERENCES `users` (`id`) ON DELETE CASCADE,
  ADD CONSTRAINT `calls_conversation_id_foreign` FOREIGN KEY (`conversation_id`) REFERENCES `conversations` (`id`) ON DELETE CASCADE,
  ADD CONSTRAINT `calls_receiver_id_foreign` FOREIGN KEY (`receiver_id`) REFERENCES `users` (`id`) ON DELETE CASCADE;

--
-- Constraints for table `call_logs`
--
ALTER TABLE `call_logs`
  ADD CONSTRAINT `call_logs_caller_id_foreign` FOREIGN KEY (`caller_id`) REFERENCES `users` (`id`) ON DELETE CASCADE,
  ADD CONSTRAINT `call_logs_receiver_id_foreign` FOREIGN KEY (`receiver_id`) REFERENCES `users` (`id`) ON DELETE CASCADE;

--
-- Constraints for table `carts`
--
ALTER TABLE `carts`
  ADD CONSTRAINT `carts_product_id_foreign` FOREIGN KEY (`product_id`) REFERENCES `products` (`id`) ON DELETE CASCADE,
  ADD CONSTRAINT `carts_user_id_foreign` FOREIGN KEY (`user_id`) REFERENCES `users` (`id`) ON DELETE CASCADE,
  ADD CONSTRAINT `carts_variant_id_foreign` FOREIGN KEY (`variant_id`) REFERENCES `product_variants` (`id`) ON DELETE CASCADE;

--
-- Constraints for table `categories`
--
ALTER TABLE `categories`
  ADD CONSTRAINT `categories_parent_id_foreign` FOREIGN KEY (`parent_id`) REFERENCES `categories` (`id`) ON DELETE CASCADE;

--
-- Constraints for table `chat_audit_logs`
--
ALTER TABLE `chat_audit_logs`
  ADD CONSTRAINT `chat_audit_logs_admin_id_foreign` FOREIGN KEY (`admin_id`) REFERENCES `users` (`id`) ON DELETE SET NULL;

--
-- Constraints for table `chat_conversations`
--
ALTER TABLE `chat_conversations`
  ADD CONSTRAINT `chat_conversations_user_one_id_foreign` FOREIGN KEY (`user_one_id`) REFERENCES `users` (`id`) ON DELETE CASCADE,
  ADD CONSTRAINT `chat_conversations_user_two_id_foreign` FOREIGN KEY (`user_two_id`) REFERENCES `users` (`id`) ON DELETE CASCADE;

--
-- Constraints for table `chat_messages`
--
ALTER TABLE `chat_messages`
  ADD CONSTRAINT `chat_messages_conversation_id_foreign` FOREIGN KEY (`conversation_id`) REFERENCES `chat_conversations` (`id`) ON DELETE CASCADE,
  ADD CONSTRAINT `chat_messages_sender_id_foreign` FOREIGN KEY (`sender_id`) REFERENCES `users` (`id`) ON DELETE CASCADE;

--
-- Constraints for table `chat_password_requests`
--
ALTER TABLE `chat_password_requests`
  ADD CONSTRAINT `chat_password_requests_handled_by_admin_foreign` FOREIGN KEY (`handled_by_admin`) REFERENCES `users` (`id`) ON DELETE SET NULL,
  ADD CONSTRAINT `chat_password_requests_user_id_foreign` FOREIGN KEY (`user_id`) REFERENCES `users` (`id`) ON DELETE CASCADE;

--
-- Constraints for table `coupons`
--
ALTER TABLE `coupons`
  ADD CONSTRAINT `coupons_vendor_id_foreign` FOREIGN KEY (`vendor_id`) REFERENCES `vendors` (`id`) ON DELETE CASCADE;

--
-- Constraints for table `messages`
--
ALTER TABLE `messages`
  ADD CONSTRAINT `messages_conversation_id_foreign` FOREIGN KEY (`conversation_id`) REFERENCES `conversations` (`id`) ON DELETE CASCADE,
  ADD CONSTRAINT `messages_sender_id_foreign` FOREIGN KEY (`sender_id`) REFERENCES `users` (`id`) ON DELETE CASCADE;

--
-- Constraints for table `model_has_permissions`
--
ALTER TABLE `model_has_permissions`
  ADD CONSTRAINT `model_has_permissions_permission_id_foreign` FOREIGN KEY (`permission_id`) REFERENCES `permissions` (`id`) ON DELETE CASCADE;

--
-- Constraints for table `model_has_roles`
--
ALTER TABLE `model_has_roles`
  ADD CONSTRAINT `model_has_roles_role_id_foreign` FOREIGN KEY (`role_id`) REFERENCES `roles` (`id`) ON DELETE CASCADE;

--
-- Constraints for table `orders`
--
ALTER TABLE `orders`
  ADD CONSTRAINT `orders_user_id_foreign` FOREIGN KEY (`user_id`) REFERENCES `users` (`id`) ON DELETE CASCADE,
  ADD CONSTRAINT `orders_vendor_id_foreign` FOREIGN KEY (`vendor_id`) REFERENCES `vendors` (`id`) ON DELETE CASCADE;

--
-- Constraints for table `order_items`
--
ALTER TABLE `order_items`
  ADD CONSTRAINT `order_items_order_id_foreign` FOREIGN KEY (`order_id`) REFERENCES `orders` (`id`) ON DELETE CASCADE,
  ADD CONSTRAINT `order_items_product_id_foreign` FOREIGN KEY (`product_id`) REFERENCES `products` (`id`) ON DELETE CASCADE,
  ADD CONSTRAINT `order_items_vendor_id_foreign` FOREIGN KEY (`vendor_id`) REFERENCES `vendors` (`id`) ON DELETE CASCADE;

--
-- Constraints for table `order_trackings`
--
ALTER TABLE `order_trackings`
  ADD CONSTRAINT `order_trackings_order_id_foreign` FOREIGN KEY (`order_id`) REFERENCES `orders` (`id`) ON DELETE CASCADE;

--
-- Constraints for table `payments`
--
ALTER TABLE `payments`
  ADD CONSTRAINT `payments_order_id_foreign` FOREIGN KEY (`order_id`) REFERENCES `orders` (`id`) ON DELETE CASCADE;

--
-- Constraints for table `payouts`
--
ALTER TABLE `payouts`
  ADD CONSTRAINT `payouts_vendor_id_foreign` FOREIGN KEY (`vendor_id`) REFERENCES `vendors` (`id`) ON DELETE CASCADE;

--
-- Constraints for table `products`
--
ALTER TABLE `products`
  ADD CONSTRAINT `products_brand_id_foreign` FOREIGN KEY (`brand_id`) REFERENCES `brands` (`id`) ON DELETE SET NULL,
  ADD CONSTRAINT `products_category_id_foreign` FOREIGN KEY (`category_id`) REFERENCES `categories` (`id`) ON DELETE CASCADE;

--
-- Constraints for table `product_galleries`
--
ALTER TABLE `product_galleries`
  ADD CONSTRAINT `product_galleries_product_id_foreign` FOREIGN KEY (`product_id`) REFERENCES `products` (`id`) ON DELETE CASCADE;

--
-- Constraints for table `product_updates`
--
ALTER TABLE `product_updates`
  ADD CONSTRAINT `product_updates_product_id_foreign` FOREIGN KEY (`product_id`) REFERENCES `products` (`id`) ON DELETE CASCADE,
  ADD CONSTRAINT `product_updates_vendor_id_foreign` FOREIGN KEY (`vendor_id`) REFERENCES `vendors` (`id`) ON DELETE CASCADE;

--
-- Constraints for table `product_variants`
--
ALTER TABLE `product_variants`
  ADD CONSTRAINT `product_variants_product_id_foreign` FOREIGN KEY (`product_id`) REFERENCES `products` (`id`) ON DELETE CASCADE;

--
-- Constraints for table `recently_vieweds`
--
ALTER TABLE `recently_vieweds`
  ADD CONSTRAINT `recently_vieweds_product_id_foreign` FOREIGN KEY (`product_id`) REFERENCES `products` (`id`) ON DELETE CASCADE,
  ADD CONSTRAINT `recently_vieweds_user_id_foreign` FOREIGN KEY (`user_id`) REFERENCES `users` (`id`) ON DELETE CASCADE;

--
-- Constraints for table `referrals`
--
ALTER TABLE `referrals`
  ADD CONSTRAINT `referrals_referred_user_id_foreign` FOREIGN KEY (`referred_user_id`) REFERENCES `users` (`id`) ON DELETE CASCADE,
  ADD CONSTRAINT `referrals_referrer_id_foreign` FOREIGN KEY (`referrer_id`) REFERENCES `users` (`id`) ON DELETE CASCADE;

--
-- Constraints for table `refund_requests`
--
ALTER TABLE `refund_requests`
  ADD CONSTRAINT `refund_requests_order_id_foreign` FOREIGN KEY (`order_id`) REFERENCES `orders` (`id`) ON DELETE CASCADE,
  ADD CONSTRAINT `refund_requests_user_id_foreign` FOREIGN KEY (`user_id`) REFERENCES `users` (`id`) ON DELETE CASCADE;

--
-- Constraints for table `reviews`
--
ALTER TABLE `reviews`
  ADD CONSTRAINT `reviews_product_id_foreign` FOREIGN KEY (`product_id`) REFERENCES `products` (`id`) ON DELETE CASCADE,
  ADD CONSTRAINT `reviews_user_id_foreign` FOREIGN KEY (`user_id`) REFERENCES `users` (`id`) ON DELETE CASCADE,
  ADD CONSTRAINT `reviews_vendor_id_foreign` FOREIGN KEY (`vendor_id`) REFERENCES `vendors` (`id`) ON DELETE CASCADE;

--
-- Constraints for table `role_has_permissions`
--
ALTER TABLE `role_has_permissions`
  ADD CONSTRAINT `role_has_permissions_permission_id_foreign` FOREIGN KEY (`permission_id`) REFERENCES `permissions` (`id`) ON DELETE CASCADE,
  ADD CONSTRAINT `role_has_permissions_role_id_foreign` FOREIGN KEY (`role_id`) REFERENCES `roles` (`id`) ON DELETE CASCADE;

--
-- Constraints for table `shippings`
--
ALTER TABLE `shippings`
  ADD CONSTRAINT `shippings_order_id_foreign` FOREIGN KEY (`order_id`) REFERENCES `orders` (`id`) ON DELETE CASCADE;

--
-- Constraints for table `shipping_rates`
--
ALTER TABLE `shipping_rates`
  ADD CONSTRAINT `shipping_rates_shipping_zone_id_foreign` FOREIGN KEY (`shipping_zone_id`) REFERENCES `shipping_zones` (`id`) ON DELETE CASCADE;

--
-- Constraints for table `support_replies`
--
ALTER TABLE `support_replies`
  ADD CONSTRAINT `support_replies_support_ticket_id_foreign` FOREIGN KEY (`support_ticket_id`) REFERENCES `support_tickets` (`id`) ON DELETE CASCADE,
  ADD CONSTRAINT `support_replies_user_id_foreign` FOREIGN KEY (`user_id`) REFERENCES `users` (`id`) ON DELETE CASCADE;

--
-- Constraints for table `support_tickets`
--
ALTER TABLE `support_tickets`
  ADD CONSTRAINT `support_tickets_user_id_foreign` FOREIGN KEY (`user_id`) REFERENCES `users` (`id`) ON DELETE CASCADE;

--
-- Constraints for table `user_addresses`
--
ALTER TABLE `user_addresses`
  ADD CONSTRAINT `user_addresses_user_id_foreign` FOREIGN KEY (`user_id`) REFERENCES `users` (`id`) ON DELETE CASCADE;

--
-- Constraints for table `vendors`
--
ALTER TABLE `vendors`
  ADD CONSTRAINT `vendors_user_id_foreign` FOREIGN KEY (`user_id`) REFERENCES `users` (`id`) ON DELETE CASCADE;

--
-- Constraints for table `vendor_sliders`
--
ALTER TABLE `vendor_sliders`
  ADD CONSTRAINT `vendor_sliders_vendor_id_foreign` FOREIGN KEY (`vendor_id`) REFERENCES `vendors` (`id`) ON DELETE CASCADE;

--
-- Constraints for table `wallets`
--
ALTER TABLE `wallets`
  ADD CONSTRAINT `wallets_user_id_foreign` FOREIGN KEY (`user_id`) REFERENCES `users` (`id`) ON DELETE CASCADE;

--
-- Constraints for table `wallet_transactions`
--
ALTER TABLE `wallet_transactions`
  ADD CONSTRAINT `wallet_transactions_user_id_foreign` FOREIGN KEY (`user_id`) REFERENCES `users` (`id`) ON DELETE CASCADE,
  ADD CONSTRAINT `wallet_transactions_wallet_id_foreign` FOREIGN KEY (`wallet_id`) REFERENCES `wallets` (`id`) ON DELETE CASCADE;

--
-- Constraints for table `wishlists`
--
ALTER TABLE `wishlists`
  ADD CONSTRAINT `wishlists_product_id_foreign` FOREIGN KEY (`product_id`) REFERENCES `products` (`id`) ON DELETE CASCADE,
  ADD CONSTRAINT `wishlists_user_id_foreign` FOREIGN KEY (`user_id`) REFERENCES `users` (`id`) ON DELETE CASCADE;
COMMIT;

